{"id":3839,"date":"2018-10-30T16:01:45","date_gmt":"2018-10-30T19:01:45","guid":{"rendered":"https:\/\/wp.ufpel.edu.br\/ppgs\/?page_id=3839"},"modified":"2018-11-12T17:04:55","modified_gmt":"2018-11-12T19:04:55","slug":"palestra-a-justica-e-os-feminicidios-em-pelotas-rs-um-estudo-sobre-classe-raca-e-genero-nesses-crimes","status":"publish","type":"page","link":"https:\/\/wp.ufpel.edu.br\/ppgs\/eventos\/eventos-2018\/palestra-a-justica-e-os-feminicidios-em-pelotas-rs-um-estudo-sobre-classe-raca-e-genero-nesses-crimes\/","title":{"rendered":"Palestra &#8211; &#8220;A justi\u00e7a e os feminic\u00eddios em Pelotas\/RS: um estudo sobre classe, ra\u00e7a e g\u00eanero nesses crimes&#8221;"},"content":{"rendered":"<p><a href=\"https:\/\/i0.wp.com\/wp.ufpel.edu.br\/ppgs\/files\/2018\/10\/img-nucleo.jpg?ssl=1\"><img data-recalc-dims=\"1\" data-attachment-id=\"3841\" data-permalink=\"https:\/\/wp.ufpel.edu.br\/ppgs\/eventos\/eventos-2018\/palestra-a-justica-e-os-feminicidios-em-pelotas-rs-um-estudo-sobre-classe-raca-e-genero-nesses-crimes\/img-nucleo\/\" data-orig-file=\"https:\/\/i0.wp.com\/wp.ufpel.edu.br\/ppgs\/files\/2018\/10\/img-nucleo.jpg?fit=556%2C405&amp;ssl=1\" data-orig-size=\"556,405\" data-comments-opened=\"0\" data-image-meta=\"{&quot;aperture&quot;:&quot;0&quot;,&quot;credit&quot;:&quot;&quot;,&quot;camera&quot;:&quot;&quot;,&quot;caption&quot;:&quot;&quot;,&quot;created_timestamp&quot;:&quot;0&quot;,&quot;copyright&quot;:&quot;&quot;,&quot;focal_length&quot;:&quot;0&quot;,&quot;iso&quot;:&quot;0&quot;,&quot;shutter_speed&quot;:&quot;0&quot;,&quot;title&quot;:&quot;&quot;,&quot;orientation&quot;:&quot;0&quot;}\" data-image-title=\"img nucleo\" data-image-description=\"\" data-image-caption=\"\" data-medium-file=\"https:\/\/i0.wp.com\/wp.ufpel.edu.br\/ppgs\/files\/2018\/10\/img-nucleo.jpg?fit=400%2C291&amp;ssl=1\" data-large-file=\"https:\/\/i0.wp.com\/wp.ufpel.edu.br\/ppgs\/files\/2018\/10\/img-nucleo.jpg?fit=556%2C405&amp;ssl=1\" class=\"wp-image-3841 size-medium alignleft\" src=\"https:\/\/i0.wp.com\/wp.ufpel.edu.br\/ppgs\/files\/2018\/10\/img-nucleo.jpg?resize=400%2C291&#038;ssl=1\" alt=\"\" width=\"400\" height=\"291\" srcset=\"https:\/\/i0.wp.com\/wp.ufpel.edu.br\/ppgs\/files\/2018\/10\/img-nucleo.jpg?resize=400%2C291&amp;ssl=1 400w, https:\/\/i0.wp.com\/wp.ufpel.edu.br\/ppgs\/files\/2018\/10\/img-nucleo.jpg?w=556&amp;ssl=1 556w\" sizes=\"(max-width: 400px) 100vw, 400px\" \/><\/a><\/p>\n<p>&nbsp;<\/p>\n<p>&nbsp;<\/p>\n<p>&nbsp;<\/p>\n<p>&nbsp;<\/p>\n<p>&nbsp;<\/p>\n<p>&nbsp;<\/p>\n<p>&nbsp;<\/p>\n<p>&nbsp;<\/p>\n<p>O N\u00facleo de Pesquisa Interseccionalidades do PPGS\/UFPel convida a comunidade acad\u00eamica e demais interessados para um momento de reflex\u00e3o quanto ao olhar dirigido \u00e0s mulheres v\u00edtimas de assassinato na perspectiva conduzida pela disserta\u00e7\u00e3o &#8220;A justi\u00e7a e os feminic\u00eddios em Pelotas\/RS: um estudo sobre classe, ra\u00e7a e g\u00eanero nesses crimes&#8221;, de autoria de Carolina Freitas de Oliveira Silva, discente egressa do PPG.<\/p>\n<p>A discuss\u00e3o ser\u00e1 pautada pela leitura da parte inicial desse texto, dispon\u00edvel no seguinte link:<br \/>\n<a href=\"https:\/\/drive.google.com\/file\/d\/1w_EmVrpyZj_kpaIqy7gTWZolSQDNpHc7\/view?usp=drivesdk&amp;fbclid=IwAR2ucMPu5TfHKAkppkJ57gjEdhYEYKHQeJo-419mCJ0WQ8XfFz-mKqT9gjI\" target=\"_blank\" rel=\"nofollow noopener\">https:\/\/drive.google.com\/file\/d\/1w_EmVrpyZj_kpaIqy7gTWZolSQDNpHc7\/view?usp=drivesdk<\/a><\/p>\n<p><strong>Data<\/strong>: 31 de outubro de 2018<\/p>\n<p><strong>Hor\u00e1rio:<\/strong>\u00a0\u00e0s 17hs00min<\/p>\n<p><strong>Local<\/strong>: sala 315, no pr\u00e9dio do IFISP (Rua Coronel Alberto Rosa, n\u00ba 154)<\/p>\n<p>&nbsp;<\/p>\n","protected":false},"excerpt":{"rendered":"<p>&nbsp; &nbsp; &nbsp; &nbsp; &nbsp; &nbsp; &nbsp; &nbsp; O N\u00facleo de Pesquisa Interseccionalidades do PPGS\/UFPel convida a comunidade acad\u00eamica e demais interessados para um momento de reflex\u00e3o quanto ao olhar dirigido \u00e0s mulheres v\u00edtimas de assassinato na perspectiva conduzida pela disserta\u00e7\u00e3o &#8220;A justi\u00e7a e os feminic\u00eddios em Pelotas\/RS: um estudo sobre classe, ra\u00e7a e g\u00eanero [&hellip;]<\/p>\n","protected":false},"author":396,"featured_media":0,"parent":3200,"menu_order":0,"comment_status":"closed","ping_status":"closed","template":"","meta":{"jetpack_post_was_ever_published":false,"footnotes":""},"class_list":["post-3839","page","type-page","status-publish","hentry"],"jetpack_sharing_enabled":true,"jetpack_shortlink":"https:\/\/wp.me\/P9dZ0f-ZV","jetpack_likes_enabled":true,"jetpack-related-posts":[],"_links":{"self":[{"href":"https:\/\/wp.ufpel.edu.br\/ppgs\/wp-json\/wp\/v2\/pages\/3839","targetHints":{"allow":["GET"]}}],"collection":[{"href":"https:\/\/wp.ufpel.edu.br\/ppgs\/wp-json\/wp\/v2\/pages"}],"about":[{"href":"https:\/\/wp.ufpel.edu.br\/ppgs\/wp-json\/wp\/v2\/types\/page"}],"author":[{"embeddable":true,"href":"https:\/\/wp.ufpel.edu.br\/ppgs\/wp-json\/wp\/v2\/users\/396"}],"replies":[{"embeddable":true,"href":"https:\/\/wp.ufpel.edu.br\/ppgs\/wp-json\/wp\/v2\/comments?post=3839"}],"version-history":[{"count":2,"href":"https:\/\/wp.ufpel.edu.br\/ppgs\/wp-json\/wp\/v2\/pages\/3839\/revisions"}],"predecessor-version":[{"id":3900,"href":"https:\/\/wp.ufpel.edu.br\/ppgs\/wp-json\/wp\/v2\/pages\/3839\/revisions\/3900"}],"up":[{"embeddable":true,"href":"https:\/\/wp.ufpel.edu.br\/ppgs\/wp-json\/wp\/v2\/pages\/3200"}],"wp:attachment":[{"href":"https:\/\/wp.ufpel.edu.br\/ppgs\/wp-json\/wp\/v2\/media?parent=3839"}],"curies":[{"name":"wp","href":"https:\/\/api.w.org\/{rel}","templated":true}]}}