{"id":3801,"date":"2018-10-08T17:27:13","date_gmt":"2018-10-08T20:27:13","guid":{"rendered":"https:\/\/wp.ufpel.edu.br\/ppgs\/?page_id=3801"},"modified":"2025-10-23T11:06:58","modified_gmt":"2025-10-23T14:06:58","slug":"mestrado-2","status":"publish","type":"page","link":"https:\/\/wp.ufpel.edu.br\/ppgs\/mestrado\/mestrado-2\/","title":{"rendered":"Turmas atuais do Mestrado"},"content":{"rendered":"<p>Corpo discente do Mestrado do Programa de P\u00f3s-Gradua\u00e7\u00e3o em Sociologia da Universidade Federal de Pelotas (PPGS\/UFPel):<\/p>\n<p><strong>TURMA 2025<\/strong><\/p>\n<p><a href=\"http:\/\/lattes.cnpq.br\/7091497787341333\" target=\"_blank\" rel=\"noopener\">Artem\u00edsia Vulgaris Antunes Dewes<\/a><\/p>\n<p><a href=\"http:\/\/lattes.cnpq.br\/8125964089427513\" target=\"_blank\" rel=\"noopener\">Hanica Diniz Pereira<\/a><\/p>\n<p><a href=\"https:\/\/lattes.cnpq.br\/8823701223711719\" target=\"_blank\" rel=\"noopener\">Hellen Armao Correa<\/a><\/p>\n<p><a href=\"http:\/\/lattes.cnpq.br\/6756951209556437\" target=\"_blank\" rel=\"noopener\">Isabella Maria Martins de Amorim<\/a><\/p>\n<p><a href=\"http:\/\/lattes.cnpq.br\/1629164984073569\" target=\"_blank\" rel=\"noopener\">Kai Marques Ferreira<\/a><\/p>\n<p><a href=\"http:\/\/lattes.cnpq.br\/0832432496865619\" target=\"_blank\" rel=\"noopener\">Karla Caetano Ferreira<\/a><\/p>\n<p><a href=\"https:\/\/lattes.cnpq.br\/1020935025596539\" target=\"_blank\" rel=\"noopener\">Pedro Henrique Guatura Darlan<\/a><\/p>\n<p><a href=\"http:\/\/lattes.cnpq.br\/4790094989947306\" target=\"_blank\" rel=\"noopener\">Rafaela Garcia Gimenes<\/a><\/p>\n<p><a href=\"http:\/\/lattes.cnpq.br\/7652830330675380\" target=\"_blank\" rel=\"noopener\">Raquel Peres Mac\u00eado<\/a><\/p>\n<p>&nbsp;<\/p>\n<p><b><u>INTERC\u00c2MBIO:<\/u><\/b><\/p>\n<p>Yao Ran<\/p>\n<p>Wang Lei<\/p>\n<p>&nbsp;<\/p>\n<p><strong>TURMA 2024<\/strong><\/p>\n<p><a href=\"http:\/\/lattes.cnpq.br\/5270278922977607\">Arleson Renato Luz Costa<\/a><\/p>\n<p><a href=\"http:\/\/lattes.cnpq.br\/3995268763135449\">Catharina Lauterbach Amorim<\/a><\/p>\n<p><a href=\"http:\/\/lattes.cnpq.br\/5371403297704420\">Cristiane Cardoso Guidotti<\/a><\/p>\n<p><a href=\"http:\/\/lattes.cnpq.br\/0179972739281601\">Jesus Adriani Leal Orestes<\/a><\/p>\n<p><a href=\"http:\/\/lattes.cnpq.br\/8432047842163785\">Johan Fonseca Lose<\/a><\/p>\n<p><a href=\"http:\/\/lattes.cnpq.br\/3412693353490585\">Murilo Lima Brum<\/a><\/p>\n<p><a href=\"http:\/\/lattes.cnpq.br\/6349194810468636\">Newton Soares Mota<\/a><\/p>\n<p><a href=\"http:\/\/lattes.cnpq.br\/8721869210737760\">Paola Marlen Chaves Gon\u00e7alves<\/a><\/p>\n<p><a href=\"http:\/\/lattes.cnpq.br\/3873383247910370\">Roberta do Pr\u00e1 Alano<\/a><\/p>\n<p>&nbsp;<\/p>\n<p><b><u>INTERC\u00c2MBIO:<\/u><\/b><\/p>\n<p>Wang Ting<\/p>\n<p>&nbsp;<\/p>\n<p>&nbsp;<\/p>\n","protected":false},"excerpt":{"rendered":"<p>Corpo discente do Mestrado do Programa de P\u00f3s-Gradua\u00e7\u00e3o em Sociologia da Universidade Federal de Pelotas (PPGS\/UFPel): TURMA 2025 Artem\u00edsia Vulgaris Antunes Dewes Hanica Diniz Pereira Hellen Armao Correa Isabella Maria Martins de Amorim Kai Marques Ferreira Karla Caetano Ferreira Pedro Henrique Guatura Darlan Rafaela Garcia Gimenes Raquel Peres Mac\u00eado &nbsp; INTERC\u00c2MBIO: Yao Ran Wang Lei [&hellip;]<\/p>\n","protected":false},"author":396,"featured_media":0,"parent":3855,"menu_order":0,"comment_status":"closed","ping_status":"closed","template":"","meta":{"jetpack_post_was_ever_published":false,"footnotes":""},"class_list":["post-3801","page","type-page","status-publish","hentry"],"jetpack_sharing_enabled":true,"jetpack_shortlink":"https:\/\/wp.me\/P9dZ0f-Zj","jetpack_likes_enabled":true,"jetpack-related-posts":[],"_links":{"self":[{"href":"https:\/\/wp.ufpel.edu.br\/ppgs\/wp-json\/wp\/v2\/pages\/3801","targetHints":{"allow":["GET"]}}],"collection":[{"href":"https:\/\/wp.ufpel.edu.br\/ppgs\/wp-json\/wp\/v2\/pages"}],"about":[{"href":"https:\/\/wp.ufpel.edu.br\/ppgs\/wp-json\/wp\/v2\/types\/page"}],"author":[{"embeddable":true,"href":"https:\/\/wp.ufpel.edu.br\/ppgs\/wp-json\/wp\/v2\/users\/396"}],"replies":[{"embeddable":true,"href":"https:\/\/wp.ufpel.edu.br\/ppgs\/wp-json\/wp\/v2\/comments?post=3801"}],"version-history":[{"count":4,"href":"https:\/\/wp.ufpel.edu.br\/ppgs\/wp-json\/wp\/v2\/pages\/3801\/revisions"}],"predecessor-version":[{"id":10466,"href":"https:\/\/wp.ufpel.edu.br\/ppgs\/wp-json\/wp\/v2\/pages\/3801\/revisions\/10466"}],"up":[{"embeddable":true,"href":"https:\/\/wp.ufpel.edu.br\/ppgs\/wp-json\/wp\/v2\/pages\/3855"}],"wp:attachment":[{"href":"https:\/\/wp.ufpel.edu.br\/ppgs\/wp-json\/wp\/v2\/media?parent=3801"}],"curies":[{"name":"wp","href":"https:\/\/api.w.org\/{rel}","templated":true}]}}