{"id":3740,"date":"2018-09-13T15:40:49","date_gmt":"2018-09-13T18:40:49","guid":{"rendered":"https:\/\/wp.ufpel.edu.br\/ppgs\/?page_id=3740"},"modified":"2019-02-18T16:14:19","modified_gmt":"2019-02-18T19:14:19","slug":"minicurso-interdisciplinaridade-e-ciencias-ambientais-aportes-epistemologico-teorico-e-empirico","status":"publish","type":"page","link":"https:\/\/wp.ufpel.edu.br\/ppgs\/eventos\/eventos-2018\/minicurso-interdisciplinaridade-e-ciencias-ambientais-aportes-epistemologico-teorico-e-empirico\/","title":{"rendered":"Minicurso \u201cInterdisciplinaridade e ci\u00eancias ambientais: aportes epistemol\u00f3gico, te\u00f3rico e emp\u00edrico\u201d"},"content":{"rendered":"<p>O Programa de P\u00f3s-Gradua\u00e7\u00e3o em Sociologia, da Universidade Federal de Pelotas (PPGS\/UFPel), convida a comunidade acad\u00eamica e demais interessados para o minicurso \u201cInterdisciplinaridade e ci\u00eancias ambientais: aportes epistemol\u00f3gico, te\u00f3rico e emp\u00edrico\u201d, ministrado pela Profa. Dra. Camila Dellagnese Prates (PPGS\/UFPel) e pelo Prof. Doutorando Gabriel Bandeira Coelho (PPGS\/UFRGS).<\/p>\n<p>O minicurso integra a programa\u00e7\u00e3o do II Encontro Internacional de Pesquisa em Ci\u00eancias Humanas (EIPCH). As incri\u00e7\u00f5es para ouvintes est\u00e3o dispon\u00edveis\u00a0<a href=\"https:\/\/2018eipch.wixsite.com\/iieipch\/copia-ouvintes-minicursos-e-oficina\"><strong>neste link<\/strong><\/a>.<\/p>\n<p><strong>Data<\/strong>: 05 de setembro de 2018<\/p>\n<p><strong>Hor\u00e1rio<\/strong>: das 15:00 \u00e0s 18:00hs<\/p>\n<p><strong>Local<\/strong>: Miniaudit\u00f3rio 1 (CEHUS\/UFPel), em frente ao ICH (Rua Coronel Alberto Rosa, n\u00ba 154)<\/p>\n<p><strong>Ementa<\/strong>: A crise do projeto da ci\u00eancia moderna, sobretudo a partir do s\u00e9culo 20 com a forja de novas perspectivas te\u00f3ricas, como a f\u00edsica qu\u00e2ntica e a teoria da relatividade, dentre outras, despertou, no referido s\u00e9culo, in\u00fameros pressupostos que prop\u00f5em uma ci\u00eancia mais integrativa, de encontro ao paradigma cartesiano disciplinar. Com isso, foi no in\u00edcio dos anos de 1960 que a interdisciplinaridade, enquanto ferramenta \u00e0 compreens\u00e3o e resolu\u00e7\u00e3o de problemas complexos, come\u00e7a a ganhar folego a partir das intera\u00e7\u00f5es entre diversas \u00e1reas do conhecimento cient\u00edfico no Brasil e alhures. Um dos objetos complexos da ci\u00eancia que ganha destaque no debate sobre interdisciplinaridade \u00e9 o ambiente ou a pr\u00f3pria rela\u00e7\u00e3o humanos-natureza. Nesse sentido, as ci\u00eancias ambientais \u2013 coopera\u00e7\u00e3o entre duas ou mais disciplinas em torno do ambiente como objeto de an\u00e1lise \u2013 t\u00eam se mostrado cada vez mais pujante no cen\u00e1rio de pesquisa brasileiro. Este fato \u00e9 evidenciado pelo exponencial crescimento dos Programas de P\u00f3s-Gradua\u00e7\u00e3o Multidisciplinares em Ci\u00eancias Ambientais, fomentados pela CAPES, desde 2011. Ante ao exposto, o presente minicurso visa apresentar a rela\u00e7\u00e3o entre interdisciplinaridade e ci\u00eancias ambientais a atrav\u00e9s de tr\u00eas aportes: o epistemol\u00f3gico, o te\u00f3rico e o emp\u00edrico. Com isso, objetiva-se mostrar, al\u00e9m do debate te\u00f3rico e epistemol\u00f3gico, como v\u00eam sendo desenvolvidas as pesquisas nesta \u00e1rea no Pa\u00eds, especialmente a partir do grupo de pesquisa Tecnologia, Meio Ambiente e Sociedade (TEMAS), da Universidade Federal do Rio Grande do Sul (UFRGS) e dos Programas de P\u00f3s-Gradua\u00e7\u00e3o em Sociologia e Desenvolvimento Rural. Para tanto, far-se-\u00e1 uso da metodologia expositiva para explicar conceitos e categorias, bem como trazer exemplos pr\u00e1ticos de pesquisa que envolvam interdisciplinaridade e ambiente, principalmente os estudos oriundos do TEMAS.<\/p>\n","protected":false},"excerpt":{"rendered":"<p>O Programa de P\u00f3s-Gradua\u00e7\u00e3o em Sociologia, da Universidade Federal de Pelotas (PPGS\/UFPel), convida a comunidade acad\u00eamica e demais interessados para o minicurso \u201cInterdisciplinaridade e ci\u00eancias ambientais: aportes epistemol\u00f3gico, te\u00f3rico e emp\u00edrico\u201d, ministrado pela Profa. Dra. Camila Dellagnese Prates (PPGS\/UFPel) e pelo Prof. Doutorando Gabriel Bandeira Coelho (PPGS\/UFRGS). O minicurso integra a programa\u00e7\u00e3o do II Encontro [&hellip;]<\/p>\n","protected":false},"author":396,"featured_media":0,"parent":3200,"menu_order":0,"comment_status":"closed","ping_status":"closed","template":"","meta":{"jetpack_post_was_ever_published":false,"footnotes":""},"class_list":["post-3740","page","type-page","status-publish","hentry"],"jetpack_sharing_enabled":true,"jetpack_shortlink":"https:\/\/wp.me\/P9dZ0f-Yk","jetpack_likes_enabled":true,"jetpack-related-posts":[],"_links":{"self":[{"href":"https:\/\/wp.ufpel.edu.br\/ppgs\/wp-json\/wp\/v2\/pages\/3740","targetHints":{"allow":["GET"]}}],"collection":[{"href":"https:\/\/wp.ufpel.edu.br\/ppgs\/wp-json\/wp\/v2\/pages"}],"about":[{"href":"https:\/\/wp.ufpel.edu.br\/ppgs\/wp-json\/wp\/v2\/types\/page"}],"author":[{"embeddable":true,"href":"https:\/\/wp.ufpel.edu.br\/ppgs\/wp-json\/wp\/v2\/users\/396"}],"replies":[{"embeddable":true,"href":"https:\/\/wp.ufpel.edu.br\/ppgs\/wp-json\/wp\/v2\/comments?post=3740"}],"version-history":[{"count":1,"href":"https:\/\/wp.ufpel.edu.br\/ppgs\/wp-json\/wp\/v2\/pages\/3740\/revisions"}],"predecessor-version":[{"id":3742,"href":"https:\/\/wp.ufpel.edu.br\/ppgs\/wp-json\/wp\/v2\/pages\/3740\/revisions\/3742"}],"up":[{"embeddable":true,"href":"https:\/\/wp.ufpel.edu.br\/ppgs\/wp-json\/wp\/v2\/pages\/3200"}],"wp:attachment":[{"href":"https:\/\/wp.ufpel.edu.br\/ppgs\/wp-json\/wp\/v2\/media?parent=3740"}],"curies":[{"name":"wp","href":"https:\/\/api.w.org\/{rel}","templated":true}]}}

Minicurso “Interdisciplinaridade e ciências ambientais: aportes epistemológico, teórico e empírico”

<p>O Programa de Pós-Graduação em Sociologia, da Universidade Federal de Pelotas (PPGS/UFPel), convida a comunidade acadêmica e demais interessados para o minicurso “Interdisciplinaridade e ciências ambientais: aportes epistemológico, teórico e empírico”, ministrado pela Profa. Dra. Camila Dellagnese Prates (PPGS/UFPel) e pelo Prof. Doutorando Gabriel Bandeira Coelho (PPGS/UFRGS).</p>
<p>O minicurso integra a programação do II Encontro Internacional de Pesquisa em Ciências Humanas (EIPCH). As incrições para ouvintes estão disponíveis <a href="https://2018eipch.wixsite.com/iieipch/copia-ouvintes-minicursos-e-oficina"><strong>neste link</strong></a>.</p>
<p><strong>Data</strong>: 05 de setembro de 2018</p>
<p><strong>Horário</strong>: das 15:00 às 18:00hs</p>
<p><strong>Local</strong>: Miniauditório 1 (CEHUS/UFPel), em frente ao ICH (Rua Coronel Alberto Rosa, nº 154)</p>
<p><strong>Ementa</strong>: A crise do projeto da ciência moderna, sobretudo a partir do século 20 com a forja de novas perspectivas teóricas, como a física quântica e a teoria da relatividade, dentre outras, despertou, no referido século, inúmeros pressupostos que propõem uma ciência mais integrativa, de encontro ao paradigma cartesiano disciplinar. Com isso, foi no início dos anos de 1960 que a interdisciplinaridade, enquanto ferramenta à compreensão e resolução de problemas complexos, começa a ganhar folego a partir das interações entre diversas áreas do conhecimento científico no Brasil e alhures. Um dos objetos complexos da ciência que ganha destaque no debate sobre interdisciplinaridade é o ambiente ou a própria relação humanos-natureza. Nesse sentido, as ciências ambientais – cooperação entre duas ou mais disciplinas em torno do ambiente como objeto de análise – têm se mostrado cada vez mais pujante no cenário de pesquisa brasileiro. Este fato é evidenciado pelo exponencial crescimento dos Programas de Pós-Graduação Multidisciplinares em Ciências Ambientais, fomentados pela CAPES, desde 2011. Ante ao exposto, o presente minicurso visa apresentar a relação entre interdisciplinaridade e ciências ambientais a através de três aportes: o epistemológico, o teórico e o empírico. Com isso, objetiva-se mostrar, além do debate teórico e epistemológico, como vêm sendo desenvolvidas as pesquisas nesta área no País, especialmente a partir do grupo de pesquisa Tecnologia, Meio Ambiente e Sociedade (TEMAS), da Universidade Federal do Rio Grande do Sul (UFRGS) e dos Programas de Pós-Graduação em Sociologia e Desenvolvimento Rural. Para tanto, far-se-á uso da metodologia expositiva para explicar conceitos e categorias, bem como trazer exemplos práticos de pesquisa que envolvam interdisciplinaridade e ambiente, principalmente os estudos oriundos do TEMAS.</p>

<p>O Programa de Pós-Graduação em Sociologia, da Universidade Federal de Pelotas (PPGS/UFPel), convida a comunidade acadêmica e demais interessados para o minicurso “Interdisciplinaridade e ciências ambientais: aportes epistemológico, teórico e empírico”, ministrado pela Profa. Dra. Camila Dellagnese Prates (PPGS/UFPel) e pelo Prof. Doutorando Gabriel Bandeira Coelho (PPGS/UFRGS). O minicurso integra a programação do II Encontro [&hellip;]</p>
