{"id":3424,"date":"2018-05-18T18:33:24","date_gmt":"2018-05-18T21:33:24","guid":{"rendered":"https:\/\/wp.ufpel.edu.br\/ppgs\/?page_id=3424"},"modified":"2018-05-18T18:34:52","modified_gmt":"2018-05-18T21:34:52","slug":"lancamento-do-livro-carmen-miranda-entre-os-desejos-de-duas-nacoes-cultura-de-massas-performatividade-e-cumplicidade-subversiva","status":"publish","type":"page","link":"https:\/\/wp.ufpel.edu.br\/ppgs\/eventos\/eventos-2018\/lancamento-do-livro-carmen-miranda-entre-os-desejos-de-duas-nacoes-cultura-de-massas-performatividade-e-cumplicidade-subversiva\/","title":{"rendered":"Lan\u00e7amento do livro &#8220;Carmen Miranda entre os desejos de duas na\u00e7\u00f5es: cultura de massas, performatividade e cumplicidade subversiva&#8221;"},"content":{"rendered":"<p>O Programa de P\u00f3s-Gradua\u00e7\u00e3o em Sociologia, da Universidade Federal de Pelotas (PPGS\/UFPel), convida a comunidade acad\u00eamica para o lan\u00e7amento do livro\u00a0&#8220;Carmen Miranda entre os desejos de duas na\u00e7\u00f5es: cultura de massas, performatividade e cumplicidade subversiva&#8221;, de autoria do Prof. Dr.\u00a0Fernando Figueiredo Balieiro.<\/p>\n<p>O evento contar\u00e1 com o debate promovido pelo Prof. Dr.\u00a0<span class=\"m_-6800737328036430339gmail-st\">Guilherme Carvalho da Rosa,\u00a0do Instituto de Artes e Design da Universidade Federal de Pelotas (IAD\/UFPel).<\/span><\/p>\n<p><strong>Data<\/strong>: 13 de junho de 2018<\/p>\n<p><strong>Hor\u00e1rio:<\/strong>\u00a0\u00e0s 19:00h<\/p>\n<p><strong>Local:<\/strong>\u00a0sala 201, no pr\u00e9dio do IFISP \u2013 Rua Coronel Alberto Rosa, n\u00ba 154<\/p>\n<p><a href=\"https:\/\/i0.wp.com\/wp.ufpel.edu.br\/ppgs\/files\/2018\/05\/caaap.png?ssl=1\"><img data-recalc-dims=\"1\" data-attachment-id=\"3431\" data-permalink=\"https:\/\/wp.ufpel.edu.br\/ppgs\/2018\/05\/18\/lancamento-do-livro-carmen-miranda-entre-os-desejos-de-duas-nacoes-cultura-de-massas-performatividade-e-cumplicidade-subversiva\/caaap\/\" data-orig-file=\"https:\/\/i0.wp.com\/wp.ufpel.edu.br\/ppgs\/files\/2018\/05\/caaap.png?fit=1133%2C855&amp;ssl=1\" data-orig-size=\"1133,855\" data-comments-opened=\"0\" data-image-meta=\"{&quot;aperture&quot;:&quot;0&quot;,&quot;credit&quot;:&quot;&quot;,&quot;camera&quot;:&quot;&quot;,&quot;caption&quot;:&quot;&quot;,&quot;created_timestamp&quot;:&quot;0&quot;,&quot;copyright&quot;:&quot;&quot;,&quot;focal_length&quot;:&quot;0&quot;,&quot;iso&quot;:&quot;0&quot;,&quot;shutter_speed&quot;:&quot;0&quot;,&quot;title&quot;:&quot;&quot;,&quot;orientation&quot;:&quot;0&quot;}\" data-image-title=\"caaap\" data-image-description=\"\" data-image-caption=\"\" data-medium-file=\"https:\/\/i0.wp.com\/wp.ufpel.edu.br\/ppgs\/files\/2018\/05\/caaap.png?fit=400%2C302&amp;ssl=1\" data-large-file=\"https:\/\/i0.wp.com\/wp.ufpel.edu.br\/ppgs\/files\/2018\/05\/caaap.png?fit=1024%2C773&amp;ssl=1\" class=\"alignleft wp-image-3431 size-medium\" src=\"https:\/\/i0.wp.com\/wp.ufpel.edu.br\/ppgs\/files\/2018\/05\/caaap.png?resize=400%2C302&#038;ssl=1\" alt=\"\" width=\"400\" height=\"302\" srcset=\"https:\/\/i0.wp.com\/wp.ufpel.edu.br\/ppgs\/files\/2018\/05\/caaap.png?resize=400%2C302&amp;ssl=1 400w, https:\/\/i0.wp.com\/wp.ufpel.edu.br\/ppgs\/files\/2018\/05\/caaap.png?resize=768%2C580&amp;ssl=1 768w, https:\/\/i0.wp.com\/wp.ufpel.edu.br\/ppgs\/files\/2018\/05\/caaap.png?resize=1024%2C773&amp;ssl=1 1024w, https:\/\/i0.wp.com\/wp.ufpel.edu.br\/ppgs\/files\/2018\/05\/caaap.png?w=1133&amp;ssl=1 1133w\" sizes=\"(max-width: 400px) 100vw, 400px\" \/><\/a><\/p>\n","protected":false},"excerpt":{"rendered":"<p>O Programa de P\u00f3s-Gradua\u00e7\u00e3o em Sociologia, da Universidade Federal de Pelotas (PPGS\/UFPel), convida a comunidade acad\u00eamica para o lan\u00e7amento do livro\u00a0&#8220;Carmen Miranda entre os desejos de duas na\u00e7\u00f5es: cultura de massas, performatividade e cumplicidade subversiva&#8221;, de autoria do Prof. Dr.\u00a0Fernando Figueiredo Balieiro. O evento contar\u00e1 com o debate promovido pelo Prof. Dr.\u00a0Guilherme Carvalho da Rosa,\u00a0do [&hellip;]<\/p>\n","protected":false},"author":396,"featured_media":0,"parent":3200,"menu_order":0,"comment_status":"closed","ping_status":"closed","template":"","meta":{"jetpack_post_was_ever_published":false,"footnotes":""},"class_list":["post-3424","page","type-page","status-publish","hentry"],"jetpack_sharing_enabled":true,"jetpack_shortlink":"https:\/\/wp.me\/P9dZ0f-Te","jetpack_likes_enabled":true,"jetpack-related-posts":[],"_links":{"self":[{"href":"https:\/\/wp.ufpel.edu.br\/ppgs\/wp-json\/wp\/v2\/pages\/3424","targetHints":{"allow":["GET"]}}],"collection":[{"href":"https:\/\/wp.ufpel.edu.br\/ppgs\/wp-json\/wp\/v2\/pages"}],"about":[{"href":"https:\/\/wp.ufpel.edu.br\/ppgs\/wp-json\/wp\/v2\/types\/page"}],"author":[{"embeddable":true,"href":"https:\/\/wp.ufpel.edu.br\/ppgs\/wp-json\/wp\/v2\/users\/396"}],"replies":[{"embeddable":true,"href":"https:\/\/wp.ufpel.edu.br\/ppgs\/wp-json\/wp\/v2\/comments?post=3424"}],"version-history":[{"count":2,"href":"https:\/\/wp.ufpel.edu.br\/ppgs\/wp-json\/wp\/v2\/pages\/3424\/revisions"}],"predecessor-version":[{"id":3435,"href":"https:\/\/wp.ufpel.edu.br\/ppgs\/wp-json\/wp\/v2\/pages\/3424\/revisions\/3435"}],"up":[{"embeddable":true,"href":"https:\/\/wp.ufpel.edu.br\/ppgs\/wp-json\/wp\/v2\/pages\/3200"}],"wp:attachment":[{"href":"https:\/\/wp.ufpel.edu.br\/ppgs\/wp-json\/wp\/v2\/media?parent=3424"}],"curies":[{"name":"wp","href":"https:\/\/api.w.org\/{rel}","templated":true}]}}

Lançamento do livro &#8220;Carmen Miranda entre os desejos de duas nações: cultura de massas, performatividade e cumplicidade subversiva&#8221;

<p>O Programa de Pós-Graduação em Sociologia, da Universidade Federal de Pelotas (PPGS/UFPel), convida a comunidade acadêmica para o lançamento do livro &#8220;Carmen Miranda entre os desejos de duas nações: cultura de massas, performatividade e cumplicidade subversiva&#8221;, de autoria do Prof. Dr. Fernando Figueiredo Balieiro.</p>
<p>O evento contará com o debate promovido pelo Prof. Dr. <span class="m_-6800737328036430339gmail-st">Guilherme Carvalho da Rosa, do Instituto de Artes e Design da Universidade Federal de Pelotas (IAD/UFPel).</span></p>
<p><strong>Data</strong>: 13 de junho de 2018</p>
<p><strong>Horário:</strong> às 19:00h</p>
<p><strong>Local:</strong> sala 201, no prédio do IFISP – Rua Coronel Alberto Rosa, nº 154</p>
<p><a href="https://i0.wp.com/wp.ufpel.edu.br/ppgs/files/2018/05/caaap.png?ssl=1"><img data-recalc-dims="1" data-attachment-id="3431" data-permalink="https://wp.ufpel.edu.br/ppgs/2018/05/18/lancamento-do-livro-carmen-miranda-entre-os-desejos-de-duas-nacoes-cultura-de-massas-performatividade-e-cumplicidade-subversiva/caaap/" data-orig-file="https://i0.wp.com/wp.ufpel.edu.br/ppgs/files/2018/05/caaap.png?fit=1133%2C855&amp;ssl=1" data-orig-size="1133,855" data-comments-opened="0" data-image-meta="{&quot;aperture&quot;:&quot;0&quot;,&quot;credit&quot;:&quot;&quot;,&quot;camera&quot;:&quot;&quot;,&quot;caption&quot;:&quot;&quot;,&quot;created_timestamp&quot;:&quot;0&quot;,&quot;copyright&quot;:&quot;&quot;,&quot;focal_length&quot;:&quot;0&quot;,&quot;iso&quot;:&quot;0&quot;,&quot;shutter_speed&quot;:&quot;0&quot;,&quot;title&quot;:&quot;&quot;,&quot;orientation&quot;:&quot;0&quot;}" data-image-title="caaap" data-image-description="" data-image-caption="" data-medium-file="https://i0.wp.com/wp.ufpel.edu.br/ppgs/files/2018/05/caaap.png?fit=400%2C302&amp;ssl=1" data-large-file="https://i0.wp.com/wp.ufpel.edu.br/ppgs/files/2018/05/caaap.png?fit=1024%2C773&amp;ssl=1" class="alignleft wp-image-3431 size-medium" src="https://i0.wp.com/wp.ufpel.edu.br/ppgs/files/2018/05/caaap.png?resize=400%2C302&#038;ssl=1" alt="" width="400" height="302" srcset="https://i0.wp.com/wp.ufpel.edu.br/ppgs/files/2018/05/caaap.png?resize=400%2C302&amp;ssl=1 400w, https://i0.wp.com/wp.ufpel.edu.br/ppgs/files/2018/05/caaap.png?resize=768%2C580&amp;ssl=1 768w, https://i0.wp.com/wp.ufpel.edu.br/ppgs/files/2018/05/caaap.png?resize=1024%2C773&amp;ssl=1 1024w, https://i0.wp.com/wp.ufpel.edu.br/ppgs/files/2018/05/caaap.png?w=1133&amp;ssl=1 1133w" sizes="(max-width: 400px) 100vw, 400px" /></a></p>

<p>O Programa de Pós-Graduação em Sociologia, da Universidade Federal de Pelotas (PPGS/UFPel), convida a comunidade acadêmica para o lançamento do livro &#8220;Carmen Miranda entre os desejos de duas nações: cultura de massas, performatividade e cumplicidade subversiva&#8221;, de autoria do Prof. Dr. Fernando Figueiredo Balieiro. O evento contará com o debate promovido pelo Prof. Dr. Guilherme Carvalho da Rosa, do [&hellip;]</p>
