{"id":3217,"date":"2018-03-21T18:39:11","date_gmt":"2018-03-21T21:39:11","guid":{"rendered":"https:\/\/wp.ufpel.edu.br\/ppgs\/?page_id=3217"},"modified":"2018-11-23T18:06:34","modified_gmt":"2018-11-23T20:06:34","slug":"aula-inaugural-2018","status":"publish","type":"page","link":"https:\/\/wp.ufpel.edu.br\/ppgs\/eventos\/eventos-2018\/aula-inaugural-2018\/","title":{"rendered":"Aula Inaugural 2018"},"content":{"rendered":"<p>Programa de P\u00f3s-Gradua\u00e7\u00e3o em Sociologia, da Universidade Federal de Pelotas (PPGS\/UFPel), promove no dia 03 de abril a sua aula inaugural do ano letivo de 2018.<\/p>\n<p>A tema da atividade ser\u00e1 &#8220;Os dilemas do cronocentrismo e suas respostas: Serendipismo e Imagina\u00e7\u00e3o Sociol\u00f3gica&#8221; e ser\u00e1 ministrada pelo professor convidado, Dr. Rafael Jorge Soares Duarte Marques, da Universidade de Lisboa.<\/p>\n<p><strong>Data<\/strong>: 03 de abril de 2018<br \/>\n<strong>Hor\u00e1rio:<\/strong>\u00a0\u00e0s 19hs00min<br \/>\n<strong>Local<\/strong>: Audit\u00f3rio 02 do Centro de Artes (Rua \u00c1lvaro Chaves, n\u00b0 65)<\/p>\n<p>&nbsp;<\/p>\n<p><a href=\"https:\/\/i0.wp.com\/wp.ufpel.edu.br\/ppgs\/files\/2018\/03\/aula-inaugural-2018.jpg?ssl=1\"><img data-recalc-dims=\"1\" data-attachment-id=\"3215\" data-permalink=\"https:\/\/wp.ufpel.edu.br\/ppgs\/2018\/03\/21\/convite-aula-inaugural-2018-ppg-sociologia-prof-dr-rafael-marques\/aula-inaugural-2018\/\" data-orig-file=\"https:\/\/i0.wp.com\/wp.ufpel.edu.br\/ppgs\/files\/2018\/03\/aula-inaugural-2018.jpg?fit=1153%2C684&amp;ssl=1\" data-orig-size=\"1153,684\" data-comments-opened=\"0\" data-image-meta=\"{&quot;aperture&quot;:&quot;0&quot;,&quot;credit&quot;:&quot;&quot;,&quot;camera&quot;:&quot;&quot;,&quot;caption&quot;:&quot;&quot;,&quot;created_timestamp&quot;:&quot;0&quot;,&quot;copyright&quot;:&quot;&quot;,&quot;focal_length&quot;:&quot;0&quot;,&quot;iso&quot;:&quot;0&quot;,&quot;shutter_speed&quot;:&quot;0&quot;,&quot;title&quot;:&quot;&quot;,&quot;orientation&quot;:&quot;0&quot;}\" data-image-title=\"aula inaugural 2018\" data-image-description=\"\" data-image-caption=\"\" data-medium-file=\"https:\/\/i0.wp.com\/wp.ufpel.edu.br\/ppgs\/files\/2018\/03\/aula-inaugural-2018.jpg?fit=400%2C237&amp;ssl=1\" data-large-file=\"https:\/\/i0.wp.com\/wp.ufpel.edu.br\/ppgs\/files\/2018\/03\/aula-inaugural-2018.jpg?fit=1024%2C607&amp;ssl=1\" class=\"alignright size-full wp-image-3215\" src=\"https:\/\/i0.wp.com\/wp.ufpel.edu.br\/ppgs\/files\/2018\/03\/aula-inaugural-2018.jpg?resize=1153%2C684&#038;ssl=1\" alt=\"\" width=\"1153\" height=\"684\" srcset=\"https:\/\/i0.wp.com\/wp.ufpel.edu.br\/ppgs\/files\/2018\/03\/aula-inaugural-2018.jpg?w=1153&amp;ssl=1 1153w, https:\/\/i0.wp.com\/wp.ufpel.edu.br\/ppgs\/files\/2018\/03\/aula-inaugural-2018.jpg?resize=400%2C237&amp;ssl=1 400w, https:\/\/i0.wp.com\/wp.ufpel.edu.br\/ppgs\/files\/2018\/03\/aula-inaugural-2018.jpg?resize=768%2C456&amp;ssl=1 768w, https:\/\/i0.wp.com\/wp.ufpel.edu.br\/ppgs\/files\/2018\/03\/aula-inaugural-2018.jpg?resize=1024%2C607&amp;ssl=1 1024w\" sizes=\"(max-width: 1000px) 100vw, 1000px\" \/><\/a><\/p>\n<p>&nbsp;<\/p>\n<p>&nbsp;<\/p>\n<p>&nbsp;<\/p>\n<p>&nbsp;<\/p>\n<p>&nbsp;<\/p>\n<p>&nbsp;<\/p>\n<p>&nbsp;<\/p>\n<p>&nbsp;<\/p>\n<p>&nbsp;<\/p>\n","protected":false},"excerpt":{"rendered":"<p>Programa de P\u00f3s-Gradua\u00e7\u00e3o em Sociologia, da Universidade Federal de Pelotas (PPGS\/UFPel), promove no dia 03 de abril a sua aula inaugural do ano letivo de 2018. A tema da atividade ser\u00e1 &#8220;Os dilemas do cronocentrismo e suas respostas: Serendipismo e Imagina\u00e7\u00e3o Sociol\u00f3gica&#8221; e ser\u00e1 ministrada pelo professor convidado, Dr. Rafael Jorge Soares Duarte Marques, da [&hellip;]<\/p>\n","protected":false},"author":396,"featured_media":0,"parent":3200,"menu_order":1,"comment_status":"closed","ping_status":"closed","template":"","meta":{"jetpack_post_was_ever_published":false,"footnotes":""},"class_list":["post-3217","page","type-page","status-publish","hentry"],"jetpack_sharing_enabled":true,"jetpack_shortlink":"https:\/\/wp.me\/P9dZ0f-PT","jetpack_likes_enabled":true,"jetpack-related-posts":[],"_links":{"self":[{"href":"https:\/\/wp.ufpel.edu.br\/ppgs\/wp-json\/wp\/v2\/pages\/3217","targetHints":{"allow":["GET"]}}],"collection":[{"href":"https:\/\/wp.ufpel.edu.br\/ppgs\/wp-json\/wp\/v2\/pages"}],"about":[{"href":"https:\/\/wp.ufpel.edu.br\/ppgs\/wp-json\/wp\/v2\/types\/page"}],"author":[{"embeddable":true,"href":"https:\/\/wp.ufpel.edu.br\/ppgs\/wp-json\/wp\/v2\/users\/396"}],"replies":[{"embeddable":true,"href":"https:\/\/wp.ufpel.edu.br\/ppgs\/wp-json\/wp\/v2\/comments?post=3217"}],"version-history":[{"count":3,"href":"https:\/\/wp.ufpel.edu.br\/ppgs\/wp-json\/wp\/v2\/pages\/3217\/revisions"}],"predecessor-version":[{"id":3969,"href":"https:\/\/wp.ufpel.edu.br\/ppgs\/wp-json\/wp\/v2\/pages\/3217\/revisions\/3969"}],"up":[{"embeddable":true,"href":"https:\/\/wp.ufpel.edu.br\/ppgs\/wp-json\/wp\/v2\/pages\/3200"}],"wp:attachment":[{"href":"https:\/\/wp.ufpel.edu.br\/ppgs\/wp-json\/wp\/v2\/media?parent=3217"}],"curies":[{"name":"wp","href":"https:\/\/api.w.org\/{rel}","templated":true}]}}

<p>Programa de Pós-Graduação em Sociologia, da Universidade Federal de Pelotas (PPGS/UFPel), promove no dia 03 de abril a sua aula inaugural do ano letivo de 2018.</p>
<p>A tema da atividade será &#8220;Os dilemas do cronocentrismo e suas respostas: Serendipismo e Imaginação Sociológica&#8221; e será ministrada pelo professor convidado, Dr. Rafael Jorge Soares Duarte Marques, da Universidade de Lisboa.</p>
<p><strong>Data</strong>: 03 de abril de 2018<br />
<strong>Horário:</strong> às 19hs00min<br />
<strong>Local</strong>: Auditório 02 do Centro de Artes (Rua Álvaro Chaves, n° 65)</p>
<p>&nbsp;</p>
<p><a href="https://i0.wp.com/wp.ufpel.edu.br/ppgs/files/2018/03/aula-inaugural-2018.jpg?ssl=1"><img data-recalc-dims="1" data-attachment-id="3215" data-permalink="https://wp.ufpel.edu.br/ppgs/2018/03/21/convite-aula-inaugural-2018-ppg-sociologia-prof-dr-rafael-marques/aula-inaugural-2018/" data-orig-file="https://i0.wp.com/wp.ufpel.edu.br/ppgs/files/2018/03/aula-inaugural-2018.jpg?fit=1153%2C684&amp;ssl=1" data-orig-size="1153,684" data-comments-opened="0" data-image-meta="{&quot;aperture&quot;:&quot;0&quot;,&quot;credit&quot;:&quot;&quot;,&quot;camera&quot;:&quot;&quot;,&quot;caption&quot;:&quot;&quot;,&quot;created_timestamp&quot;:&quot;0&quot;,&quot;copyright&quot;:&quot;&quot;,&quot;focal_length&quot;:&quot;0&quot;,&quot;iso&quot;:&quot;0&quot;,&quot;shutter_speed&quot;:&quot;0&quot;,&quot;title&quot;:&quot;&quot;,&quot;orientation&quot;:&quot;0&quot;}" data-image-title="aula inaugural 2018" data-image-description="" data-image-caption="" data-medium-file="https://i0.wp.com/wp.ufpel.edu.br/ppgs/files/2018/03/aula-inaugural-2018.jpg?fit=400%2C237&amp;ssl=1" data-large-file="https://i0.wp.com/wp.ufpel.edu.br/ppgs/files/2018/03/aula-inaugural-2018.jpg?fit=1024%2C607&amp;ssl=1" class="alignright size-full wp-image-3215" src="https://i0.wp.com/wp.ufpel.edu.br/ppgs/files/2018/03/aula-inaugural-2018.jpg?resize=1153%2C684&#038;ssl=1" alt="" width="1153" height="684" srcset="https://i0.wp.com/wp.ufpel.edu.br/ppgs/files/2018/03/aula-inaugural-2018.jpg?w=1153&amp;ssl=1 1153w, https://i0.wp.com/wp.ufpel.edu.br/ppgs/files/2018/03/aula-inaugural-2018.jpg?resize=400%2C237&amp;ssl=1 400w, https://i0.wp.com/wp.ufpel.edu.br/ppgs/files/2018/03/aula-inaugural-2018.jpg?resize=768%2C456&amp;ssl=1 768w, https://i0.wp.com/wp.ufpel.edu.br/ppgs/files/2018/03/aula-inaugural-2018.jpg?resize=1024%2C607&amp;ssl=1 1024w" sizes="(max-width: 1000px) 100vw, 1000px" /></a></p>
<p>&nbsp;</p>
<p>&nbsp;</p>
<p>&nbsp;</p>
<p>&nbsp;</p>
<p>&nbsp;</p>
<p>&nbsp;</p>
<p>&nbsp;</p>
<p>&nbsp;</p>
<p>&nbsp;</p>

<p>Programa de Pós-Graduação em Sociologia, da Universidade Federal de Pelotas (PPGS/UFPel), promove no dia 03 de abril a sua aula inaugural do ano letivo de 2018. A tema da atividade será &#8220;Os dilemas do cronocentrismo e suas respostas: Serendipismo e Imaginação Sociológica&#8221; e será ministrada pelo professor convidado, Dr. Rafael Jorge Soares Duarte Marques, da [&hellip;]</p>
