{"id":2491,"date":"2017-05-06T13:41:48","date_gmt":"2017-05-06T16:41:48","guid":{"rendered":"https:\/\/wp.ufpel.edu.br\/ppgs\/?page_id=2491"},"modified":"2017-11-23T19:06:00","modified_gmt":"2017-11-23T21:06:00","slug":"ciclo-de-palestras-virtuais-do-gens","status":"publish","type":"page","link":"https:\/\/wp.ufpel.edu.br\/ppgs\/eventos\/eventos-2017\/ciclo-de-palestras-virtuais-do-gens\/","title":{"rendered":"Ciclo de Atividades do GENS"},"content":{"rendered":"<p><a href=\"https:\/\/wp.ufpel.edu.br\/ppgs\/files\/2017\/05\/WORKSHOP-GENS-2017.pdf\">I Workshop do GENS 2017<\/a><\/p>\n<p>27 de novembro de 2017<\/p>\n<p><a href=\"https:\/\/i0.wp.com\/wp.ufpel.edu.br\/ppgs\/files\/2017\/05\/WORKSHOP-GENS-2017.jpg?ssl=1\"><img data-recalc-dims=\"1\" data-attachment-id=\"3028\" data-permalink=\"https:\/\/wp.ufpel.edu.br\/ppgs\/eventos\/eventos-2017\/ciclo-de-palestras-virtuais-do-gens\/workshop-gens-2017\/\" data-orig-file=\"https:\/\/i0.wp.com\/wp.ufpel.edu.br\/ppgs\/files\/2017\/05\/WORKSHOP-GENS-2017.jpg?fit=620%2C800&amp;ssl=1\" data-orig-size=\"620,800\" data-comments-opened=\"0\" data-image-meta=\"{&quot;aperture&quot;:&quot;0&quot;,&quot;credit&quot;:&quot;&quot;,&quot;camera&quot;:&quot;&quot;,&quot;caption&quot;:&quot;&quot;,&quot;created_timestamp&quot;:&quot;0&quot;,&quot;copyright&quot;:&quot;&quot;,&quot;focal_length&quot;:&quot;0&quot;,&quot;iso&quot;:&quot;0&quot;,&quot;shutter_speed&quot;:&quot;0&quot;,&quot;title&quot;:&quot;&quot;,&quot;orientation&quot;:&quot;0&quot;}\" data-image-title=\"WORKSHOP GENS 2017\" data-image-description=\"\" data-image-caption=\"\" data-medium-file=\"https:\/\/i0.wp.com\/wp.ufpel.edu.br\/ppgs\/files\/2017\/05\/WORKSHOP-GENS-2017.jpg?fit=310%2C400&amp;ssl=1\" data-large-file=\"https:\/\/i0.wp.com\/wp.ufpel.edu.br\/ppgs\/files\/2017\/05\/WORKSHOP-GENS-2017.jpg?fit=620%2C800&amp;ssl=1\" class=\"size-full wp-image-3028 aligncenter\" src=\"https:\/\/i0.wp.com\/wp.ufpel.edu.br\/ppgs\/files\/2017\/05\/WORKSHOP-GENS-2017.jpg?resize=620%2C800&#038;ssl=1\" alt=\"\" width=\"620\" height=\"800\" srcset=\"https:\/\/i0.wp.com\/wp.ufpel.edu.br\/ppgs\/files\/2017\/05\/WORKSHOP-GENS-2017.jpg?w=620&amp;ssl=1 620w, https:\/\/i0.wp.com\/wp.ufpel.edu.br\/ppgs\/files\/2017\/05\/WORKSHOP-GENS-2017.jpg?resize=310%2C400&amp;ssl=1 310w\" sizes=\"(max-width: 620px) 100vw, 620px\" \/><\/a><\/p>\n<p>&nbsp;<\/p>\n<hr \/>\n<p>Dando continuidade ao bem sucedido ciclo iniciado em 2016, o GENS &#8211; Grupo de Estudos Novas Sociologias (Econ\u00f4mica &#8211; Finan\u00e7as &#8211; Fam\u00edlia) j\u00e1 come\u00e7a o Ciclo de Palestras Virtuais 2017.<\/p>\n<p>Confira a programa\u00e7\u00e3o:<\/p>\n<p><a href=\"https:\/\/i0.wp.com\/wp.ufpel.edu.br\/ppgs\/files\/2017\/05\/Divulga%C3%A7%C3%A3o-Palestra-D.Mato_.jpg?ssl=1\"><img data-recalc-dims=\"1\" data-attachment-id=\"2488\" data-permalink=\"https:\/\/wp.ufpel.edu.br\/ppgs\/2017\/05\/06\/ciclo-de-palestras-virtuais-do-gens-todas-as-industrias-sao-culturais\/divulgacao-palestra-d-mato-2\/\" data-orig-file=\"https:\/\/i0.wp.com\/wp.ufpel.edu.br\/ppgs\/files\/2017\/05\/Divulga%C3%A7%C3%A3o-Palestra-D.Mato_.jpg?fit=3000%2C2250&amp;ssl=1\" data-orig-size=\"3000,2250\" data-comments-opened=\"0\" data-image-meta=\"{&quot;aperture&quot;:&quot;0&quot;,&quot;credit&quot;:&quot;&quot;,&quot;camera&quot;:&quot;&quot;,&quot;caption&quot;:&quot;&quot;,&quot;created_timestamp&quot;:&quot;0&quot;,&quot;copyright&quot;:&quot;&quot;,&quot;focal_length&quot;:&quot;0&quot;,&quot;iso&quot;:&quot;0&quot;,&quot;shutter_speed&quot;:&quot;0&quot;,&quot;title&quot;:&quot;&quot;,&quot;orientation&quot;:&quot;0&quot;}\" data-image-title=\"Divulga\u00e7\u00e3o Palestra D.Mato\" data-image-description=\"\" data-image-caption=\"\" data-medium-file=\"https:\/\/i0.wp.com\/wp.ufpel.edu.br\/ppgs\/files\/2017\/05\/Divulga%C3%A7%C3%A3o-Palestra-D.Mato_.jpg?fit=400%2C300&amp;ssl=1\" data-large-file=\"https:\/\/i0.wp.com\/wp.ufpel.edu.br\/ppgs\/files\/2017\/05\/Divulga%C3%A7%C3%A3o-Palestra-D.Mato_.jpg?fit=984%2C220&amp;ssl=1\" class=\"alignright size-full wp-image-2488\" src=\"https:\/\/i0.wp.com\/wp.ufpel.edu.br\/ppgs\/files\/2017\/05\/Divulga%C3%A7%C3%A3o-Palestra-D.Mato_.jpg?resize=3000%2C2250&#038;ssl=1\" alt=\"\" width=\"3000\" height=\"2250\" srcset=\"https:\/\/i0.wp.com\/wp.ufpel.edu.br\/ppgs\/files\/2017\/05\/Divulga%C3%A7%C3%A3o-Palestra-D.Mato_.jpg?w=3000&amp;ssl=1 3000w, https:\/\/i0.wp.com\/wp.ufpel.edu.br\/ppgs\/files\/2017\/05\/Divulga%C3%A7%C3%A3o-Palestra-D.Mato_.jpg?resize=212%2C159&amp;ssl=1 212w, https:\/\/i0.wp.com\/wp.ufpel.edu.br\/ppgs\/files\/2017\/05\/Divulga%C3%A7%C3%A3o-Palestra-D.Mato_.jpg?resize=424%2C318&amp;ssl=1 424w, https:\/\/i0.wp.com\/wp.ufpel.edu.br\/ppgs\/files\/2017\/05\/Divulga%C3%A7%C3%A3o-Palestra-D.Mato_.jpg?resize=768%2C576&amp;ssl=1 768w, https:\/\/i0.wp.com\/wp.ufpel.edu.br\/ppgs\/files\/2017\/05\/Divulga%C3%A7%C3%A3o-Palestra-D.Mato_.jpg?w=2000&amp;ssl=1 2000w\" sizes=\"(max-width: 1000px) 100vw, 1000px\" \/><\/a><\/p>\n","protected":false},"excerpt":{"rendered":"<p>I Workshop do GENS 2017 27 de novembro de 2017 &nbsp; Dando continuidade ao bem sucedido ciclo iniciado em 2016, o GENS &#8211; Grupo de Estudos Novas Sociologias (Econ\u00f4mica &#8211; Finan\u00e7as &#8211; Fam\u00edlia) j\u00e1 come\u00e7a o Ciclo de Palestras Virtuais 2017. Confira a programa\u00e7\u00e3o:<\/p>\n","protected":false},"author":396,"featured_media":0,"parent":2281,"menu_order":2,"comment_status":"closed","ping_status":"closed","template":"","meta":{"jetpack_post_was_ever_published":false,"footnotes":""},"class_list":["post-2491","page","type-page","status-publish","hentry"],"jetpack_sharing_enabled":true,"jetpack_shortlink":"https:\/\/wp.me\/P9dZ0f-Eb","jetpack_likes_enabled":true,"jetpack-related-posts":[],"_links":{"self":[{"href":"https:\/\/wp.ufpel.edu.br\/ppgs\/wp-json\/wp\/v2\/pages\/2491","targetHints":{"allow":["GET"]}}],"collection":[{"href":"https:\/\/wp.ufpel.edu.br\/ppgs\/wp-json\/wp\/v2\/pages"}],"about":[{"href":"https:\/\/wp.ufpel.edu.br\/ppgs\/wp-json\/wp\/v2\/types\/page"}],"author":[{"embeddable":true,"href":"https:\/\/wp.ufpel.edu.br\/ppgs\/wp-json\/wp\/v2\/users\/396"}],"replies":[{"embeddable":true,"href":"https:\/\/wp.ufpel.edu.br\/ppgs\/wp-json\/wp\/v2\/comments?post=2491"}],"version-history":[{"count":9,"href":"https:\/\/wp.ufpel.edu.br\/ppgs\/wp-json\/wp\/v2\/pages\/2491\/revisions"}],"predecessor-version":[{"id":3036,"href":"https:\/\/wp.ufpel.edu.br\/ppgs\/wp-json\/wp\/v2\/pages\/2491\/revisions\/3036"}],"up":[{"embeddable":true,"href":"https:\/\/wp.ufpel.edu.br\/ppgs\/wp-json\/wp\/v2\/pages\/2281"}],"wp:attachment":[{"href":"https:\/\/wp.ufpel.edu.br\/ppgs\/wp-json\/wp\/v2\/media?parent=2491"}],"curies":[{"name":"wp","href":"https:\/\/api.w.org\/{rel}","templated":true}]}}