{"id":2289,"date":"2017-03-20T08:41:42","date_gmt":"2017-03-20T11:41:42","guid":{"rendered":"https:\/\/wp.ufpel.edu.br\/ppgs\/?page_id=2289"},"modified":"2020-04-20T10:40:32","modified_gmt":"2020-04-20T13:40:32","slug":"eventos-anos-anteriores","status":"publish","type":"page","link":"https:\/\/wp.ufpel.edu.br\/ppgs\/eventos\/eventos-anos-anteriores\/","title":{"rendered":"Eventos anos anteriores"},"content":{"rendered":"<p>2015<\/p>\n<p>&gt;\u00a0<strong><a href=\"https:\/\/wp.ufpel.edu.br\/ppgs\/2015\/10\/03\/iv-jornada-brasileira-de-sociologia-i-jornada-brasileira-de-ciencia-politica\/\">IV Jornada Brasileira de Sociologia \/ I Jornada Brasileira de Ci\u00eancia Pol\u00edtica<\/a><\/strong><\/p>\n<p>&gt; <strong><a href=\"https:\/\/wp.ufpel.edu.br\/ppgs\/2015\/08\/21\/convite-palestra-discurso-trabalho-e-movimentos-sociais\/\">Palestra: Discurso, Trabalho e Movimentos Sociais<\/a><\/strong><\/p>\n<p>&gt; <strong><a href=\"https:\/\/wp.ufpel.edu.br\/ppgs\/2015\/07\/15\/iii-seminario-de-integracao-sociologica\/\">III Semin\u00e1rio de Integra\u00e7\u00e3o Sociol\u00f3gica<\/a><\/strong><\/p>\n<p>&gt;\u00a0<strong><a href=\"https:\/\/wp.ufpel.edu.br\/ppgs\/2015\/07\/14\/elisio-estanque-professor-visitante-no-ppgs-sociologia-da-ufpel\/\">Semin\u00e1rios Avan\u00e7ados: An\u00e1lise de Classes e Rela\u00e7\u00f5es de Trabalho no Capitalismo Globall, com Prof. Dr. El\u00edsio Estanque<\/a><\/strong><\/p>\n<p>&gt; <strong><a href=\"https:\/\/wp.ufpel.edu.br\/ppgs\/2015\/07\/14\/elisio-estanque-professor-visitante-no-ppgs-sociologia-da-ufpel\/\">Em agosto contamos com o professor visitante El\u00edsio Estanque<\/a><\/strong><\/p>\n<p>&gt;\u00a0<strong><a href=\"https:\/\/wp.ufpel.edu.br\/ppgs\/2015\/06\/01\/i-simposio-pos-estruturalismo-e-teoria-social-o-legado-de-ernesto-laclau\/\">I Simp\u00f3sio: P\u00f3s-Estruturalismo e Teoria Social em debate: o legado de Ernesto Laclau<\/a><\/strong><\/p>\n<p>&gt;\u00a0<strong><a href=\"https:\/\/wp.ufpel.edu.br\/ppgs\/2015\/05\/06\/oferta-da-disciplina-sociologia-da-acao-de-alain-touraine\/\">Sociologia da a\u00e7\u00e3o de Alain Touraine, com Prof. Dr. Ra\u00fal Enrique Rojo<\/a><\/strong><\/p>\n<p>&gt;\u00a0<strong><a href=\"https:\/\/wp.ufpel.edu.br\/ppgs\/2015\/05\/10\/ppgs-convida-para-a-palestra-fuga-de-cerebros-brain-drain-as-consequencias-para-o-desenvolvimento\/\">Palestra \u201cFuga de C\u00e9rebros (Brain Drain): as consequ\u00eancias para o desenvolvimento\u201d<\/a><\/strong><\/p>\n<p><strong>&gt;\u00a0<a title=\"Convite: Aula Inaugural do IFISP \u2013 Profa. Dra. Vera Silva Telles\" href=\"https:\/\/wp.ufpel.edu.br\/ppgs\/2015\/04\/08\/convite-aula-inaugural-do-ifisp\/\">Convite: Aula Inaugural do IFISP \u2013 Profa. Dra. Vera Silva Telles<\/a><\/strong><\/p>\n<hr \/>\n<p>&nbsp;<\/p>\n<p>2014<\/p>\n<p><strong>&gt;\u00a0<a href=\"https:\/\/wp.ufpel.edu.br\/ppgs\/2014\/04\/24\/faculdade-de-direito-em-parceria-com-o-ppgs-convida-para-a-aula-inaugural-do-curso-de-direito\/\">Palestra \u201d O Direito do Trabalho e as intera\u00e7\u00f5es que o acompanham\u201d \u2013 \u00a0Prof. M\u00e1rcio T\u00falio Viana<\/a><\/strong><\/p>\n<p><strong>&gt;\u00a0<a href=\"https:\/\/wp.ufpel.edu.br\/ppgs\/2014\/05\/15\/professor-uruguaio-palestra-no-ifisp\/\">\u201cAs mudan\u00e7as na sociedade rural do Uruguai no come\u00e7o do S\u00e9culo 21\u201d \u00a0\u2013 Prof. Diego Pi\u00f1ero<\/a><\/strong><\/p>\n<p><strong>&gt;\u00a0<a href=\"https:\/\/wp.ufpel.edu.br\/ppgs\/2014\/03\/18\/ciclo-de-palestras-de-sociologia-historica\/\">Ciclo de Palestras de Sociologia Hist\u00f3ria<\/a><\/strong><\/p>\n<p><strong>&gt;\u00a0<a href=\"https:\/\/wp.ufpel.edu.br\/ppgs\/2014\/06\/04\/ppgs-convida-para-palestra\/\">\u201cHomo Faber: Refletindo sobre pr\u00e1ticas de trabalho na Serra Ga\u00facha\/RS\u201d \u2013 Profa. Dra. Beatriz Rodrigues Kanaan<\/a><\/strong><\/p>\n<p>&gt; <strong><a href=\"https:\/\/wp.ufpel.edu.br\/ppgs\/2014\/07\/21\/ppgs-convida-para-palestra-alain-touraine-e-o-fim-das-sociedades\/\">Palestra\u00a0\u201cAlain Touraine e o fim das sociedades\u201d \u2013 Prof. Dr. Raul Rojo<\/a><\/strong><\/p>\n<p><strong>&gt;\u00a0<a title=\"O PPGS\/UFPel e a participa\u00e7\u00e3o no II Semin\u00e1rio de Integra\u00e7\u00e3o Sociol\u00f3gica\" href=\"https:\/\/wp.ufpel.edu.br\/ppgs\/2014\/11\/01\/o-ppgsufpel-e-a-participacao-no-ii-seminario-de-integracao-sociologica\/\">II Semin\u00e1rio de Integra\u00e7\u00e3o Sociol\u00f3gica \u2013 UFPEL \/ UFRGS<\/a><\/strong><\/p>\n<p><strong>&gt;\u00a0<a title=\"Palestra de \u00c2ngelo Martins J\u00fanior no PPGS\" href=\"https:\/\/wp.ufpel.edu.br\/ppgs\/2014\/11\/12\/palestra-de-angelo-martins-junior-no-ppgs\/\">Palestra, no PPGS, de \u00c2ngelo Martins J\u00fanior sobre Descolonialismo na Am\u00e9rica Latina e a &gt; experi\u00eancia dos imigrantes brasileiros\u00a0em Londres.<\/a><\/strong><\/p>\n<p><strong>&gt;\u00a0<a title=\"IV EICS\" href=\"http:\/\/www2.ufpel.edu.br\/ifisp\/ppgs\/eics\/\" target=\"_blank\" rel=\"noopener noreferrer\">IV Encontro Internacional de Ci\u00eancias Sociais, de 18 a 21 de novembro de 2014<\/a><\/strong><\/p>\n<p><strong>&gt;\u00a0<a title=\"Integrantes do PPGS\/UFPel lan\u00e7am livros no IV EICS\" href=\"https:\/\/wp.ufpel.edu.br\/ppgs\/2014\/11\/17\/integrantes-do-ppgsufpel-lancam-livros-no-iv-eics\/\" target=\"_blank\" rel=\"noopener noreferrer\">Lan\u00e7amento de livros no IV EICS<\/a><\/strong><\/p>\n<p><strong>&gt;\u00a0<a title=\"PPGS\/UFPel adere ao Programa \u2013 Escola de Altos Estudos [EAE] do PPGS\/UFRGS\" href=\"https:\/\/wp.ufpel.edu.br\/ppgs\/2014\/11\/17\/546\/\" target=\"_blank\" rel=\"noopener noreferrer\">Acordo Escola de Altos Estudos UFPel \/ UFRGS<\/a><\/strong><\/p>\n<p><strong>&gt;\u00a0<a title=\"Mini-curso na UFPel com a Profa. Dra. Alice Gates\" href=\"https:\/\/wp.ufpel.edu.br\/ppgs\/2014\/11\/23\/mini-curso-na-ufpel-com-a-profa-dra-alice-gates\/\" target=\"_blank\" rel=\"noopener noreferrer\">Mini-curso na UFPel com a Profa. Dra. Alice Gates<\/a><\/strong><\/p>\n<p><strong>&gt;\u00a0<a title=\"Pesquisador argentino ministra palestra sobre Trabalho e emo\u00e7\u00f5es nesta ter\u00e7a-feira\" href=\"https:\/\/wp.ufpel.edu.br\/ppgs\/2014\/12\/08\/pesquisador-argentino-ministra-palestra-sobre-trabalho-e-emocoes-nesta-terca-feira\/\" target=\"_blank\" rel=\"noopener noreferrer\">Palestra do pesquisador argentino do Conicet Dr. Pedro Lisdero<\/a><\/strong><\/p>\n<hr \/>\n<p>&nbsp;<\/p>\n<p>2005<\/p>\n<p><strong>&gt; <a href=\"http:\/\/www2.ufpel.edu.br\/isp\/ecs-sul\/\">I EICS<\/a><\/strong><\/p>\n<p>&nbsp;<\/p>\n","protected":false},"excerpt":{"rendered":"<p>2015 &gt;\u00a0IV Jornada Brasileira de Sociologia \/ I Jornada Brasileira de Ci\u00eancia Pol\u00edtica &gt; Palestra: Discurso, Trabalho e Movimentos Sociais &gt; III Semin\u00e1rio de Integra\u00e7\u00e3o Sociol\u00f3gica &gt;\u00a0Semin\u00e1rios Avan\u00e7ados: An\u00e1lise de Classes e Rela\u00e7\u00f5es de Trabalho no Capitalismo Globall, com Prof. Dr. El\u00edsio Estanque &gt; Em agosto contamos com o professor visitante El\u00edsio Estanque &gt;\u00a0I Simp\u00f3sio: [&hellip;]<\/p>\n","protected":false},"author":396,"featured_media":0,"parent":296,"menu_order":3,"comment_status":"closed","ping_status":"closed","template":"","meta":{"jetpack_post_was_ever_published":false,"footnotes":""},"class_list":["post-2289","page","type-page","status-publish","hentry"],"jetpack_sharing_enabled":true,"jetpack_shortlink":"https:\/\/wp.me\/P9dZ0f-AV","jetpack_likes_enabled":true,"jetpack-related-posts":[],"_links":{"self":[{"href":"https:\/\/wp.ufpel.edu.br\/ppgs\/wp-json\/wp\/v2\/pages\/2289","targetHints":{"allow":["GET"]}}],"collection":[{"href":"https:\/\/wp.ufpel.edu.br\/ppgs\/wp-json\/wp\/v2\/pages"}],"about":[{"href":"https:\/\/wp.ufpel.edu.br\/ppgs\/wp-json\/wp\/v2\/types\/page"}],"author":[{"embeddable":true,"href":"https:\/\/wp.ufpel.edu.br\/ppgs\/wp-json\/wp\/v2\/users\/396"}],"replies":[{"embeddable":true,"href":"https:\/\/wp.ufpel.edu.br\/ppgs\/wp-json\/wp\/v2\/comments?post=2289"}],"version-history":[{"count":3,"href":"https:\/\/wp.ufpel.edu.br\/ppgs\/wp-json\/wp\/v2\/pages\/2289\/revisions"}],"predecessor-version":[{"id":5477,"href":"https:\/\/wp.ufpel.edu.br\/ppgs\/wp-json\/wp\/v2\/pages\/2289\/revisions\/5477"}],"up":[{"embeddable":true,"href":"https:\/\/wp.ufpel.edu.br\/ppgs\/wp-json\/wp\/v2\/pages\/296"}],"wp:attachment":[{"href":"https:\/\/wp.ufpel.edu.br\/ppgs\/wp-json\/wp\/v2\/media?parent=2289"}],"curies":[{"name":"wp","href":"https:\/\/api.w.org\/{rel}","templated":true}]}}

<p>2015</p>
<p>&gt; <strong><a href="https://wp.ufpel.edu.br/ppgs/2015/10/03/iv-jornada-brasileira-de-sociologia-i-jornada-brasileira-de-ciencia-politica/">IV Jornada Brasileira de Sociologia / I Jornada Brasileira de Ciência Política</a></strong></p>
<p>&gt; <strong><a href="https://wp.ufpel.edu.br/ppgs/2015/08/21/convite-palestra-discurso-trabalho-e-movimentos-sociais/">Palestra: Discurso, Trabalho e Movimentos Sociais</a></strong></p>
<p>&gt; <strong><a href="https://wp.ufpel.edu.br/ppgs/2015/07/15/iii-seminario-de-integracao-sociologica/">III Seminário de Integração Sociológica</a></strong></p>
<p>&gt; <strong><a href="https://wp.ufpel.edu.br/ppgs/2015/07/14/elisio-estanque-professor-visitante-no-ppgs-sociologia-da-ufpel/">Seminários Avançados: Análise de Classes e Relações de Trabalho no Capitalismo Globall, com Prof. Dr. Elísio Estanque</a></strong></p>
<p>&gt; <strong><a href="https://wp.ufpel.edu.br/ppgs/2015/07/14/elisio-estanque-professor-visitante-no-ppgs-sociologia-da-ufpel/">Em agosto contamos com o professor visitante Elísio Estanque</a></strong></p>
<p>&gt; <strong><a href="https://wp.ufpel.edu.br/ppgs/2015/06/01/i-simposio-pos-estruturalismo-e-teoria-social-o-legado-de-ernesto-laclau/">I Simpósio: Pós-Estruturalismo e Teoria Social em debate: o legado de Ernesto Laclau</a></strong></p>
<p>&gt; <strong><a href="https://wp.ufpel.edu.br/ppgs/2015/05/06/oferta-da-disciplina-sociologia-da-acao-de-alain-touraine/">Sociologia da ação de Alain Touraine, com Prof. Dr. Raúl Enrique Rojo</a></strong></p>
<p>&gt; <strong><a href="https://wp.ufpel.edu.br/ppgs/2015/05/10/ppgs-convida-para-a-palestra-fuga-de-cerebros-brain-drain-as-consequencias-para-o-desenvolvimento/">Palestra “Fuga de Cérebros (Brain Drain): as consequências para o desenvolvimento”</a></strong></p>
<p><strong>&gt; <a title="Convite: Aula Inaugural do IFISP – Profa. Dra. Vera Silva Telles" href="https://wp.ufpel.edu.br/ppgs/2015/04/08/convite-aula-inaugural-do-ifisp/">Convite: Aula Inaugural do IFISP – Profa. Dra. Vera Silva Telles</a></strong></p>
<hr />
<p>&nbsp;</p>
<p>2014</p>
<p><strong>&gt; <a href="https://wp.ufpel.edu.br/ppgs/2014/04/24/faculdade-de-direito-em-parceria-com-o-ppgs-convida-para-a-aula-inaugural-do-curso-de-direito/">Palestra ” O Direito do Trabalho e as interações que o acompanham” –  Prof. Márcio Túlio Viana</a></strong></p>
<p><strong>&gt; <a href="https://wp.ufpel.edu.br/ppgs/2014/05/15/professor-uruguaio-palestra-no-ifisp/">“As mudanças na sociedade rural do Uruguai no começo do Século 21”  – Prof. Diego Piñero</a></strong></p>
<p><strong>&gt; <a href="https://wp.ufpel.edu.br/ppgs/2014/03/18/ciclo-de-palestras-de-sociologia-historica/">Ciclo de Palestras de Sociologia História</a></strong></p>
<p><strong>&gt; <a href="https://wp.ufpel.edu.br/ppgs/2014/06/04/ppgs-convida-para-palestra/">“Homo Faber: Refletindo sobre práticas de trabalho na Serra Gaúcha/RS” – Profa. Dra. Beatriz Rodrigues Kanaan</a></strong></p>
<p>&gt; <strong><a href="https://wp.ufpel.edu.br/ppgs/2014/07/21/ppgs-convida-para-palestra-alain-touraine-e-o-fim-das-sociedades/">Palestra “Alain Touraine e o fim das sociedades” – Prof. Dr. Raul Rojo</a></strong></p>
<p><strong>&gt; <a title="O PPGS/UFPel e a participação no II Seminário de Integração Sociológica" href="https://wp.ufpel.edu.br/ppgs/2014/11/01/o-ppgsufpel-e-a-participacao-no-ii-seminario-de-integracao-sociologica/">II Seminário de Integração Sociológica – UFPEL / UFRGS</a></strong></p>
<p><strong>&gt; <a title="Palestra de Ângelo Martins Júnior no PPGS" href="https://wp.ufpel.edu.br/ppgs/2014/11/12/palestra-de-angelo-martins-junior-no-ppgs/">Palestra, no PPGS, de Ângelo Martins Júnior sobre Descolonialismo na América Latina e a &gt; experiência dos imigrantes brasileiros em Londres.</a></strong></p>
<p><strong>&gt; <a title="IV EICS" href="http://www2.ufpel.edu.br/ifisp/ppgs/eics/" target="_blank" rel="noopener noreferrer">IV Encontro Internacional de Ciências Sociais, de 18 a 21 de novembro de 2014</a></strong></p>
<p><strong>&gt; <a title="Integrantes do PPGS/UFPel lançam livros no IV EICS" href="https://wp.ufpel.edu.br/ppgs/2014/11/17/integrantes-do-ppgsufpel-lancam-livros-no-iv-eics/" target="_blank" rel="noopener noreferrer">Lançamento de livros no IV EICS</a></strong></p>
<p><strong>&gt; <a title="PPGS/UFPel adere ao Programa – Escola de Altos Estudos [EAE] do PPGS/UFRGS" href="https://wp.ufpel.edu.br/ppgs/2014/11/17/546/" target="_blank" rel="noopener noreferrer">Acordo Escola de Altos Estudos UFPel / UFRGS</a></strong></p>
<p><strong>&gt; <a title="Mini-curso na UFPel com a Profa. Dra. Alice Gates" href="https://wp.ufpel.edu.br/ppgs/2014/11/23/mini-curso-na-ufpel-com-a-profa-dra-alice-gates/" target="_blank" rel="noopener noreferrer">Mini-curso na UFPel com a Profa. Dra. Alice Gates</a></strong></p>
<p><strong>&gt; <a title="Pesquisador argentino ministra palestra sobre Trabalho e emoções nesta terça-feira" href="https://wp.ufpel.edu.br/ppgs/2014/12/08/pesquisador-argentino-ministra-palestra-sobre-trabalho-e-emocoes-nesta-terca-feira/" target="_blank" rel="noopener noreferrer">Palestra do pesquisador argentino do Conicet Dr. Pedro Lisdero</a></strong></p>
<hr />
<p>&nbsp;</p>
<p>2005</p>
<p><strong>&gt; <a href="http://www2.ufpel.edu.br/isp/ecs-sul/">I EICS</a></strong></p>
<p>&nbsp;</p>

<p>2015 &gt; IV Jornada Brasileira de Sociologia / I Jornada Brasileira de Ciência Política &gt; Palestra: Discurso, Trabalho e Movimentos Sociais &gt; III Seminário de Integração Sociológica &gt; Seminários Avançados: Análise de Classes e Relações de Trabalho no Capitalismo Globall, com Prof. Dr. Elísio Estanque &gt; Em agosto contamos com o professor visitante Elísio Estanque &gt; I Simpósio: [&hellip;]</p>
