{"id":2075,"date":"2016-12-13T19:34:51","date_gmt":"2016-12-13T21:34:51","guid":{"rendered":"https:\/\/wp.ufpel.edu.br\/ppgs\/?page_id=2075"},"modified":"2016-12-13T19:34:51","modified_gmt":"2016-12-13T21:34:51","slug":"estructura-curricular","status":"publish","type":"page","link":"https:\/\/wp.ufpel.edu.br\/ppgs\/estructura-curricular\/","title":{"rendered":"Estructura Curricular"},"content":{"rendered":"<p>El curr\u00edculo del Curso de Maestr\u00eda en Sociolog\u00eda est\u00e1 constituido por asignaturas obligatorias y optativas.<\/p>\n<p>Se consideran asignaturas obligatorias aquellas que representan el soporte formal e intelectual indispensable al desarrollo del curso. Se consideran asignaturas optativas aquellas que dirigen la formaci\u00f3n del estudiante dentro de las l\u00edneas de investigaci\u00f3n del Programa.<\/p>\n<p>Para concluir el curso de Maestr\u00eda se exige el cumplimiento de catorce (14) cr\u00e9ditos obligatorios y doce (12) optativos. La disertaci\u00f3n da derecho a seis (06) cr\u00e9ditos, los cuales se integrar\u00e1n al conjunto de cr\u00e9ditos necesarios para la conclusi\u00f3n del curso. Informaciones adicionales pueden ser obtenidas en la Secci\u00f3n III del Reglamento del PPGS, denominada Estructura Curricular.<\/p>\n","protected":false},"excerpt":{"rendered":"<p>El curr\u00edculo del Curso de Maestr\u00eda en Sociolog\u00eda est\u00e1 constituido por asignaturas obligatorias y optativas. Se consideran asignaturas obligatorias aquellas que representan el soporte formal e intelectual indispensable al desarrollo del curso. Se consideran asignaturas optativas aquellas que dirigen la formaci\u00f3n del estudiante dentro de las l\u00edneas de investigaci\u00f3n del Programa. Para concluir el curso [&hellip;]<\/p>\n","protected":false},"author":396,"featured_media":0,"parent":0,"menu_order":3,"comment_status":"closed","ping_status":"closed","template":"","meta":{"jetpack_post_was_ever_published":false,"footnotes":""},"class_list":["post-2075","page","type-page","status-publish","hentry"],"jetpack_sharing_enabled":true,"jetpack_shortlink":"https:\/\/wp.me\/P9dZ0f-xt","jetpack_likes_enabled":true,"jetpack-related-posts":[],"_links":{"self":[{"href":"https:\/\/wp.ufpel.edu.br\/ppgs\/wp-json\/wp\/v2\/pages\/2075","targetHints":{"allow":["GET"]}}],"collection":[{"href":"https:\/\/wp.ufpel.edu.br\/ppgs\/wp-json\/wp\/v2\/pages"}],"about":[{"href":"https:\/\/wp.ufpel.edu.br\/ppgs\/wp-json\/wp\/v2\/types\/page"}],"author":[{"embeddable":true,"href":"https:\/\/wp.ufpel.edu.br\/ppgs\/wp-json\/wp\/v2\/users\/396"}],"replies":[{"embeddable":true,"href":"https:\/\/wp.ufpel.edu.br\/ppgs\/wp-json\/wp\/v2\/comments?post=2075"}],"version-history":[{"count":1,"href":"https:\/\/wp.ufpel.edu.br\/ppgs\/wp-json\/wp\/v2\/pages\/2075\/revisions"}],"predecessor-version":[{"id":2077,"href":"https:\/\/wp.ufpel.edu.br\/ppgs\/wp-json\/wp\/v2\/pages\/2075\/revisions\/2077"}],"wp:attachment":[{"href":"https:\/\/wp.ufpel.edu.br\/ppgs\/wp-json\/wp\/v2\/media?parent=2075"}],"curies":[{"name":"wp","href":"https:\/\/api.w.org\/{rel}","templated":true}]}}