{"id":1933,"date":"2016-11-18T22:22:38","date_gmt":"2016-11-19T00:22:38","guid":{"rendered":"https:\/\/wp.ufpel.edu.br\/ppgs\/?page_id=1933"},"modified":"2019-02-18T16:15:22","modified_gmt":"2019-02-18T19:15:22","slug":"v-eics-2017","status":"publish","type":"page","link":"https:\/\/wp.ufpel.edu.br\/ppgs\/eventos\/eventos-2017\/v-eics-2017\/","title":{"rendered":"V EICS 2017"},"content":{"rendered":"<p style=\"text-align: center\"><span style=\"font-size: 14pt\"><strong><span style=\"color: #800000\"><a href=\"https:\/\/wp.ufpel.edu.br\/veics\/\">V EICS &#8211; Encontro Internacional de Ci\u00eancias Sociais<\/a>: <\/span><\/strong><\/span><br \/>\n<span style=\"color: #000000\"><strong><span style=\"font-size: 12pt\">Democracia e seus dilemas contempor\u00e2neos<\/span><\/strong><\/span><br \/>\n<span style=\"color: #000000\"><strong><span style=\"font-size: 12pt\">19 a 22 de Junho de 2017<\/span><\/strong><\/span><\/p>\n<p>&nbsp;<\/p>\n<p style=\"text-align: center\"><strong>NOTA DE CANCELAMENTO DO V ENCONTRO INTERNACIONAL DE CI\u00caNCIAS SOCIAIS (V EICS)<\/strong><\/p>\n<p>Vimos atrav\u00e9s desta notificar a nossos colaboradores e ao p\u00fablico em geral o CANCELAMENTO da quinta edi\u00e7\u00e3o do Encontro Internacional de Ci\u00eancias Sociais (VEICS), previsto para acontecer entre os dias 19 e 22 de junho de 2017, na cidade de Pelotas\/RS. O motivo principal para esta decis\u00e3o extrema foi a negativa de financiamento p\u00fablico por parte das principais ag\u00eancias de fomento (CNPq e CAPES) para a edi\u00e7\u00e3o atual, parcerias fundamentais nas edi\u00e7\u00f5es anteriores. O aux\u00edlio p\u00fablico e o pagamento de inscri\u00e7\u00f5es foram as fontes de financiamento que alavancaram a execu\u00e7\u00e3o das edi\u00e7\u00f5es anteriores, as quais contribu\u00edram decisivamente para a constitui\u00e7\u00e3o do importante f\u00f3rum de debate acad\u00eamico na regi\u00e3o sul de Brasil representado pelo Encontro Internacional de Ci\u00eancias Sociais (EICS). A posi\u00e7\u00e3o geogr\u00e1fica de Pelotas, pr\u00f3xima \u00e0 fronteira de alguns pa\u00edses latino-americanos, promoveu nas edi\u00e7\u00f5es anteriores uma ampla participa\u00e7\u00e3o de pesquisadores de pa\u00edses como Uruguai, Argentina e Chile.<\/p>\n<p>Justamente pelo sucesso e tamanho do EICS \u00e9 que os promotores do evento, os Programas de P\u00f3s-Gradua\u00e7\u00e3o em Antropologia, Ci\u00eancia Pol\u00edtica e Sociologia, entenderam que seria temer\u00e1rio manter um evento do vulto do EICS contando somente com os recursos das inscri\u00e7\u00f5es dos participantes do mesmo. Em respeito aos colegas colaboradores e ao p\u00fablico acad\u00eamico, todos merecedores de um tratamento cordial e de um evento com condi\u00e7\u00f5es de receber as atividades previstas com condi\u00e7\u00f5es m\u00ednimas de trabalho, foi decidido o cancelamento desta edi\u00e7\u00e3o do V EICS.<\/p>\n<p>Pedimos desculpas aos convidados para as confer\u00eancias centrais e para as mesas redondas que com muita disposi\u00e7\u00e3o e generosidade aceitaram participar do evento. Do mesmo modo, nos dirigimos aos colegas que rapidamente atenderam \u00e0 convoca\u00e7\u00e3o do evento e elaboraram e enviaram propostas de cria\u00e7\u00e3o de GTs. N\u00e3o pod\u00edamos prever, nem na hip\u00f3tese mais pessimista, no momento do lan\u00e7amento da convoca\u00e7\u00e3o que as ag\u00eancias n\u00e3o atenderiam a necessidade imperiosa de financiamento do evento.<\/p>\n<p>Nas respostas das ag\u00eancias de financiamento ao projeto do V EICS, o m\u00e9rito e a relev\u00e2ncia do evento foram destacados, ao mesmo tempo que informavam a impossibilidade do financiamento pela escassez de recursos e pela op\u00e7\u00e3o por outros projetos, estes priorit\u00e1rios na concep\u00e7\u00e3o das referidas ag\u00eancias de fomento acad\u00eamico. \u00c9 dif\u00edcil entender como um evento como o EICS n\u00e3o \u00e9 priorit\u00e1rio para o fomento da produ\u00e7\u00e3o na \u00e1rea de Ci\u00eancias Sociais. Cremos que a influ\u00eancia na pol\u00edtica acad\u00eamica das recentes transforma\u00e7\u00f5es na pol\u00edtica brasileira tenha tornado o conhecimento das ci\u00eancias sociais e a qualifica\u00e7\u00e3o do debate sobre temas como a democracia como algo n\u00e3o priorit\u00e1rio.<\/p>\n<p>Em respeito aos nossos colaboradores, ao p\u00fablico acad\u00eamico e ao compromisso com a sociedade, manteremos o esfor\u00e7o para tornar o conhecimento das ci\u00eancias sociais priorit\u00e1rio, trabalhando para a consolida\u00e7\u00e3o da tradi\u00e7\u00e3o que o EICS representa. O certo \u00e9 que manteremos nosso esfor\u00e7o para contribuir para a consolida\u00e7\u00e3o da \u00e1rea de Ci\u00eancias Sociais na regi\u00e3o sul da Am\u00e9rica Latina.<\/p>\n<p>Atenciosamente,<\/p>\n<p>Programas de P\u00f3s Gradua\u00e7\u00e3o de Antropologia, Ci\u00eancia Pol\u00edtica e de Sociologia da Universidade Federal de Pelotas<\/p>\n<p>&nbsp;<\/p>\n<p>***<\/p>\n<p><strong><span style=\"color: #000000\">Apresenta\u00e7\u00e3o<\/span><\/strong><br \/>\nOs Programas de P\u00f3s-Gradua\u00e7\u00e3o em Antropologia, Ci\u00eancia Pol\u00edtica e Sociologia da UFPel t\u00eam o prazer de convidar a comunidade cient\u00edfica \u2013 institui\u00e7\u00f5es de ensino superior, de pesquisa, e de extens\u00e3o, p\u00fablicas ou privadas, para participarem do V EICS \u2013 Encontro Internacional de Ci\u00eancias Sociais. O Evento tem ocorrido a cada dois anos, desde 2008, com exce\u00e7\u00e3o da presente edi\u00e7\u00e3o, cuja periodicidade se estendeu para a adequa\u00e7\u00e3o do calend\u00e1rio do evento junto ao primeiro semestre de 2017. O crescente sucesso do evento tem encorajado a sua continuidade, tornando-se hoje mais um polo produtor e disseminador de conhecimento, agregando pesquisadores de todo o pa\u00eds e do exterior.<\/p>\n<p><strong><span style=\"color: #000000\">Tem\u00e1tica do evento<\/span><\/strong><br \/>\nO objetivo do V Encontro Internacional em Ci\u00eancias Sociais \u00e9 o de promover um amplo e profundo debate sobre a situa\u00e7\u00e3o atual da democracia e de seus dilemas na sua express\u00e3o contempor\u00e2nea, em especial nas sociedades que apresentam uma ades\u00e3o recente ao sistema democr\u00e1tico. A intensifica\u00e7\u00e3o das pr\u00e1ticas democr\u00e1ticas est\u00e1 produzindo mudan\u00e7as importantes, desde o aprofundamento da participa\u00e7\u00e3o popular nos processos de governo at\u00e9 a crescente influ\u00eancia da rela\u00e7\u00e3o local\/global na constitui\u00e7\u00e3o institucional e na defini\u00e7\u00e3o de din\u00e2micas socioculturais que passaram a forjar essas sociedades.\u00a0 A realidade da internacionaliza\u00e7\u00e3o gerou crises e trouxe desafios importantes para se pensar as din\u00e2micas socioculturais e as rela\u00e7\u00f5es de poder que pressionam e reconfiguram a realidade das na\u00e7\u00f5es.\u00a0 As sociedades est\u00e3o cada vez mais influenciadas por uma agenda global e as institui\u00e7\u00f5es, tanto as de mercado como as estatais, passam a compartilhar cada vez mais dessas refer\u00eancias globais para a sua constitui\u00e7\u00e3o, ao mesmo tempo em que mostram um pluralismo crescente em suas rela\u00e7\u00f5es.<\/p>\n<p>Por\u00e9m, essas transforma\u00e7\u00f5es precisam ser percebidas atrav\u00e9s das tens\u00f5es que elas desencadeiam, n\u00e3o perdendo de vista que, mais do que imagens idealizadas, o que nos d\u00e1 o sentido da realidade de uma sociedade \u00e9 a compreens\u00e3o dos elementos e dos processos hist\u00f3ricos e culturais de efetiva\u00e7\u00e3o desta mesma realidade. A presen\u00e7a das assimetrias pr\u00f3prias \u00e0s estruturas hier\u00e1rquicas tradicionais imp\u00f5e dificuldades para a configura\u00e7\u00e3o de pr\u00e1ticas igualit\u00e1rias, em sociedades com forte tradi\u00e7\u00e3o autorit\u00e1ria em suas rela\u00e7\u00f5es de poder. Impasses na constru\u00e7\u00e3o da cidadania, nas suas diversas possibilidades, e no desenvolvimento de processos participativos obstaculizam rela\u00e7\u00f5es mais horizontais e o estabelecimento de um efetivo poder democr\u00e1tico.<\/p>\n<p>As institui\u00e7\u00f5es mostram dificuldades em forjar sentidos de ordem e de justi\u00e7a que sejam percebidos pelos atores sociais como legitimamente democr\u00e1ticos, trazendo s\u00e9rios riscos para a institucionaliza\u00e7\u00e3o do Estado de direito.\u00a0 Diante deste cen\u00e1rio, diversas interpreta\u00e7\u00f5es prop\u00f5em solu\u00e7\u00f5es, desde o aprofundamento das rela\u00e7\u00f5es democr\u00e1ticas at\u00e9 o estabelecimento de fundamentalismos de variadas ordens. O V Encontro Internacional de Ci\u00eancias Sociais convida para a constru\u00e7\u00e3o de conhecimentos sobre estas quest\u00f5es, debatendo essa realidade desafiadora, forjando novos conceitos, revendo categorias, a fim de ampliar o entendimento deste momento de crise e propor caminhos que vislumbrem a possibilidade de uma sociedade mais justa.<\/p>\n<p><a href=\"https:\/\/wp.ufpel.edu.br\/ppgs\/files\/2016\/11\/Edital-PROPOSICAO-DE-GTS-para-o-V-EICS.pdf\"><strong>EDITAL DE SELE\u00c7\u00c3O DE GRUPOS DE TRABALHO<\/strong><\/a><\/p>\n<p><em><strong><span style=\"color: #800000\">Confira:<\/span>\u00a0<a href=\"https:\/\/wp.ufpel.edu.br\/ppgs\/files\/2016\/12\/Edital-de-retifica%C3%A7%C3%A3o-de-sele%C3%A7%C3%A3o-de-Grupos-de-Trabalho.pdf\">EDITAL DE RETIFICA\u00c7\u00c3O DE SELE\u00c7\u00c3O DE GTs DO V EICS !!!!!!!!!<\/a><\/strong><\/em><\/p>\n<p>&nbsp;<\/p>\n","protected":false},"excerpt":{"rendered":"<p>V EICS &#8211; Encontro Internacional de Ci\u00eancias Sociais: Democracia e seus dilemas contempor\u00e2neos 19 a 22 de Junho de 2017 &nbsp; NOTA DE CANCELAMENTO DO V ENCONTRO INTERNACIONAL DE CI\u00caNCIAS SOCIAIS (V EICS) Vimos atrav\u00e9s desta notificar a nossos colaboradores e ao p\u00fablico em geral o CANCELAMENTO da quinta edi\u00e7\u00e3o do Encontro Internacional de Ci\u00eancias [&hellip;]<\/p>\n","protected":false},"author":396,"featured_media":0,"parent":2281,"menu_order":0,"comment_status":"closed","ping_status":"closed","template":"","meta":{"jetpack_post_was_ever_published":false,"footnotes":""},"class_list":["post-1933","page","type-page","status-publish","hentry"],"jetpack_sharing_enabled":true,"jetpack_shortlink":"https:\/\/wp.me\/P9dZ0f-vb","jetpack_likes_enabled":true,"jetpack-related-posts":[],"_links":{"self":[{"href":"https:\/\/wp.ufpel.edu.br\/ppgs\/wp-json\/wp\/v2\/pages\/1933","targetHints":{"allow":["GET"]}}],"collection":[{"href":"https:\/\/wp.ufpel.edu.br\/ppgs\/wp-json\/wp\/v2\/pages"}],"about":[{"href":"https:\/\/wp.ufpel.edu.br\/ppgs\/wp-json\/wp\/v2\/types\/page"}],"author":[{"embeddable":true,"href":"https:\/\/wp.ufpel.edu.br\/ppgs\/wp-json\/wp\/v2\/users\/396"}],"replies":[{"embeddable":true,"href":"https:\/\/wp.ufpel.edu.br\/ppgs\/wp-json\/wp\/v2\/comments?post=1933"}],"version-history":[{"count":7,"href":"https:\/\/wp.ufpel.edu.br\/ppgs\/wp-json\/wp\/v2\/pages\/1933\/revisions"}],"predecessor-version":[{"id":2256,"href":"https:\/\/wp.ufpel.edu.br\/ppgs\/wp-json\/wp\/v2\/pages\/1933\/revisions\/2256"}],"up":[{"embeddable":true,"href":"https:\/\/wp.ufpel.edu.br\/ppgs\/wp-json\/wp\/v2\/pages\/2281"}],"wp:attachment":[{"href":"https:\/\/wp.ufpel.edu.br\/ppgs\/wp-json\/wp\/v2\/media?parent=1933"}],"curies":[{"name":"wp","href":"https:\/\/api.w.org\/{rel}","templated":true}]}}

<p style="text-align: center"><span style="font-size: 14pt"><strong><span style="color: #800000"><a href="https://wp.ufpel.edu.br/veics/">V EICS &#8211; Encontro Internacional de Ciências Sociais</a>: </span></strong></span><br />
<span style="color: #000000"><strong><span style="font-size: 12pt">Democracia e seus dilemas contemporâneos</span></strong></span><br />
<span style="color: #000000"><strong><span style="font-size: 12pt">19 a 22 de Junho de 2017</span></strong></span></p>
<p>&nbsp;</p>
<p style="text-align: center"><strong>NOTA DE CANCELAMENTO DO V ENCONTRO INTERNACIONAL DE CIÊNCIAS SOCIAIS (V EICS)</strong></p>
<p>Vimos através desta notificar a nossos colaboradores e ao público em geral o CANCELAMENTO da quinta edição do Encontro Internacional de Ciências Sociais (VEICS), previsto para acontecer entre os dias 19 e 22 de junho de 2017, na cidade de Pelotas/RS. O motivo principal para esta decisão extrema foi a negativa de financiamento público por parte das principais agências de fomento (CNPq e CAPES) para a edição atual, parcerias fundamentais nas edições anteriores. O auxílio público e o pagamento de inscrições foram as fontes de financiamento que alavancaram a execução das edições anteriores, as quais contribuíram decisivamente para a constituição do importante fórum de debate acadêmico na região sul de Brasil representado pelo Encontro Internacional de Ciências Sociais (EICS). A posição geográfica de Pelotas, próxima à fronteira de alguns países latino-americanos, promoveu nas edições anteriores uma ampla participação de pesquisadores de países como Uruguai, Argentina e Chile.</p>
<p>Justamente pelo sucesso e tamanho do EICS é que os promotores do evento, os Programas de Pós-Graduação em Antropologia, Ciência Política e Sociologia, entenderam que seria temerário manter um evento do vulto do EICS contando somente com os recursos das inscrições dos participantes do mesmo. Em respeito aos colegas colaboradores e ao público acadêmico, todos merecedores de um tratamento cordial e de um evento com condições de receber as atividades previstas com condições mínimas de trabalho, foi decidido o cancelamento desta edição do V EICS.</p>
<p>Pedimos desculpas aos convidados para as conferências centrais e para as mesas redondas que com muita disposição e generosidade aceitaram participar do evento. Do mesmo modo, nos dirigimos aos colegas que rapidamente atenderam à convocação do evento e elaboraram e enviaram propostas de criação de GTs. Não podíamos prever, nem na hipótese mais pessimista, no momento do lançamento da convocação que as agências não atenderiam a necessidade imperiosa de financiamento do evento.</p>
<p>Nas respostas das agências de financiamento ao projeto do V EICS, o mérito e a relevância do evento foram destacados, ao mesmo tempo que informavam a impossibilidade do financiamento pela escassez de recursos e pela opção por outros projetos, estes prioritários na concepção das referidas agências de fomento acadêmico. É difícil entender como um evento como o EICS não é prioritário para o fomento da produção na área de Ciências Sociais. Cremos que a influência na política acadêmica das recentes transformações na política brasileira tenha tornado o conhecimento das ciências sociais e a qualificação do debate sobre temas como a democracia como algo não prioritário.</p>
<p>Em respeito aos nossos colaboradores, ao público acadêmico e ao compromisso com a sociedade, manteremos o esforço para tornar o conhecimento das ciências sociais prioritário, trabalhando para a consolidação da tradição que o EICS representa. O certo é que manteremos nosso esforço para contribuir para a consolidação da área de Ciências Sociais na região sul da América Latina.</p>
<p>Atenciosamente,</p>
<p>Programas de Pós Graduação de Antropologia, Ciência Política e de Sociologia da Universidade Federal de Pelotas</p>
<p>&nbsp;</p>
<p>***</p>
<p><strong><span style="color: #000000">Apresentação</span></strong><br />
Os Programas de Pós-Graduação em Antropologia, Ciência Política e Sociologia da UFPel têm o prazer de convidar a comunidade científica – instituições de ensino superior, de pesquisa, e de extensão, públicas ou privadas, para participarem do V EICS – Encontro Internacional de Ciências Sociais. O Evento tem ocorrido a cada dois anos, desde 2008, com exceção da presente edição, cuja periodicidade se estendeu para a adequação do calendário do evento junto ao primeiro semestre de 2017. O crescente sucesso do evento tem encorajado a sua continuidade, tornando-se hoje mais um polo produtor e disseminador de conhecimento, agregando pesquisadores de todo o país e do exterior.</p>
<p><strong><span style="color: #000000">Temática do evento</span></strong><br />
O objetivo do V Encontro Internacional em Ciências Sociais é o de promover um amplo e profundo debate sobre a situação atual da democracia e de seus dilemas na sua expressão contemporânea, em especial nas sociedades que apresentam uma adesão recente ao sistema democrático. A intensificação das práticas democráticas está produzindo mudanças importantes, desde o aprofundamento da participação popular nos processos de governo até a crescente influência da relação local/global na constituição institucional e na definição de dinâmicas socioculturais que passaram a forjar essas sociedades.  A realidade da internacionalização gerou crises e trouxe desafios importantes para se pensar as dinâmicas socioculturais e as relações de poder que pressionam e reconfiguram a realidade das nações.  As sociedades estão cada vez mais influenciadas por uma agenda global e as instituições, tanto as de mercado como as estatais, passam a compartilhar cada vez mais dessas referências globais para a sua constituição, ao mesmo tempo em que mostram um pluralismo crescente em suas relações.</p>
<p>Porém, essas transformações precisam ser percebidas através das tensões que elas desencadeiam, não perdendo de vista que, mais do que imagens idealizadas, o que nos dá o sentido da realidade de uma sociedade é a compreensão dos elementos e dos processos históricos e culturais de efetivação desta mesma realidade. A presença das assimetrias próprias às estruturas hierárquicas tradicionais impõe dificuldades para a configuração de práticas igualitárias, em sociedades com forte tradição autoritária em suas relações de poder. Impasses na construção da cidadania, nas suas diversas possibilidades, e no desenvolvimento de processos participativos obstaculizam relações mais horizontais e o estabelecimento de um efetivo poder democrático.</p>
<p>As instituições mostram dificuldades em forjar sentidos de ordem e de justiça que sejam percebidos pelos atores sociais como legitimamente democráticos, trazendo sérios riscos para a institucionalização do Estado de direito.  Diante deste cenário, diversas interpretações propõem soluções, desde o aprofundamento das relações democráticas até o estabelecimento de fundamentalismos de variadas ordens. O V Encontro Internacional de Ciências Sociais convida para a construção de conhecimentos sobre estas questões, debatendo essa realidade desafiadora, forjando novos conceitos, revendo categorias, a fim de ampliar o entendimento deste momento de crise e propor caminhos que vislumbrem a possibilidade de uma sociedade mais justa.</p>
<p><a href="https://wp.ufpel.edu.br/ppgs/files/2016/11/Edital-PROPOSICAO-DE-GTS-para-o-V-EICS.pdf"><strong>EDITAL DE SELEÇÃO DE GRUPOS DE TRABALHO</strong></a></p>
<p><em><strong><span style="color: #800000">Confira:</span> <a href="https://wp.ufpel.edu.br/ppgs/files/2016/12/Edital-de-retifica%C3%A7%C3%A3o-de-sele%C3%A7%C3%A3o-de-Grupos-de-Trabalho.pdf">EDITAL DE RETIFICAÇÃO DE SELEÇÃO DE GTs DO V EICS !!!!!!!!!</a></strong></em></p>
<p>&nbsp;</p>

<p>V EICS &#8211; Encontro Internacional de Ciências Sociais: Democracia e seus dilemas contemporâneos 19 a 22 de Junho de 2017 &nbsp; NOTA DE CANCELAMENTO DO V ENCONTRO INTERNACIONAL DE CIÊNCIAS SOCIAIS (V EICS) Vimos através desta notificar a nossos colaboradores e ao público em geral o CANCELAMENTO da quinta edição do Encontro Internacional de Ciências [&hellip;]</p>
