{"id":1556,"date":"2016-11-26T16:15:10","date_gmt":"2016-11-26T18:15:10","guid":{"rendered":"https:\/\/wp.ufpel.edu.br\/ppgs\/?page_id=1556"},"modified":"2021-05-08T16:52:34","modified_gmt":"2021-05-08T19:52:34","slug":"grupos-de-pesquisa","status":"publish","type":"page","link":"https:\/\/wp.ufpel.edu.br\/ppgs\/grupos-de-pesquisa\/","title":{"rendered":"Grupos de Pesquisa"},"content":{"rendered":"<p><strong>Professores\u00a0<\/strong><\/p>\n<table class=\" aligncenter\" style=\"height: 1710px;width: 100%;border-style: dotted\">\n<tbody>\n<tr style=\"height: 113px\">\n<td style=\"width: 46.988%;height: 83px;text-align: center;vertical-align: middle\"><strong><em>Prof. Dr. Am\u00edlcar Cardoso Vila\u00e7a de Freitas<\/em><\/strong><\/td>\n<td style=\"width: 70.3614%;height: 83px;text-align: center;vertical-align: middle\"><strong>\u00a0N\u00facleo Interseccionalidades &#8211; UFPel<\/strong><\/td>\n<\/tr>\n<tr style=\"height: 72px\">\n<td style=\"width: 46.988%;height: 72px;text-align: center\"><strong><em>Prof. Dr. Attila Magno e Silva Barbosa<\/em><\/strong><\/td>\n<td style=\"width: 70.3614%;height: 72px;text-align: center\">\n<p><strong><a href=\"http:\/\/dgp.cnpq.br\/dgp\/espelhogrupo\/3352646326017738\" target=\"_blank\" rel=\"noopener noreferrer\">Mudan\u00e7as organizacionais e novas subjetividades no mundo do trabalho<\/a>\u00a0&#8211; UFPel<\/strong><\/p>\n<p><strong><a href=\"http:\/\/dgp.cnpq.br\/dgp\/espelhogrupo\/17478\" target=\"_blank\" rel=\"noopener noreferrer\">Laborat\u00f3rio de Estudos sobre Trabalho, Profiss\u00f5es e Mobilidades (LEST-M)<\/a> &#8211; UFSCar<\/strong><\/td>\n<\/tr>\n<tr style=\"height: 168px\">\n<td style=\"width: 46.988%;height: 168px;text-align: center\"><strong><em>Profa. Dra. Elaine da Silveira Leite<\/em><\/strong><\/td>\n<td style=\"width: 70.3614%;height: 168px;text-align: center\">\n<p><strong><a href=\"http:\/\/www.nesefi.dep.ufscar.br\/\">N\u00facleo de Estudos em Sociologia Econ\u00f4mica e das Finan\u00e7as &#8211; UFSCar<\/a><\/strong><\/p>\n<p><strong><a href=\"http:\/\/dgp.cnpq.br\/dgp\/espelhogrupo\/501497\" target=\"_blank\" rel=\"noopener noreferrer\">Grupo de Estudos e Pesquisa Novas Sociologias (GENS)<\/a> &#8211; UFPel<\/strong><\/p>\n<p><strong><a href=\"http:\/\/dgp.cnpq.br\/dgp\/espelhogrupo\/4289547912878783\">Grupo de Estudos de Empresas e Organiza\u00e7\u00f5es (GEEO)<\/a> &#8211; PUCRS<\/strong><\/p>\n<p><strong><a href=\"http:\/\/dgp.cnpq.br\/dgp\/espelhogrupo\/6977546244551465\" target=\"_blank\" rel=\"noopener noreferrer\">Laborat\u00f3rio de Estudos sobre Mercados e Organiza\u00e7\u00f5es na Sociedade (LEMOS)<\/a>\u00a0&#8211; UFS<\/strong><\/td>\n<\/tr>\n<tr style=\"height: 144px\">\n<td style=\"width: 46.988%;height: 10px;text-align: center\"><strong><em>Prof. Dr. Fl\u00e1vio Sacco dos Anjos<\/em><\/strong><\/td>\n<td style=\"width: 70.3614%;height: 10px;text-align: center\">\n<p><strong><a href=\"http:\/\/nupear-ufpel.blogspot.com\/\">N\u00facleo de Pesquisa e Extens\u00e3o em Agroecologia e P\u00fablicas para a Agricultura Familiar &#8211; UFPel<\/a><\/strong><\/p>\n<p><strong><a href=\"http:\/\/dgp.cnpq.br\/dgp\/espelhogrupo\/3927451037748974\" target=\"_blank\" rel=\"noopener noreferrer\">Desenvolvimento Rural Sustent\u00e1vel<\/a> &#8211; UFPel<\/strong><\/p>\n<p><strong><a href=\"http:\/\/dgp.cnpq.br\/dgp\/espelhogrupo\/4735865132954167\" target=\"_blank\" rel=\"noopener noreferrer\">Indica\u00e7\u00f5es Geogr\u00e1ficas e Desenvolvimento Territorial<\/a> &#8211; UFPel<\/strong><\/p>\n<p><strong><a href=\"http:\/\/dgp.cnpq.br\/dgp\/espelhogrupo\/2953328469723658\" target=\"_blank\" rel=\"noopener noreferrer\">A Natureza Multidimensional da Seguran\u00e7a Alimentar<\/a> &#8211; UFPel<\/strong><\/p>\n<p>&nbsp;<\/td>\n<\/tr>\n<tr style=\"height: 96px\">\n<td style=\"width: 46.988%;height: 96px;text-align: center\"><strong><i>Profa. Dra. Lara Roberta Rodrigues Facioli<\/i><\/strong><\/td>\n<td style=\"width: 70.3614%;height: 96px;text-align: center\">\n<p><strong><a href=\"http:\/\/dgp.cnpq.br\/dgp\/espelhogrupo\/4851\" target=\"_blank\" rel=\"noopener noreferrer\">G\u00eanero, Corporalidades, Direitos Humanos e Pol\u00edticas P\u00fablicas<\/a> &#8211; UEL<\/strong><\/p>\n<p><strong><a href=\"http:\/\/dgp.cnpq.br\/dgp\/espelhogrupo\/328087\" target=\"_blank\" rel=\"noopener noreferrer\">Grupo de Estudos em Sociologia, m\u00eddia e imagens (GESMI)<\/a> &#8211; UFF<\/strong><\/p>\n<p><strong><a href=\"http:\/\/dgp.cnpq.br\/dgp\/espelhogrupo\/515761\" target=\"_blank\" rel=\"noopener noreferrer\">Grupo de Pesquisa em Sociologia Digital<\/a>\u00a0&#8211; FURG<\/strong><\/td>\n<\/tr>\n<tr style=\"height: 24px\">\n<td style=\"width: 46.988%;height: 24px;text-align: center\"><strong><em>Prof. Dr. L\u00e9o Peixoto Rodrigues<\/em><\/strong><\/td>\n<td style=\"width: 70.3614%;height: 24px;text-align: center\">\n<p><strong><a href=\"https:\/\/www.ufrgs.br\/temas\/\">Tecnologia, Meio Ambiente e Sociedade &#8211; UFRGS<\/a><\/strong><\/p>\n<p><strong><a href=\"http:\/\/dgp.cnpq.br\/dgp\/espelhogrupo\/5834032760759427\" target=\"_blank\" rel=\"noopener noreferrer\">Teoria Social Contempor\u00e2nea<\/a>\u00a0&#8211; UFPel<\/strong><\/p>\n<p><strong><a href=\"http:\/\/dgp.cnpq.br\/dgp\/espelhogrupo\/361150\" target=\"_blank\" rel=\"noopener noreferrer\" data-saferedirecturl=\"https:\/\/www.google.com\/url?q=http:\/\/dgp.cnpq.br\/dgp\/faces\/consulta\/consulta_parametrizada.jsf&amp;source=gmail&amp;ust=1575485170815000&amp;usg=AFQjCNGqogKOEue3zCSQ6HrglrThm0h8jQ\">TAT\u00c1: Conhecimentos, Ci\u00eancias e Tecnologias<\/a>\u00a0&#8211; UNB<\/strong><\/td>\n<\/tr>\n<tr style=\"height: 160px\">\n<td style=\"width: 46.988%;height: 160px;text-align: center\"><strong><em>Profa. Dra. Lorena Gill<\/em><\/strong><\/td>\n<td style=\"width: 70.3614%;height: 160px;text-align: center\">\n<p><strong><a href=\"https:\/\/wp.ufpel.edu.br\/ndh\/\">N\u00facleo de Documenta\u00e7\u00e3o Hist\u00f3rica da UFPel<\/a><\/strong><\/p>\n<p><strong><a href=\"http:\/\/dgp.cnpq.br\/dgp\/espelhogrupo\/1736257743434318\" target=\"_blank\" rel=\"noopener noreferrer\">Intoler\u00e2ncia: hist\u00f3ria e sensibilidades<\/a>\u00a0&#8211; UFPel<\/strong><\/p>\n<p><strong><a href=\"http:\/\/dgp.cnpq.br\/dgp\/espelhogrupo\/4894347149405273\" target=\"_blank\" rel=\"noopener noreferrer\">Hist\u00f3ria do Trabalho<\/a> &#8211; UFPel<\/strong><\/p>\n<p><strong><a href=\"http:\/\/dgp.cnpq.br\/dgp\/espelhogrupo\/2605319261185986\" target=\"_blank\" rel=\"noopener noreferrer\">Corpo, Sa\u00fade e Doen\u00e7a<\/a> &#8211; UFSM<\/strong><\/td>\n<\/tr>\n<tr style=\"height: 48px\">\n<td style=\"width: 46.988%;height: 48px;text-align: center\"><strong><em>Prof. Dr.\u00a0Marcio Silva Rodrigues<\/em><\/strong><\/td>\n<td style=\"width: 70.3614%;height: 48px;text-align: center\">\n<p><strong><a href=\"http:\/\/dgp.cnpq.br\/dgp\/espelhogrupo\/6968945960196530\" target=\"_blank\" rel=\"noopener noreferrer\">N\u00facleo de Estudos Marcelo Milano Falc\u00e3o Vieira (NEMaVi)<\/a> &#8211; UFPel<\/strong><\/p>\n<p><strong><a href=\"http:\/\/dgp.cnpq.br\/dgp\/espelhogrupo\/262403\" target=\"_blank\" rel=\"noopener noreferrer\">Grupo de Estudos e Pesquisas em Administra\u00e7\u00e3o P\u00fablica (GEPAP)<\/a> &#8211; UFPel<\/strong><\/td>\n<\/tr>\n<tr style=\"height: 240px\">\n<td style=\"width: 46.988%;height: 240px;text-align: center\"><strong><em>Prof. Dr. Marcus Vinicius Spolle<\/em><\/strong><\/td>\n<td style=\"width: 70.3614%;height: 240px;text-align: center\">\n<p><strong>N\u00facleo Interseccionalidades &#8211; UFPel<\/strong><\/p>\n<p><strong><a href=\"http:\/\/dgp.cnpq.br\/dgp\/espelhogrupo\/4964006372280542\" target=\"_blank\" rel=\"noopener noreferrer\">Cidade, vida cotidiana e imagem<\/a> &#8211; UFPel<\/strong><\/p>\n<p><strong><a href=\"http:\/\/dgp.cnpq.br\/dgp\/espelhogrupo\/1855749109387191\" target=\"_blank\" rel=\"noopener noreferrer\">D&#8217;GENERUS: N\u00facleo de Estudos Feministas e de G\u00eanero<\/a> &#8211; UFPel<\/strong><\/p>\n<p><strong><a href=\"http:\/\/dgp.cnpq.br\/dgp\/espelhogrupo\/8652891742194460\">Novas pr\u00e1ticas pol\u00edticas e atores sociais na democracia contempor\u00e2nea<\/a>\u00a0&#8211; UFPel<\/strong><\/p>\n<p><strong><a href=\"http:\/\/dgp.cnpq.br\/dgp\/espelhogrupo\/7712357227235928\" target=\"_blank\" rel=\"noopener noreferrer\">N\u00facleo de An\u00e1lises Urbanas<\/a>\u00a0&#8211; FURG<\/strong><\/p>\n<p><strong><a href=\"http:\/\/dgp.cnpq.br\/dgp\/espelhogrupo\/6322481378240754\" target=\"_blank\" rel=\"noopener noreferrer\">N\u00facleo de Estudos Afro Brasileiros e Ind\u00edgenas<\/a>\u00a0&#8211; FURG<\/strong><\/td>\n<\/tr>\n<tr style=\"height: 96px\">\n<td style=\"width: 46.988%;height: 96px;text-align: center\"><strong><em>Prof. Dr. Pedro Robertt<\/em><\/strong><\/td>\n<td style=\"width: 70.3614%;height: 96px;text-align: center\">\n<p><strong><a href=\"http:\/\/dgp.cnpq.br\/dgp\/espelhogrupo\/3352646326017738\" target=\"_blank\" rel=\"noopener noreferrer\">Mudan\u00e7as organizacionais e novas subjetividades no mundo do trabalho<\/a>\u00a0&#8211; UFPel<\/strong><\/p>\n<p><strong><a href=\"http:\/\/dgp.cnpq.br\/dgp\/espelhogrupo\/34173\" target=\"_blank\" rel=\"noopener noreferrer\">Subalternidades Globais \u2013 UFPel<\/a><\/strong><\/td>\n<\/tr>\n<tr style=\"height: 116px\">\n<td style=\"width: 46.988%;height: 116px;text-align: center\">\n<div dir=\"auto\"><\/div>\n<div dir=\"auto\"><strong><em>Prof. Dr. Rodrigo Cantu<\/em><\/strong><\/div>\n<p><strong><em>\u00a0<\/em><\/strong><\/td>\n<td style=\"width: 70.3614%;height: 116px;text-align: center\">\n<div dir=\"auto\"><\/div>\n<div dir=\"auto\"><strong><a href=\"http:\/\/dgp.cnpq.br\/dgp\/espelhogrupo\/3707920884035981\">LEFEE &#8211; Laborat\u00f3rio de estudos sociais das finan\u00e7as, estado e economia\u00a0\u00a0<\/a><span class=\"\">&#8211; UFPEL <\/span><\/strong><\/div>\n<div dir=\"auto\"><\/div>\n<\/td>\n<\/tr>\n<tr style=\"height: 120px\">\n<td style=\"width: 46.988%;height: 120px;text-align: center\"><strong><em>Prof. Dr. S\u00e9rgio Botton Barcellos<\/em><\/strong><\/td>\n<td style=\"width: 70.3614%;height: 120px;text-align: center\">\n<p><strong><a href=\"http:\/\/dgp.cnpq.br\/dgp\/espelhogrupo\/8536893724936559\" target=\"_blank\" rel=\"noopener noreferrer\">Din\u00e2micas Pol\u00edticas, Estado e Movimentos Sociais<\/a> &#8211; FURG<\/strong><\/p>\n<p><strong><a href=\"http:\/\/dgp.cnpq.br\/dgp\/espelhogrupo\/224241\">Democracia e Pol\u00edticas P\u00fablicas<\/a> &#8211; UFPel<\/strong><\/p>\n<p><strong><a href=\"http:\/\/dgp.cnpq.br\/dgp\/espelhogrupo\/6851053245010905\" target=\"_blank\" rel=\"noopener noreferrer\">Extens\u00e3o Rural Aplicada<\/a> &#8211; UFSM<\/strong><\/p>\n<p><strong><a href=\"http:\/\/dgp.cnpq.br\/dgp\/espelhogrupo\/5389226784599632\" target=\"_blank\" rel=\"noopener noreferrer\">Grupo de Pesquisa em Pol\u00edtica Natureza e Cidade<\/a>\u00a0&#8211; FURG<\/strong><\/td>\n<\/tr>\n<tr style=\"height: 192px\">\n<td style=\"width: 46.988%;height: 192px;text-align: center\"><strong><em>Profa. Dra. Simone da Silva Ribeiro Gomes<\/em><\/strong><\/td>\n<td style=\"width: 70.3614%;height: 192px;text-align: center\">\n<p><strong><a href=\"http:\/\/uerj.academia.edu\/NETSAL\" target=\"_blank\" rel=\"noopener noreferrer\">N\u00facleo de Estudos em Teoria Social e Am\u00e9rica Latina (NETSAL)<\/a> &#8211; UERJ<\/strong><\/p>\n<p><strong><a href=\"https:\/\/wp.ufpel.edu.br\/crimeacoescoletivas\/\" target=\"_blank\" rel=\"noopener noreferrer\"><span style=\"font-size: 12pt\">Configura\u00e7\u00f5es e tensionamento das din\u00e2micas do crime e das a\u00e7\u00f5es coletivas no Brasil contempor\u00e2neo<\/span><\/a><\/strong><\/td>\n<\/tr>\n<tr style=\"height: 184px\">\n<td style=\"width: 46.988%;height: 184px;text-align: center\"><strong><em>Prof. Dr. William H\u00e9ctor G\u00f3mez Soto<\/em><\/strong><\/td>\n<td style=\"width: 70.3614%;height: 184px;text-align: center\">\n<p><strong><a href=\"http:\/\/dgp.cnpq.br\/dgp\/espelhogrupo\/4964006372280542\" target=\"_blank\" rel=\"noopener noreferrer\">Cidade, vida cotidiana e imagem<\/a> &#8211; UFPel<\/strong><\/p>\n<p><strong><a href=\"http:\/\/dgp.cnpq.br\/dgp\/espelhogrupo\/1342131337320216\" target=\"_blank\" rel=\"noopener noreferrer\">Identidades \u00e9tnicas e racismo<\/a>\u00a0&#8211; UFRGS<\/strong><\/p>\n<p><strong>\u00a0<\/strong><\/td>\n<\/tr>\n<\/tbody>\n<\/table>\n<p>&nbsp;<\/p>\n","protected":false},"excerpt":{"rendered":"<p>Professores\u00a0 Prof. Dr. Am\u00edlcar Cardoso Vila\u00e7a de Freitas \u00a0N\u00facleo Interseccionalidades &#8211; UFPel Prof. Dr. Attila Magno e Silva Barbosa Mudan\u00e7as organizacionais e novas subjetividades no mundo do trabalho\u00a0&#8211; UFPel Laborat\u00f3rio de Estudos sobre Trabalho, Profiss\u00f5es e Mobilidades (LEST-M) &#8211; UFSCar Profa. Dra. Elaine da Silveira Leite N\u00facleo de Estudos em Sociologia Econ\u00f4mica e das Finan\u00e7as [&hellip;]<\/p>\n","protected":false},"author":396,"featured_media":0,"parent":0,"menu_order":0,"comment_status":"closed","ping_status":"closed","template":"","meta":{"jetpack_post_was_ever_published":false,"footnotes":""},"class_list":["post-1556","page","type-page","status-publish","hentry"],"jetpack_sharing_enabled":true,"jetpack_shortlink":"https:\/\/wp.me\/P9dZ0f-p6","jetpack_likes_enabled":true,"jetpack-related-posts":[],"_links":{"self":[{"href":"https:\/\/wp.ufpel.edu.br\/ppgs\/wp-json\/wp\/v2\/pages\/1556","targetHints":{"allow":["GET"]}}],"collection":[{"href":"https:\/\/wp.ufpel.edu.br\/ppgs\/wp-json\/wp\/v2\/pages"}],"about":[{"href":"https:\/\/wp.ufpel.edu.br\/ppgs\/wp-json\/wp\/v2\/types\/page"}],"author":[{"embeddable":true,"href":"https:\/\/wp.ufpel.edu.br\/ppgs\/wp-json\/wp\/v2\/users\/396"}],"replies":[{"embeddable":true,"href":"https:\/\/wp.ufpel.edu.br\/ppgs\/wp-json\/wp\/v2\/comments?post=1556"}],"version-history":[{"count":52,"href":"https:\/\/wp.ufpel.edu.br\/ppgs\/wp-json\/wp\/v2\/pages\/1556\/revisions"}],"predecessor-version":[{"id":5066,"href":"https:\/\/wp.ufpel.edu.br\/ppgs\/wp-json\/wp\/v2\/pages\/1556\/revisions\/5066"}],"wp:attachment":[{"href":"https:\/\/wp.ufpel.edu.br\/ppgs\/wp-json\/wp\/v2\/media?parent=1556"}],"curies":[{"name":"wp","href":"https:\/\/api.w.org\/{rel}","templated":true}]}}