{"id":686,"date":"2016-09-09T08:36:50","date_gmt":"2016-09-09T11:36:50","guid":{"rendered":"https:\/\/wp.ufpel.edu.br\/ppgrecursoshidricos\/?page_id=686"},"modified":"2020-08-20T20:49:18","modified_gmt":"2020-08-20T23:49:18","slug":"lideranca-em-grupos-de-pesquisacnpq","status":"publish","type":"page","link":"https:\/\/wp.ufpel.edu.br\/ppgrecursoshidricos\/lideranca-em-grupos-de-pesquisacnpq\/","title":{"rendered":"Grupos de Pesquisa\/CNPq"},"content":{"rendered":"<p><span style=\"color: #000000\">Segue a lista com os Grupos de Pesquisa registrados no CNPq os quais tem coordena\u00e7\u00e3o e participa\u00e7\u00e3o dos pesquisadores do PPG Recursos H\u00eddricos da UFPel.<\/span><\/p>\n<p><span style=\"color: #000000\"><a style=\"color: #000000\" href=\"http:\/\/dgp.cnpq.br\/dgp\/espelhogrupo\/488437\">A<span style=\"background-color: #ffffff\">gricultura no Cerrado<\/span><\/a><\/span><br \/>\n<span style=\"color: #000000\"><span style=\"background-color: #ffffff\">L\u00edder do grupo: Anderson Barbosa Evaristo<br \/>\n<\/span><span style=\"background-color: #ffffff\">Pesquisador do PPG: Fabr\u00edcio da Silva Terra<\/span><\/span><\/p>\n<p><span style=\"color: #000000\"><span style=\"background-color: #ffffff\"><a style=\"background-color: #ffffff;color: #000000\" href=\"http:\/\/dgp.cnpq.br\/dgp\/espelhogrupo\/3265785718240882\"><span id=\"idFormConsultaParametrizada:resultadoConsultaContainer\">Desenvolvimento Agropecu\u00e1rio do Noroeste Mineiro<\/span><\/a><br \/>\n<\/span><span class=\"\" style=\"background-color: #ffffff\">L\u00edderes do grupo: Jeanne Broch Siqueira e Leonardo Barros Dobbss<br \/>\n<\/span>Pesquisador do PPG: Fabricio da Silva Terra<\/span><\/p>\n<p><span style=\"color: #000000\"><span style=\"background-color: #ffffff\"><a style=\"background-color: #ffffff;color: #000000\" href=\"http:\/\/dgp.cnpq.br\/dgp\/espelhogrupo\/4443254515706790\"><span id=\"idFormConsultaParametrizada:resultadoConsultaContainer\">Engenharia de \u00c1gua e Solo<\/span><\/a><br \/>\n<\/span><span style=\"background-color: #ffffff\">L\u00edderes do grupo: <span class=\"\">Carlos Rog\u00e9rio de Mello e Alberto Colombo<br \/>\n<\/span><\/span>Pesquisadores do PPG: Samuel Beskow<\/span><\/p>\n<p><span style=\"color: #000000\"><span style=\"background-color: #ffffff\"><a style=\"background-color: #ffffff;color: #000000\" href=\"http:\/\/dgp.cnpq.br\/dgp\/espelhogrupo\/1472688449232109\"><span id=\"idFormConsultaParametrizada:resultadoConsultaContainer\">Estruturas Hidr\u00e1ulicas <\/span><\/a><br \/>\n<\/span><span style=\"background-color: #ffffff\">L\u00edderes do grupo: <span class=\"\">Marcelo Giulian Marques e Luiz Augusto Magalh\u00e3es Endres<br \/>\nPesquisador do PPG: Mauricio Dai Pr\u00e1<\/span><\/span><\/span><\/p>\n<p><span style=\"color: #000000\"><span style=\"background-color: #ffffff\"><a style=\"background-color: #ffffff;color: #000000\" href=\"http:\/\/dgp.cnpq.br\/dgp\/espelhogrupo\/7312439534927407\"><span id=\"idFormConsultaParametrizada:resultadoConsultaContainer\">Hidrologia e Modelagem Hidrol\u00f3gica em Bacias Hidrogr\u00e1ficas<\/span><\/a><br \/>\n<\/span><span style=\"background-color: #ffffff\">L\u00edderes do grupo: <span class=\"\">Samuel Beskow e Carlos Rog\u00e9rio de Mello<br \/>\n<\/span><\/span><span style=\"background-color: #ffffff\">Pesquisadores do PPG: Tamara Leitzke Caldeira Beskow, Lessandro Coll Faria, Luis Carlos Timm, Fabricio da Silva Terra,\u00a0 Hugo Alexandre Soares Guedes e Andr\u00e9 Becker Nunes<\/span><\/span><\/p>\n<p><span style=\"color: #000000\"><span style=\"background-color: #ffffff\"><a style=\"background-color: #ffffff;color: #000000\" href=\"http:\/\/dgp.cnpq.br\/dgp\/espelhogrupo\/3238859905344144\"><span id=\"idFormConsultaParametrizada:resultadoConsultaContainer\">Meio Ambiente<\/span><\/a><br \/>\n<\/span><span class=\"\" style=\"background-color: #ffffff\">L\u00edderes do grupo: Alexandre Christofaro Silva e Paulo Henrique Grazziotti<br \/>\n<\/span>Pesquisador do PPG: Fabricio da Silva Terra<\/span><\/p>\n<p><span style=\"color: #000000\"><span style=\"background-color: #ffffff\"><a style=\"background-color: #ffffff;color: #000000\" href=\"http:\/\/dgp.cnpq.br\/dgp\/espelhogrupo\/2248715034458032\"><span id=\"idFormConsultaParametrizada:resultadoConsultaContainer\">NEPE HidroSedi &#8211; N\u00facleo de Ensino, Pesquisa e Extens\u00e3o em Hidrometria e Sedimentologia para o Manejo de Bacias Hidrogr\u00e1ficas<\/span><\/a><br \/>\n<\/span><span style=\"background-color: #ffffff\"><span class=\"\">L\u00edderes do grupo:<\/span> Gilberto Loguercio Collares e Viviane Santos Silva Terra<\/span><\/span><\/p>\n<p><span style=\"color: #000000\"><span style=\"background-color: #ffffff\"><a style=\"background-color: #ffffff;color: #000000\" href=\"http:\/\/dgp.cnpq.br\/dgp\/espelhogrupo\/2910674726206095\"><span id=\"idFormConsultaParametrizada:resultadoConsultaContainer\">Planejamento e manejo integrado dos recursos h\u00eddricos para o desenvolvimento sustent\u00e1vel da agricultura<\/span><\/a><br \/>\n<\/span><span class=\"\" style=\"background-color: #ffffff\">L\u00edder do grupo: Fernando Falco Pruski e Demetrius David da Silva<br \/>\n<\/span><span style=\"background-color: #ffffff\">Pesquisador do PPG: Hugo Alexandre Soares Guedes<\/span><\/span><\/p>\n<p><span style=\"color: #000000\"><span style=\"background-color: #ffffff\"><br \/>\n<a style=\"background-color: #ffffff;color: #000000\" href=\"http:\/\/dgp.cnpq.br\/dgp\/espelhogrupo\/1923979227863561\">Rede Tem\u00e1tica de Bio-\u00f3ptica Aqu\u00e1tica<\/a><br \/>\n<\/span><span style=\"background-color: #ffffff\">L\u00edder do grupo: Felipe de Lucia Lobo<br \/>\n<\/span><span style=\"background-color: #ffffff\">Pesquisador do PPG: Hugo Alexandre Soares Guedes<\/span><\/span><\/p>\n","protected":false},"excerpt":{"rendered":"<p>Segue a lista com os Grupos de Pesquisa registrados no CNPq os quais tem coordena\u00e7\u00e3o e participa\u00e7\u00e3o dos pesquisadores do PPG Recursos H\u00eddricos da UFPel. Agricultura no Cerrado L\u00edder do grupo: Anderson Barbosa Evaristo Pesquisador do PPG: Fabr\u00edcio da Silva Terra Desenvolvimento Agropecu\u00e1rio do Noroeste Mineiro L\u00edderes do grupo: Jeanne Broch Siqueira e Leonardo Barros [&hellip;]<\/p>\n","protected":false},"author":669,"featured_media":0,"parent":0,"menu_order":0,"comment_status":"closed","ping_status":"closed","template":"","meta":{"jetpack_post_was_ever_published":false,"footnotes":""},"class_list":["post-686","page","type-page","status-publish","hentry"],"jetpack_shortlink":"https:\/\/wp.me\/Paj7D4-b4","jetpack_sharing_enabled":true,"_links":{"self":[{"href":"https:\/\/wp.ufpel.edu.br\/ppgrecursoshidricos\/wp-json\/wp\/v2\/pages\/686","targetHints":{"allow":["GET"]}}],"collection":[{"href":"https:\/\/wp.ufpel.edu.br\/ppgrecursoshidricos\/wp-json\/wp\/v2\/pages"}],"about":[{"href":"https:\/\/wp.ufpel.edu.br\/ppgrecursoshidricos\/wp-json\/wp\/v2\/types\/page"}],"author":[{"embeddable":true,"href":"https:\/\/wp.ufpel.edu.br\/ppgrecursoshidricos\/wp-json\/wp\/v2\/users\/669"}],"replies":[{"embeddable":true,"href":"https:\/\/wp.ufpel.edu.br\/ppgrecursoshidricos\/wp-json\/wp\/v2\/comments?post=686"}],"version-history":[{"count":45,"href":"https:\/\/wp.ufpel.edu.br\/ppgrecursoshidricos\/wp-json\/wp\/v2\/pages\/686\/revisions"}],"predecessor-version":[{"id":2687,"href":"https:\/\/wp.ufpel.edu.br\/ppgrecursoshidricos\/wp-json\/wp\/v2\/pages\/686\/revisions\/2687"}],"wp:attachment":[{"href":"https:\/\/wp.ufpel.edu.br\/ppgrecursoshidricos\/wp-json\/wp\/v2\/media?parent=686"}],"curies":[{"name":"wp","href":"https:\/\/api.w.org\/{rel}","templated":true}]}}