{"id":3047,"date":"2021-05-10T11:19:57","date_gmt":"2021-05-10T14:19:57","guid":{"rendered":"https:\/\/wp.ufpel.edu.br\/ppgrecursoshidricos\/?page_id=3047"},"modified":"2026-02-18T17:23:21","modified_gmt":"2026-02-18T20:23:21","slug":"entrega-de-dissertacao-tese","status":"publish","type":"page","link":"https:\/\/wp.ufpel.edu.br\/ppgrecursoshidricos\/entrega-de-dissertacao-tese\/","title":{"rendered":"Entrega de Disserta\u00e7\u00e3o\/Tese"},"content":{"rendered":"<p>Ap\u00f3s defesa de Disserta\u00e7\u00e3o\/Tese e corre\u00e7\u00f5es, conforme recomenda\u00e7\u00f5es da banca e comit\u00ea de orienta\u00e7\u00e3o, \u00e9 necess\u00e1rio entregar \u00e0 coordena\u00e7\u00e3o do Programa os seguintes documentos:<\/p>\n<ul>\n<li>Vers\u00e3o final da Disserta\u00e7\u00e3o\/Tese, seguindo as <a href=\"https:\/\/wp.ufpel.edu.br\/sisbi\/normas-da-ufpel-para-trabalhos-academicos\/\">Normas para Trabalhos Acad\u00eamicos da UFPel<\/a> e contendo a <a href=\"http:\/\/sisbi.ufpel.edu.br\/?p=reqFicha\">ficha catalogr\u00e1fica<\/a>;<\/li>\n<li>Ata de Defesa, devidamente preenchida e assinada; e<\/li>\n<li><a href=\"https:\/\/wp.ufpel.edu.br\/sisbi\/files\/2024\/02\/Termo-Dissertacoes-e-Teses.pdf\">Termo de Autoriza\u00e7\u00e3o<\/a> para dep\u00f3sito da Disserta\u00e7\u00e3o\/Tese junto ao reposit\u00f3rio da UFPel.<\/li>\n<li>Documento de identidade (RG\/CPF ou CNH)<\/li>\n<li>Diploma de gradua\u00e7\u00e3o<\/li>\n<li>Diploma de mestrado (se discente de doutorado)<\/li>\n<\/ul>\n<p>O envio desses documentos deve ser realizado pelo discente atrav\u00e9s do <a href=\"https:\/\/forms.gle\/pPQmvQvtq642Neqt6\">formul\u00e1rio eletr\u00f4nico.<\/a><\/p>\n<p>Ap\u00f3s, <a href=\"https:\/\/wp.ufpel.edu.br\/ppgrecursoshidricos\/files\/2026\/02\/Manual_Cobalto_Conferencia_Dados_PPG_UFPel_com_Prints__Revisado_.docx-1.pdf\">realizar a confer\u00eancia de dados no sistema Cobalto<\/a> e, havendo inconsist\u00eancia, solicitar \u00e0 coordena\u00e7\u00e3o a retifica\u00e7\u00e3o da(s) informa\u00e7\u00e3o(\u00f5es).<\/p>\n<p>Os documentos ser\u00e3o homologados em reuni\u00e3o de Colegiado e, na sequ\u00eancia, encaminhados para confec\u00e7\u00e3o do Diploma e dep\u00f3sito junto ao reposit\u00f3rio.<\/p>\n<p>&nbsp;<\/p>\n","protected":false},"excerpt":{"rendered":"<p>Ap\u00f3s defesa de Disserta\u00e7\u00e3o\/Tese e corre\u00e7\u00f5es, conforme recomenda\u00e7\u00f5es da banca e comit\u00ea de orienta\u00e7\u00e3o, \u00e9 necess\u00e1rio entregar \u00e0 coordena\u00e7\u00e3o do Programa os seguintes documentos: Vers\u00e3o final da Disserta\u00e7\u00e3o\/Tese, seguindo as Normas para Trabalhos Acad\u00eamicos da UFPel e contendo a ficha catalogr\u00e1fica; Ata de Defesa, devidamente preenchida e assinada; e Termo de Autoriza\u00e7\u00e3o para dep\u00f3sito da [&hellip;]<\/p>\n","protected":false},"author":669,"featured_media":0,"parent":0,"menu_order":0,"comment_status":"closed","ping_status":"closed","template":"","meta":{"jetpack_post_was_ever_published":false,"footnotes":""},"class_list":["post-3047","page","type-page","status-publish","hentry"],"jetpack_shortlink":"https:\/\/wp.me\/Paj7D4-N9","jetpack_sharing_enabled":true,"_links":{"self":[{"href":"https:\/\/wp.ufpel.edu.br\/ppgrecursoshidricos\/wp-json\/wp\/v2\/pages\/3047","targetHints":{"allow":["GET"]}}],"collection":[{"href":"https:\/\/wp.ufpel.edu.br\/ppgrecursoshidricos\/wp-json\/wp\/v2\/pages"}],"about":[{"href":"https:\/\/wp.ufpel.edu.br\/ppgrecursoshidricos\/wp-json\/wp\/v2\/types\/page"}],"author":[{"embeddable":true,"href":"https:\/\/wp.ufpel.edu.br\/ppgrecursoshidricos\/wp-json\/wp\/v2\/users\/669"}],"replies":[{"embeddable":true,"href":"https:\/\/wp.ufpel.edu.br\/ppgrecursoshidricos\/wp-json\/wp\/v2\/comments?post=3047"}],"version-history":[{"count":3,"href":"https:\/\/wp.ufpel.edu.br\/ppgrecursoshidricos\/wp-json\/wp\/v2\/pages\/3047\/revisions"}],"predecessor-version":[{"id":4848,"href":"https:\/\/wp.ufpel.edu.br\/ppgrecursoshidricos\/wp-json\/wp\/v2\/pages\/3047\/revisions\/4848"}],"wp:attachment":[{"href":"https:\/\/wp.ufpel.edu.br\/ppgrecursoshidricos\/wp-json\/wp\/v2\/media?parent=3047"}],"curies":[{"name":"wp","href":"https:\/\/api.w.org\/{rel}","templated":true}]}}