{"id":2580,"date":"2020-08-11T11:09:06","date_gmt":"2020-08-11T14:09:06","guid":{"rendered":"https:\/\/wp.ufpel.edu.br\/ppgrecursoshidricos\/?page_id=2580"},"modified":"2020-08-28T14:52:02","modified_gmt":"2020-08-28T17:52:02","slug":"masters-dissertations","status":"publish","type":"page","link":"https:\/\/wp.ufpel.edu.br\/ppgrecursoshidricos\/masters-dissertations\/","title":{"rendered":"Master&#8217;s Dissertations"},"content":{"rendered":"<p><span style=\"color: #000000\"><strong>Rafaela Gamino Tronco<\/strong><\/span><\/p>\n<p><span style=\"color: #000000;font-size: 10pt\">Title: Fun\u00e7\u00f5es de pedotransfer\u00eancia para a estimativa da reten\u00e7\u00e3o de \u00e1gua na bacia hidrogr\u00e1fica do arroio do Ouro \u2013 RS, Brasil<\/span><br \/>\n<span style=\"color: #000000;font-size: 10pt\">Supervisory committee: Gilberto Loguercio Collares<\/span><br \/>\n<span style=\"color: #000000;font-size: 10pt\">Date: 03.02.2020<\/span><\/p>\n<p><span style=\"color: #000000\"><strong>George Marino Soares Gon\u00e7alves<\/strong><\/span><\/p>\n<p><span style=\"color: #000000;font-size: 10pt\">Title: Estimativa da concentra\u00e7\u00e3o de sedimentos em suspens\u00e3o no Canal S\u00e3o Gon\u00e7alo a partir de equipamentos ac\u00fasticos<\/span><br \/>\n<span style=\"color: #000000;font-size: 10pt\">Supervisory committee: Gilberto Loguercio Collares<\/span><br \/>\n<span style=\"color: #000000;font-size: 10pt\">Date: 02.19.2020<\/span><\/p>\n<p><span style=\"color: #000000\"><strong>Bruna Moreira Sell<\/strong><\/span><\/p>\n<p><span style=\"color: #000000;font-size: 10pt\">Title: Efeito de escala em modelos f\u00edsicos reduzidos de vertedouros em degraus<\/span><br \/>\n<span style=\"color: #000000;font-size: 10pt\">Supervisory committee: Maur\u00edcio Dai Pr\u00e1<\/span><br \/>\n<span style=\"color: #000000;font-size: 10pt\">Date: 02.18.2020<\/span><\/p>\n<hr \/>\n<p><span style=\"color: #000000\"><strong>R\u00f4mulo F\u00e9lix Nunes<\/strong><\/span><\/p>\n<p><span style=\"color: #000000;font-size: 10pt\">Title: <a href=\"http:\/\/guaiaca.ufpel.edu.br:8080\/handle\/prefix\/5776\">Pedotransfer functions to spatial distribution characterization of saturated soil hydraulic conductivity<\/a><\/span><br \/>\n<span style=\"color: #000000;font-size: 10pt\">Supervisory committee: Lu\u00eds Carlos Timm<\/span><br \/>\n<span style=\"color: #000000;font-size: 10pt\">Date: 08\/29\/2019<\/span><\/p>\n<p><span style=\"color: #000000\"><strong>Nelva Bugoni Riquetti<\/strong><\/span><\/p>\n<p><span style=\"color: #000000;font-size: 10pt\">Title: <a href=\"http:\/\/guaiaca.ufpel.edu.br:8080\/handle\/prefix\/5775\">Rain erosivity in South America: current behavior and future projections<\/a><\/span><br \/>\n<span style=\"color: #000000;font-size: 10pt\">Supervisory committee: Carlos Rog\u00e9rio de Mello<\/span><br \/>\n<span style=\"color: #000000;font-size: 10pt\">Date: 02\/25\/2019<\/span><\/p>\n<p><span style=\"color: #000000\"><strong>J\u00e9ssica Fernanda Ogassawara<\/strong><\/span><\/p>\n<p><span style=\"color: #000000;font-size: 10pt\">Title: <a href=\"http:\/\/guaiaca.ufpel.edu.br:8080\/handle\/prefix\/5774\">Modeling of water levels from stream flows derived from geomorphological instantaneous unit hydrographs<\/a><\/span><br \/>\n<span style=\"color: #000000;font-size: 10pt\">Supervisory committee: Samuel Beskow<\/span><br \/>\n<span style=\"color: #000000;font-size: 10pt\">Date: 02\/25\/2019<\/span><\/p>\n<p><span style=\"color: #000000\"><strong>C\u00e1ssia Brocca Caballero<\/strong><\/span><\/p>\n<p><span style=\"color: #000000;font-size: 10pt\">Title: <a href=\"http:\/\/guaiaca.ufpel.edu.br:8080\/handle\/prefix\/5773\">Empirical Modelling of Chlorophyll-a and Dissolved Oxygen combining remote sensing and in situ data in Mirim Lagoon, RS, Brazil<\/a><\/span><br \/>\n<span style=\"color: #000000;font-size: 10pt\">Supervisory committee: Hugo Alexandre Soares Guedes<\/span><br \/>\n<span style=\"color: #000000;font-size: 10pt\">Date: 02\/22\/2019<\/span><\/p>\n<p><span style=\"color: #000000\"><strong>Tha\u00eds Magalh\u00e3es Possa<\/strong><\/span><\/p>\n<p><span style=\"color: #000000;font-size: 10pt\">Title: <a href=\"http:\/\/guaiaca.ufpel.edu.br:8080\/handle\/prefix\/5777\">Hydrological and hydrodynamic modeling of the Mirim-S\u00e3o Gon\u00e7alo basin with influence of the wind<\/a><\/span><br \/>\n<span style=\"color: #000000;font-size: 10pt\">Supervisory committee: Gilberto Loguercio Collares<\/span><br \/>\n<span style=\"color: #000000;font-size: 10pt\">Date: 02\/19\/2019<\/span><\/p>\n<p><span style=\"color: #000000\"><strong>Aline Saupe Abreu<\/strong><\/span><\/p>\n<p><span style=\"color: #000000;font-size: 10pt\">Title: <a href=\"http:\/\/guaiaca.ufpel.edu.br:8080\/handle\/prefix\/5772\">Experimental analysis in the physical model of hydraulic structures of sediment removal in dams: bottom outlets<\/a><\/span><br \/>\n<span style=\"color: #000000;font-size: 10pt\">Supervisory committee:\u00a0Maur\u00edcio Dai Pr\u00e1<\/span><br \/>\n<span style=\"color: #000000;font-size: 10pt\">Date: 02\/19\/2019<\/span><\/p>\n<hr \/>\n<p><span style=\"color: #000000\"><strong>Carina Kr\u00fcger Bork<\/strong><\/span><\/p>\n<p><span style=\"color: #000000;font-size: 10pt\">Title: <a style=\"color: #000000\" href=\"http:\/\/guaiaca.ufpel.edu.br:8080\/handle\/prefix\/3981\">Regionalization of minimum flows for the of Rio Grande do Sul state<\/a><\/span><br \/>\n<span style=\"color: #000000;font-size: 10pt\">Supervisory committee: Hugo Alexandre Soares Guedes<\/span><br \/>\n<span style=\"color: #000000;font-size: 10pt\">Date: 03.06.2018<\/span><\/p>\n<p><span style=\"color: #000000\"><strong>Ma\u00edra Martim de Moura<\/strong><\/span><\/p>\n<p><span style=\"color: #000000;font-size: 10pt\">Title: <a style=\"color: #000000\" href=\"http:\/\/guaiaca.ufpel.edu.br:8080\/handle\/prefix\/3982\">Influence of different relief data sources and scales on flood estimations from Nash\u2019s Instantaneous Unit Hydrograph<\/a><\/span><br \/>\n<span style=\"color: #000000;font-size: 10pt\">Supervisory committee: Samuel Beskow<\/span><br \/>\n<span style=\"color: #000000;font-size: 10pt\">Date: 03.01.2018<\/span><\/p>\n<p><span style=\"color: #000000\"><strong>Marcos Valle Bueno<\/strong><\/span><\/p>\n<p><span style=\"color: #000000;font-size: 10pt\">Title: <a style=\"color: #000000\" href=\"http:\/\/guaiaca.ufpel.edu.br:8080\/handle\/prefix\/3983\">Use of geotechnology as a tool for the simulation of management of water in lowlands<\/a><\/span><br \/>\n<span style=\"color: #000000;font-size: 10pt\">Supervisory committee: Lessandro Coll Faria<\/span><br \/>\n<span style=\"color: #000000;font-size: 10pt\">Date: 02.26.2018<\/span><\/p>\n<p><span style=\"color: #000000\"><strong>Maur\u00edcio Fornalski Soares<\/strong><\/span><\/p>\n<p><span style=\"color: #000000;font-size: 10pt\">Title: <a style=\"color: #000000\" href=\"http:\/\/guaiaca.ufpel.edu.br\/handle\/prefix\/3984\">Spatial variability of the physical-hydric attributes and soil organic carbon of a headwater basin in Cangu\u00e7u \u2013 RS<\/a><\/span><br \/>\n<span style=\"color: #000000;font-size: 10pt\">Supervisory committee: Luis Carlos Timm<\/span><br \/>\n<span style=\"color: #000000;font-size: 10pt\">Date: 02.06.2018<\/span><\/p>\n<hr \/>\n<p><span style=\"color: #000000\"><strong>Luana Nunes Centeno<\/strong><\/span><\/p>\n<p><span style=\"color: #000000;font-size: 10pt\">Title: <a style=\"color: #000000\" href=\"http:\/\/guaiaca.ufpel.edu.br:8080\/handle\/prefix\/3692\">Methodological proposal for the water quality index construction Watershed Piratini-S\u00e3o Gon\u00e7alo-Mangueira, RS<\/a><\/span><br \/>\n<span style=\"color: #000000;font-size: 10pt\">Supervisory committee: Hugo Alexandre Soares Guedes<\/span><br \/>\n<span style=\"color: #000000;font-size: 10pt\">Date: 03.10.2017<\/span><\/p>\n<p><span style=\"color: #000000\"><strong>Alice Alonzo Steinmetz<\/strong><\/span><\/p>\n<p><span style=\"color: #000000;font-size: 10pt\">Title: <a style=\"color: #000000\" href=\"http:\/\/guaiaca.ufpel.edu.br:8080\/handle\/prefix\/3690\">Flood estimation applying the unit hydrograph technique based on different spatial discretization approaches in a subwatershed of the Pelotas river<\/a><\/span><br \/>\n<span style=\"color: #000000;font-size: 10pt\">Supervisory committee: Samuel Beskow<\/span><br \/>\n<span style=\"color: #000000;font-size: 10pt\">Date: 03.06.2017<\/span><\/p>\n<p><span style=\"color: #000000\"><strong>Rute Daniela Chaves<\/strong><\/span><\/p>\n<p><span style=\"color: #000000;font-size: 10pt\">Title: <a style=\"color: #000000\" href=\"http:\/\/guaiaca.ufpel.edu.br:8080\/handle\/prefix\/4163\">Estimation of sediment production and soil loss using an EDM obtained by an unmanned aerial vehicle<\/a><\/span><br \/>\n<span style=\"color: #000000;font-size: 10pt\">Supervisory committee: Gilberto Loguercio Collares<\/span><br \/>\n<span style=\"color: #000000;font-size: 10pt\">Date: 03.02.2017<\/span><\/p>\n<p><span style=\"color: #000000\"><strong>Jos\u00e9 Henrique Nunes Flores<\/strong><\/span><\/p>\n<p><span style=\"color: #000000;font-size: 10pt\">Title: <a style=\"color: #000000\" href=\"http:\/\/guaiaca.ufpel.edu.br:8080\/handle\/prefix\/3691\">Mathematical modeling of the head loss in integrated emitters pipe localized irrigation<\/a><\/span><br \/>\n<span style=\"color: #000000;font-size: 10pt\">Supervisory committee: Lessandro Coll Faria and Osvaldo Rettore Neto<\/span><br \/>\n<span style=\"color: #000000;font-size: 10pt\">Date: 02.20.2017<\/span><\/p>\n<hr \/>\n<p><span style=\"color: #000000\"><strong>Roberta Karsburg Machado<\/strong><\/span><\/p>\n<p><span style=\"color: #000000;font-size: 10pt\">Title: <a style=\"color: #000000\" href=\"http:\/\/guaiaca.ufpel.edu.br:8080\/handle\/prefix\/3693\">Precipitation and wind velocity in oscillation of water levels of the S\u00e3o Gon\u00e7alo channel-RS<\/a><\/span><br \/>\n<span style=\"color: #000000;font-size: 10pt\">Supervisory committee: Gilberto Loguercio Collares<\/span><br \/>\n<span style=\"color: #000000;font-size: 10pt\">Date: 10.26.2016<\/span><\/p>\n<p><span style=\"color: #000000\"><strong>Cristian Larri Pires Veber<\/strong><\/span><\/p>\n<p><span style=\"color: #000000;font-size: 10pt\">Title: <a style=\"color: #000000\" href=\"http:\/\/guaiaca.ufpel.edu.br:8080\/handle\/prefix\/3252\">Performance of unit hydrograph models in two watersheds with contrasting hydrological behavior<\/a><\/span><br \/>\n<span style=\"color: #000000;font-size: 10pt\">Supervisory committee:\u00a0Samuel Beskow<\/span><br \/>\n<span style=\"color: #000000;font-size: 10pt\">Date: 08.12.2016<\/span><\/p>\n<p><span style=\"color: #000000\"><strong>Fernanda Fernandes Martins de Oliveira<\/strong><\/span><\/p>\n<p><span style=\"color: #000000;font-size: 10pt\">Title: <a style=\"color: #000000\" href=\"http:\/\/guaiaca.ufpel.edu.br:8080\/handle\/prefix\/3270\">Downstream pressure sluices Type Reversed Segment Conduits of High Fall Locks<\/a><\/span><br \/>\n<span style=\"color: #000000;font-size: 10pt\">Supervisory committee: Mauricio Dai Pr\u00e1<\/span><br \/>\n<span style=\"color: #000000;font-size: 10pt\">Date: 03.02.2016<\/span><\/p>\n<p><span style=\"color: #000000\"><strong>Priscila dos Santos Priebe<\/strong><\/span><\/p>\n<p><span style=\"color: #000000;font-size: 10pt\">Title: <a style=\"color: #000000\" href=\"http:\/\/guaiaca.ufpel.edu.br:8080\/handle\/prefix\/3271\">Pressure characterization downstream at the bottom of a reverse tainter gate<\/a><\/span><br \/>\n<span style=\"color: #000000;font-size: 10pt\">Supervisory committee: Mauricio Dai Pr\u00e1<\/span><br \/>\n<span style=\"color: #000000;font-size: 10pt\">Date: 03.02.2016<\/span><\/p>\n<p><span style=\"color: #000000\"><strong>Emanuele Beifus Manke<\/strong><\/span><\/p>\n<p><span style=\"color: #000000;font-size: 10pt\">Title: <a style=\"color: #000000\" href=\"http:\/\/guaiaca.ufpel.edu.br:8080\/handle\/prefix\/3272\">Empirical modeling of evaporation and wind drift losses in lateral move irrigation machines in the meteorological conditions of<br \/>\nthe South Rio Grande do Sul<\/a><\/span><br \/>\n<span style=\"color: #000000;font-size: 10pt\">Supervisory committee: Lessandro Coll Faria<\/span><br \/>\n<span style=\"color: #000000;font-size: 10pt\">Date: 02.26.2016<\/span><\/p>\n<p><span style=\"color: #000000\"><strong>Tamara Leitzke Caldeira<\/strong><\/span><\/p>\n<p><span style=\"color: #000000;font-size: 10pt\">Title:: <a style=\"color: #000000\" href=\"http:\/\/guaiaca.ufpel.edu.br:8080\/handle\/ri\/2833\">Computational enhancement of the Lavras Simulation of Hydrology (LASH): application in two watersheds situated in the Rio Grande do Sul State<\/a><\/span><br \/>\n<span style=\"color: #000000;font-size: 10pt\">Supervisory committee: Carlos Rog\u00e9rio de Mello<\/span><br \/>\n<span style=\"color: #000000;font-size: 10pt\">Date: 02.26.2016<\/span><\/p>\n<p><span style=\"color: #000000\"><strong>Mariana Fernandes Ramos<\/strong><\/span><\/p>\n<p><span style=\"color: #000000;font-size: 10pt\">Title: <a style=\"color: #000000\" href=\"http:\/\/guaiaca.ufpel.edu.br:8080\/handle\/prefix\/3273\">Variability of physical and hydric characteristics of soil under peach orchards of different ages in Pelotas city &#8211; RS<\/a><\/span><br \/>\n<span style=\"color: #000000;font-size: 10pt\">Supervisory committee:\u00a0Luis Eduardo Akiyoshi Sanches Suzuki<\/span><br \/>\n<span style=\"color: #000000;font-size: 10pt\">Date: 02.24.2016<\/span><\/p>\n<hr \/>\n<p><span style=\"color: #000000\"><strong>Gabriela Schiavon Nunes<\/strong><\/span><\/p>\n<p><span style=\"color: #000000;font-size: 10pt\">Title: <a style=\"color: #000000\" href=\"http:\/\/guaiaca.ufpel.edu.br:8080\/handle\/ri\/2829\">Applicability of Unit Hydrograph models in hydrologically different watersheds<\/a><\/span><br \/>\n<span style=\"color: #000000;font-size: 10pt\">Supervisory committee:\u00a0Samuel Beskow<\/span><br \/>\n<span style=\"color: #000000;font-size: 10pt\">Date: 08.26.2015<\/span><\/p>\n<p><span style=\"color: #000000\"><strong>Bernardo Gomes N\u00f6renberg<\/strong><\/span><\/p>\n<p><span style=\"color: #000000;font-size: 10pt\">Title: <a style=\"color: #000000\" href=\"http:\/\/guaiaca.ufpel.edu.br:8080\/handle\/ri\/2834\">Probabilistic modeling of water depths applied in a rice crop by a mechanical lateral move irrigation equipment<\/a><\/span><br \/>\n<span style=\"color: #000000;font-size: 10pt\">Supervisory committee:\u00a0Lessandro Coll Faria<\/span><br \/>\n<span style=\"color: #000000;font-size: 10pt\">Date: 08.25.2015<\/span><\/p>\n<p><span style=\"color: #000000\"><strong>Guilherme Kruger Bartels<\/strong><\/span><\/p>\n<p><span style=\"color: #000000;font-size: 10pt\">Title: <a href=\"http:\/\/guaiaca.ufpel.edu.br:8080\/handle\/ri\/2800\">Hydrosedimentological monitoring in catchment from Sul-RioGrandense shield<\/a><\/span><br \/>\n<span style=\"color: #000000;font-size: 10pt\">Supervisory committee: Gilberto Loguercio Collares<\/span><br \/>\n<span style=\"color: #000000;font-size: 10pt\">Date: 04.30.2015<\/span><\/p>\n<p><span style=\"color: #000000\"><strong>Mariana Farias de Souza<\/strong><\/span><\/p>\n<p><span style=\"color: #000000;font-size: 10pt\">Title: <a href=\"http:\/\/guaiaca.ufpel.edu.br:8080\/handle\/ri\/2830\">Water quality of the S\u00e3o Gon\u00e7alo ChannelRS\/Brazil: an hydrochemical evaluation considering its multiple uses<\/a><\/span><br \/>\n<span style=\"color: #000000;font-size: 10pt\">Supervisory committee: Idel Cristiana Bigliardi Milani<\/span><br \/>\n<span style=\"color: #000000;font-size: 10pt\">Date: 02.26.2015<\/span><\/p>\n<p><span style=\"color: #000000\"><strong>Caroline Perez Lacerda da Silveira<\/strong><\/span><\/p>\n<p><span style=\"color: #000000;font-size: 10pt\">Title:<a style=\"color: #000000\" href=\"http:\/\/guaiaca.ufpel.edu.br:8080\/handle\/ri\/2799\"> Soil characterization and sediments deposits and potential sources in the watershed of Arroyo Pelotas<\/a><\/span><br \/>\n<span style=\"color: #000000;font-size: 10pt\">Supervisory committee: Luis Eduardo Akiyoshi Sanches Suzuki<\/span><br \/>\n<span style=\"color: #000000;font-size: 10pt\">Date: 02.23.2015<\/span><\/p>\n","protected":false},"excerpt":{"rendered":"<p>Rafaela Gamino Tronco Title: Fun\u00e7\u00f5es de pedotransfer\u00eancia para a estimativa da reten\u00e7\u00e3o de \u00e1gua na bacia hidrogr\u00e1fica do arroio do Ouro \u2013 RS, Brasil Supervisory committee: Gilberto Loguercio Collares Date: 03.02.2020 George Marino Soares Gon\u00e7alves Title: Estimativa da concentra\u00e7\u00e3o de sedimentos em suspens\u00e3o no Canal S\u00e3o Gon\u00e7alo a partir de equipamentos ac\u00fasticos Supervisory committee: Gilberto [&hellip;]<\/p>\n","protected":false},"author":669,"featured_media":0,"parent":0,"menu_order":0,"comment_status":"closed","ping_status":"closed","template":"","meta":{"jetpack_post_was_ever_published":false,"footnotes":""},"class_list":["post-2580","page","type-page","status-publish","hentry"],"jetpack_shortlink":"https:\/\/wp.me\/Paj7D4-FC","jetpack_sharing_enabled":true,"_links":{"self":[{"href":"https:\/\/wp.ufpel.edu.br\/ppgrecursoshidricos\/wp-json\/wp\/v2\/pages\/2580","targetHints":{"allow":["GET"]}}],"collection":[{"href":"https:\/\/wp.ufpel.edu.br\/ppgrecursoshidricos\/wp-json\/wp\/v2\/pages"}],"about":[{"href":"https:\/\/wp.ufpel.edu.br\/ppgrecursoshidricos\/wp-json\/wp\/v2\/types\/page"}],"author":[{"embeddable":true,"href":"https:\/\/wp.ufpel.edu.br\/ppgrecursoshidricos\/wp-json\/wp\/v2\/users\/669"}],"replies":[{"embeddable":true,"href":"https:\/\/wp.ufpel.edu.br\/ppgrecursoshidricos\/wp-json\/wp\/v2\/comments?post=2580"}],"version-history":[{"count":8,"href":"https:\/\/wp.ufpel.edu.br\/ppgrecursoshidricos\/wp-json\/wp\/v2\/pages\/2580\/revisions"}],"predecessor-version":[{"id":2808,"href":"https:\/\/wp.ufpel.edu.br\/ppgrecursoshidricos\/wp-json\/wp\/v2\/pages\/2580\/revisions\/2808"}],"wp:attachment":[{"href":"https:\/\/wp.ufpel.edu.br\/ppgrecursoshidricos\/wp-json\/wp\/v2\/media?parent=2580"}],"curies":[{"name":"wp","href":"https:\/\/api.w.org\/{rel}","templated":true}]}}