{"id":2572,"date":"2020-08-11T11:04:10","date_gmt":"2020-08-11T14:04:10","guid":{"rendered":"https:\/\/wp.ufpel.edu.br\/ppgrecursoshidricos\/?page_id=2572"},"modified":"2020-08-28T17:00:35","modified_gmt":"2020-08-28T20:00:35","slug":"doctorate-theses","status":"publish","type":"page","link":"https:\/\/wp.ufpel.edu.br\/ppgrecursoshidricos\/doctorate-theses\/","title":{"rendered":"Doctorate Theses"},"content":{"rendered":"<p><span style=\"color: #000000\"><strong>Viviane Rodrigues Dorneles<\/strong><\/span><\/p>\n<p><span style=\"font-size: 10pt;color: #000000\">Title: Applicability of sediment curves for modeling of sediment yield from the Modified Universal Soil Loss Equation (MUSLE).<\/span><br \/>\n<span style=\"font-size: 10pt;color: #000000\">Supervisory committee: Samuel Beskow (supervisor) and Maria C\u00e2ndida Moitinho Nunes<\/span><br \/>\n<span style=\"font-size: 10pt;color: #000000\">Date: 07.29.2020<\/span><\/p>\n<p><span style=\"color: #000000\"><strong>Rosimere da Silva Fraga<\/strong><\/span><\/p>\n<p><span style=\"font-size: 10pt;color: #000000\">Title: <span lang=\"EN-US\">Empirical modelling and mapping of water quality parameters in a subtropical lagoon using remote sensing data<\/span><\/span><br \/>\n<span style=\"font-size: 10pt;color: #000000\">Supervisory committee: Hugo Alexandre Soares Guedes<\/span><br \/>\n<span style=\"font-size: 10pt;color: #000000\">Date: 06.17.2020<\/span><\/p>\n<p><span style=\"color: #000000\"><strong>Luana Nunes Centeno<\/strong><\/span><\/p>\n<p><span style=\"font-size: 10pt;color: #000000\">Title: Modelos de espa\u00e7o de estados e an\u00e1lise em wavelets no estudo do relacionamento entre atributos f\u00edsico-h\u00eddricos do solo e atributos topogr\u00e1ficos em escala de bacia hidrogr\u00e1fica<\/span><br \/>\n<span style=\"font-size: 10pt;color: #000000\">Supervisory committee: Luis Carlos Timm<\/span><br \/>\n<span style=\"font-size: 10pt;color: #000000\">Date: 05.29.2020<\/span><\/p>\n<p><span style=\"color: #000000\"><strong>Alice Alonzo Steinmetz<\/strong><\/span><\/p>\n<p><span style=\"font-size: 10pt;color: #000000\">Title: Impact of climate changes on streamflows in watersheds situated in the Brazilian Pampa<\/span><br \/>\n<span style=\"font-size: 10pt;color: #000000\">Supervisory committee: Samuel Beskow<\/span><br \/>\n<span style=\"font-size: 10pt;color: #000000\">Date: 04.17.2020<\/span><\/p>\n<p><span style=\"color: #000000\"><strong>Rodrigo C\u00e9sar de Vasconcelos dos Santos<\/strong><\/span><\/p>\n<p><span style=\"font-size: 10pt;color: #000000\">Title: Spatial variability of the hydraulic conductivity of saturated soil and implications for direct runoff on a watershed scale<\/span><br \/>\n<span style=\"font-size: 10pt;color: #000000\">Supervisory committee: Luis Carlos Timm (supervisor), Tirzah Moreira Siqueira and Samuel Beskow<\/span><br \/>\n<span style=\"font-size: 10pt;color: #000000\">Date: 03.27.2020<\/span><\/p>\n","protected":false},"excerpt":{"rendered":"<p>Viviane Rodrigues Dorneles Title: Applicability of sediment curves for modeling of sediment yield from the Modified Universal Soil Loss Equation (MUSLE). Supervisory committee: Samuel Beskow (supervisor) and Maria C\u00e2ndida Moitinho Nunes Date: 07.29.2020 Rosimere da Silva Fraga Title: Empirical modelling and mapping of water quality parameters in a subtropical lagoon using remote sensing data Supervisory [&hellip;]<\/p>\n","protected":false},"author":669,"featured_media":0,"parent":0,"menu_order":0,"comment_status":"closed","ping_status":"closed","template":"","meta":{"jetpack_post_was_ever_published":false,"footnotes":""},"class_list":["post-2572","page","type-page","status-publish","hentry"],"jetpack_shortlink":"https:\/\/wp.me\/Paj7D4-Fu","jetpack_sharing_enabled":true,"_links":{"self":[{"href":"https:\/\/wp.ufpel.edu.br\/ppgrecursoshidricos\/wp-json\/wp\/v2\/pages\/2572","targetHints":{"allow":["GET"]}}],"collection":[{"href":"https:\/\/wp.ufpel.edu.br\/ppgrecursoshidricos\/wp-json\/wp\/v2\/pages"}],"about":[{"href":"https:\/\/wp.ufpel.edu.br\/ppgrecursoshidricos\/wp-json\/wp\/v2\/types\/page"}],"author":[{"embeddable":true,"href":"https:\/\/wp.ufpel.edu.br\/ppgrecursoshidricos\/wp-json\/wp\/v2\/users\/669"}],"replies":[{"embeddable":true,"href":"https:\/\/wp.ufpel.edu.br\/ppgrecursoshidricos\/wp-json\/wp\/v2\/comments?post=2572"}],"version-history":[{"count":7,"href":"https:\/\/wp.ufpel.edu.br\/ppgrecursoshidricos\/wp-json\/wp\/v2\/pages\/2572\/revisions"}],"predecessor-version":[{"id":2814,"href":"https:\/\/wp.ufpel.edu.br\/ppgrecursoshidricos\/wp-json\/wp\/v2\/pages\/2572\/revisions\/2814"}],"wp:attachment":[{"href":"https:\/\/wp.ufpel.edu.br\/ppgrecursoshidricos\/wp-json\/wp\/v2\/media?parent=2572"}],"curies":[{"name":"wp","href":"https:\/\/api.w.org\/{rel}","templated":true}]}}