{"id":2557,"date":"2020-08-11T10:51:01","date_gmt":"2020-08-11T13:51:01","guid":{"rendered":"https:\/\/wp.ufpel.edu.br\/ppgrecursoshidricos\/?page_id=2557"},"modified":"2023-05-09T12:11:00","modified_gmt":"2023-05-09T15:11:00","slug":"dissertacoes-2","status":"publish","type":"page","link":"https:\/\/wp.ufpel.edu.br\/ppgrecursoshidricos\/dissertacoes-2\/","title":{"rendered":"Disserta\u00e7\u00f5es"},"content":{"rendered":"<p><span style=\"color: #000000;\"><strong>Gustavo Borges Lima<br \/>\n<\/strong><\/span><\/p>\n<p><span style=\"color: #000000; font-size: 10pt;\">T\u00edtulo: <a href=\"http:\/\/guaiaca.ufpel.edu.br:8080\/handle\/prefix\/9351\">Perda de carga em linhas laterais de sistemas de irriga\u00e7\u00e3o por gotejamento.<\/a><\/span><br \/>\n<span style=\"color: #000000; font-size: 10pt;\">Orienta\u00e7\u00e3o: Lessandro Coll Faria<\/span><br \/>\n<span style=\"color: #000000; font-size: 10pt;\">Data da defesa: 28.02.2023<\/span><\/p>\n<p><span style=\"color: #000000;\"><strong>Larissa Corr\u00eaa Santos<br \/>\n<\/strong><\/span><\/p>\n<p><span style=\"color: #000000; font-size: 10pt;\">T\u00edtulo: Comportamento hidrodin\u00e2mico na conflu\u00eancia de rios: estudo de caso do Canal S\u00e3o Gon\u00e7alo &#8211; Arroio Pelotas.<\/span><br \/>\n<span style=\"color: #000000; font-size: 10pt;\">Orienta\u00e7\u00e3o: Gilberto Loguercio Collares<\/span><br \/>\n<span style=\"color: #000000; font-size: 10pt;\">Data da defesa: 27.02.2023<\/span><\/p>\n<p><strong>Daniele Martin Sampaio<br \/>\n<\/strong><\/p>\n<p><span style=\"color: #000000; font-size: 10pt;\">T\u00edtulo: <a href=\"http:\/\/guaiaca.ufpel.edu.br:8080\/handle\/prefix\/9350\">Modelagem orbital e monitoramento remoto de clorofila, s\u00f3lidos suspensos e densidade celular de Ceratium na Barragem Santa B\u00e1rbara, Pelotas, RS.<\/a><\/span><br \/>\n<span style=\"color: #000000; font-size: 10pt;\">Orienta\u00e7\u00e3o: Hugo Alexandre Soares Guedes<\/span><br \/>\n<span style=\"color: #000000; font-size: 10pt;\">Data da defesa: 10.02.2023<\/span><\/p>\n<p><span style=\"color: #000000;\"><strong>Janice Ferreira da Silveira<\/strong><\/span><\/p>\n<p><span style=\"color: #000000; font-size: 10pt;\">T\u00edtulo: <a style=\"color: #000000;\" href=\"http:\/\/guaiaca.ufpel.edu.br:8080\/handle\/prefix\/8579\">Uso de ve\u00edculo a\u00e9reo n\u00e3o tripulado (Vant) na estimativa da turbidez das \u00e1guas do Canal S\u00e3o Gon\u00e7alo, Pelotas &#8211; RS, Brasil.<\/a><\/span><br \/>\n<span style=\"color: #000000; font-size: 10pt;\">Orienta\u00e7\u00e3o: Gilberto Loguercio Collares e\u00a0 Felipe de Lucia Lobo<\/span><br \/>\n<span style=\"color: #000000; font-size: 10pt;\">Data da defesa: 26.05.2022<\/span><\/p>\n<p><span style=\"color: #000000;\"><strong>Paula Josyane dos Santos Francisco<\/strong><\/span><\/p>\n<p><span style=\"color: #000000; font-size: 10pt;\">T\u00edtulo: <a style=\"color: #000000;\" href=\"http:\/\/guaiaca.ufpel.edu.br:8080\/handle\/prefix\/8375\">Modelagem num\u00e9rica do fluxo subterr\u00e2neo no per\u00edmetro urbano do munic\u00edpio de Alegrete &#8211; RS<\/a><\/span><br \/>\n<span style=\"color: #000000; font-size: 10pt;\">Orienta\u00e7\u00e3o: Juliana Pertille da Silva e\u00a0 Vanessa Almeida de Godoy<\/span><br \/>\n<span style=\"color: #000000; font-size: 10pt;\">Data da defesa: 25.02.2022<\/span><\/p>\n<p><span style=\"color: #000000;\"><strong>Gabriel Borges dos Santos<\/strong><\/span><\/p>\n<p><span style=\"color: #000000; font-size: 10pt;\">T\u00edtulo: <a style=\"color: #000000;\" href=\"http:\/\/guaiaca.ufpel.edu.br:8080\/handle\/prefix\/8372\" target=\"_blank\" rel=\"noopener\">Balan\u00e7o h\u00eddrico quantitativo das \u00e1guas superficiais na bacia hidrogr\u00e1fica do Rio Jaguar\u00e3o<\/a><\/span><br \/>\n<span style=\"color: #000000; font-size: 10pt;\">Orienta\u00e7\u00e3o: Gilberto Loguercio Collares<\/span><br \/>\n<span style=\"color: #000000; font-size: 10pt;\">Data da defesa: 23.02.2022<\/span><\/p>\n<p><span style=\"color: #000000;\"><strong>Marlon Heitor Kunst Valentini<\/strong><\/span><\/p>\n<p><span style=\"color: #000000; font-size: 10pt;\">T\u00edtulo: <a style=\"color: #000000;\" href=\"http:\/\/guaiaca.ufpel.edu.br:8080\/handle\/prefix\/8374\" target=\"_blank\" rel=\"noopener\">Frequ\u00eancia de cheias no Brasil: an\u00e1lise local<\/a><\/span><br \/>\n<span style=\"color: #000000; font-size: 10pt;\">Orienta\u00e7\u00e3o: Samuel Beskow<\/span><br \/>\n<span style=\"color: #000000; font-size: 10pt;\">Data da defesa: 23.02.2022<\/span><\/p>\n<p><span style=\"color: #000000;\"><strong>Henrique Sanchez Franz<\/strong><\/span><\/p>\n<p><span style=\"color: #000000; font-size: 10pt;\">T\u00edtulo: <a style=\"color: #000000;\" href=\"http:\/\/guaiaca.ufpel.edu.br:8080\/handle\/prefix\/8373\">Diagn\u00f3stico e monitoramento de \u00e1guas subterr\u00e2neas urbanas para gest\u00e3o de recursos h\u00eddrico do munic\u00edpio de Cangu\u00e7u, Rio Grande do Sul, Brasil.<\/a><\/span><br \/>\n<span style=\"color: #000000; font-size: 10pt;\">Orienta\u00e7\u00e3o: Juliana Pertille da Silva<\/span><br \/>\n<span style=\"color: #000000; font-size: 10pt;\">Data da defesa: 22.02.2022<\/span><\/p>\n<hr \/>\n<p><span style=\"color: #000000;\"><strong>Tamiris Ara\u00fajo Duarte Castro<\/strong><\/span><\/p>\n<p><span style=\"color: #000000; font-size: 10pt;\">T\u00edtulo: <a style=\"color: #000000;\" href=\"http:\/\/guaiaca.ufpel.edu.br:8080\/handle\/prefix\/7653\">Aplicabilidade de filtro digital para separa\u00e7\u00e3o de escoamento em bacias hidrogr\u00e1ficas sob o dom\u00ednio de aqu\u00edferos fraturados<\/a><\/span><br \/>\n<span style=\"color: #000000; font-size: 10pt;\">Orienta\u00e7\u00e3o: Samuel Beskow (orientador) e Juliana Pertille da Silva<\/span><br \/>\n<span style=\"color: #000000; font-size: 10pt;\">Data da defesa: 05.03.2021<\/span><\/p>\n<p><span style=\"color: #000000;\"><strong>Marcelle Martins Vargas<\/strong><\/span><\/p>\n<p><span style=\"color: #000000; font-size: 10pt;\">T\u00edtulo: <a style=\"color: #000000;\" href=\"http:\/\/guaiaca.ufpel.edu.br\/handle\/prefix\/7474\">Concep\u00e7\u00e3o do modelo hidrol\u00f3gico LASH em MATLAB\u00ae : aprimoramento da propaga\u00e7\u00e3o em rios e da calibra\u00e7\u00e3o<\/a><\/span><br \/>\n<span style=\"color: #000000; font-size: 10pt;\">Orienta\u00e7\u00e3o: Samuel Beskow (orientador) e Carlos Rog\u00e9rio de Mello<\/span><br \/>\n<span style=\"color: #000000; font-size: 10pt;\">Data da defesa: 25.02.2021<\/span><\/p>\n<p><span style=\"color: #000000;\"><strong>Angelo Garcia Costa<\/strong><\/span><\/p>\n<p><span style=\"color: #000000; font-size: 10pt;\">T\u00edtulo:<a style=\"color: #000000;\" href=\"http:\/\/guaiaca.ufpel.edu.br:8080\/handle\/prefix\/7935\">Fun\u00e7\u00f5es hidr\u00e1ulico-energ\u00e9ticos na an\u00e1lise da qualidade f\u00edsica de Neossolos sob diferentes usos em escala de bacia hidrogr\u00e1fica<\/a><\/span><br \/>\n<span style=\"color: #000000; font-size: 10pt;\">Orienta\u00e7\u00e3o: Luis Carlos Timm<\/span><br \/>\n<span style=\"color: #000000; font-size: 10pt;\">Data da defesa: 24.02.2021<\/span><\/p>\n<p><span style=\"color: #000000;\"><strong>Zandra Almeida da Cunha<\/strong><\/span><\/p>\n<p><span style=\"color: #000000; font-size: 10pt;\">T\u00edtulo: <a style=\"color: #000000;\" href=\"http:\/\/guaiaca.ufpel.edu.br\/handle\/prefix\/7475\">Avalia\u00e7\u00e3o dos impactos de cen\u00e1rios de mudan\u00e7as no uso do solo na hidrologia da bacia hidrogr\u00e1fica do rio Xingu<\/a><\/span><br \/>\n<span style=\"color: #000000; font-size: 10pt;\">Orienta\u00e7\u00e3o: Carlos Rog\u00e9rio de Mello (orientador) e Samuel Beskow<\/span><br \/>\n<span style=\"color: #000000; font-size: 10pt;\">Data da defesa: 23.02.2021<\/span><\/p>\n<hr \/>\n<p><span style=\"color: #000000;\"><strong><span style=\"font-size: 12pt;\">Rafaela Gamino Tronco <\/span><\/strong><\/span><\/p>\n<p><span style=\"font-size: 10pt; color: #000000;\">T\u00edtulo: <a style=\"color: #000000;\" href=\"http:\/\/guaiaca.ufpel.edu.br\/handle\/prefix\/7496\">Fun\u00e7\u00f5es de pedotransfer\u00eancia para a estimativa da reten\u00e7\u00e3o de \u00e1gua na bacia hidrogr\u00e1fica do arroio do Ouro \u2013 RS, Brasil<\/a><\/span><br \/>\n<span style=\"font-size: 10pt; color: #000000;\">Orienta\u00e7\u00e3o: Gilberto Loguercio Collares<\/span><br \/>\n<span style=\"font-size: 10pt; color: #000000;\">Data da defesa: 02.03.2020<\/span><\/p>\n<p><span style=\"color: #000000;\"><strong>George Marino Soares Gon\u00e7alves<\/strong><\/span><\/p>\n<p><span style=\"font-size: 10pt; color: #000000;\">T\u00edtulo: <a style=\"color: #000000;\" href=\"http:\/\/guaiaca.ufpel.edu.br\/handle\/prefix\/7495\">Estimativa da concentra\u00e7\u00e3o de sedimentos em suspens\u00e3o no Canal S\u00e3o Gon\u00e7alo a partir de equipamentos ac\u00fasticos<\/a><\/span><br \/>\n<span style=\"font-size: 10pt; color: #000000;\">Orienta\u00e7\u00e3o: Gilberto Loguercio Collares<\/span><br \/>\n<span style=\"font-size: 10pt; color: #000000;\">Data da defesa: 19.02.2020<\/span><\/p>\n<p><span style=\"color: #000000;\"><strong>Bruna Moreira Sell<\/strong><\/span><\/p>\n<p><span style=\"font-size: 10pt; color: #000000;\">T\u00edtulo: <a style=\"color: #000000;\" href=\"http:\/\/guaiaca.ufpel.edu.br\/handle\/prefix\/7494\">Efeito de escala em modelos f\u00edsicos reduzidos de vertedouros em degraus<\/a><\/span><br \/>\n<span style=\"font-size: 10pt; color: #000000;\">Orienta\u00e7\u00e3o: Maur\u00edcio Dai Pr\u00e1<\/span><br \/>\n<span style=\"font-size: 10pt; color: #000000;\">Data da defesa: 18.02.2020<\/span><\/p>\n<hr \/>\n<p><span style=\"color: #000000;\"><strong>R\u00f4mulo F\u00e9lix Nunes<\/strong><\/span><\/p>\n<p><span style=\"font-size: 10pt; color: #000000;\">T\u00edtulo: <a style=\"color: #000000;\" href=\"http:\/\/guaiaca.ufpel.edu.br:8080\/handle\/prefix\/5776\">Fun\u00e7\u00f5es de pedotransfer\u00eancia na caracteriza\u00e7\u00e3o da distribui\u00e7\u00e3o espacial da condutividade hidr\u00e1ulica do solo saturado<\/a><\/span><br \/>\n<span style=\"font-size: 10pt; color: #000000;\">Orienta\u00e7\u00e3o: Lu\u00eds Carlos Timm<\/span><br \/>\n<span style=\"font-size: 10pt; color: #000000;\">Data da defesa: 29\/08\/2019<\/span><\/p>\n<p><span style=\"color: #000000;\"><strong>Nelva Bugoni Riquetti<\/strong><\/span><\/p>\n<p><span style=\"font-size: 10pt; color: #000000;\">T\u00edtulo: <a style=\"color: #000000;\" href=\"http:\/\/guaiaca.ufpel.edu.br:8080\/handle\/prefix\/5775\">Erosividade da chuva na Am\u00e9rica do Sul: comportamento atual e proje\u00e7\u00f5es futuras<\/a><\/span><br \/>\n<span style=\"font-size: 10pt; color: #000000;\">Orienta\u00e7\u00e3o: Carlos Rog\u00e9rio de Mello<\/span><br \/>\n<span style=\"font-size: 10pt; color: #000000;\">Data da defesa: 25\/02\/2019<\/span><\/p>\n<p><span style=\"color: #000000;\"><strong>J\u00e9ssica Fernanda Ogassawara<\/strong><\/span><\/p>\n<p><span style=\"font-size: 10pt; color: #000000;\">T\u00edtulo: <a style=\"color: #000000;\" href=\"http:\/\/guaiaca.ufpel.edu.br:8080\/handle\/prefix\/5774\">Modelagem de cotas de cheias a partir de vaz\u00f5es derivadas de hidrogramas unit\u00e1rios instant\u00e2neos geomorfol\u00f3gicos<\/a><\/span><br \/>\n<span style=\"font-size: 10pt; color: #000000;\">Orienta\u00e7\u00e3o: Samuel Beskow<\/span><br \/>\n<span style=\"font-size: 10pt; color: #000000;\">Data da defesa: 25\/02\/2019<\/span><\/p>\n<p><span style=\"color: #000000;\"><strong>C\u00e1ssia Brocca Caballero<\/strong><\/span><\/p>\n<p><span style=\"font-size: 10pt; color: #000000;\">T\u00edtulo: <a style=\"color: #000000;\" href=\"http:\/\/guaiaca.ufpel.edu.br:8080\/handle\/prefix\/5773\">Modelagem emp\u00edrica de Clorofila-a e Oxig\u00eanio Dissolvido combinando sensoriamento remoto orbital e dados in situ na lagoa Mirim, RS, Brasil<\/a><\/span><br \/>\n<span style=\"font-size: 10pt; color: #000000;\">Orienta\u00e7\u00e3o: Hugo Alexandre Soares Guedes<\/span><br \/>\n<span style=\"font-size: 10pt; color: #000000;\">Data da defesa: 22\/02\/2019<\/span><\/p>\n<p><span style=\"color: #000000;\"><strong>Tha\u00eds Magalh\u00e3es Possa<\/strong><\/span><\/p>\n<p><span style=\"font-size: 10pt; color: #000000;\">T\u00edtulo: <a style=\"color: #000000;\" href=\"http:\/\/guaiaca.ufpel.edu.br:8080\/handle\/prefix\/5777\">Modelagem hidrol\u00f3gica e hidrodin\u00e2mica integrada da bacia hidrogr\u00e1fica Mirim-S\u00e3o Gon\u00e7alo com influ\u00eancia do vento<\/a><\/span><br \/>\n<span style=\"font-size: 10pt; color: #000000;\">Orienta\u00e7\u00e3o: Gilberto Loguercio Collares<\/span><br \/>\n<span style=\"font-size: 10pt; color: #000000;\">Data da defesa: 19\/02\/2019<\/span><\/p>\n<p><span style=\"color: #000000;\"><strong>Aline Saupe Abreu<\/strong><\/span><\/p>\n<p><span style=\"font-size: 10pt; color: #000000;\">T\u00edtulo: <a style=\"color: #000000;\" href=\"http:\/\/guaiaca.ufpel.edu.br:8080\/handle\/prefix\/5772\">An\u00e1lise experimental em modelo f\u00edsico de estruturas hidr\u00e1ulicas de remo\u00e7\u00e3o de sedimentos em barragens: Descarregadores de fundo<\/a><\/span><br \/>\n<span style=\"font-size: 10pt; color: #000000;\">Orienta\u00e7\u00e3o: Maur\u00edcio Dai Pr\u00e1<\/span><br \/>\n<span style=\"font-size: 10pt; color: #000000;\">Data da defesa: 19\/02\/2019<\/span><\/p>\n<hr \/>\n<p><span style=\"color: #000000;\"><strong>Carina Kr\u00fcger Bork<\/strong><\/span><\/p>\n<p><span style=\"font-size: 10pt; color: #000000;\">T\u00edtulo: <a style=\"color: #000000;\" href=\"http:\/\/guaiaca.ufpel.edu.br:8080\/handle\/prefix\/3981\">Regionaliza\u00e7\u00e3o de vaz\u00f5es m\u00ednimas para o estado do Rio Grande do Sul<\/a><\/span><br \/>\n<span style=\"font-size: 10pt; color: #000000;\">Orienta\u00e7\u00e3o: Hugo Alexandre Soares Guedes<\/span><br \/>\n<span style=\"font-size: 10pt; color: #000000;\">Data da defesa: 06.03.2018<\/span><\/p>\n<p><span style=\"color: #000000;\"><strong>Ma\u00edra Martim de Moura<\/strong><\/span><\/p>\n<p><span style=\"font-size: 10pt; color: #000000;\">T\u00edtulo: <a style=\"color: #000000;\" href=\"http:\/\/guaiaca.ufpel.edu.br:8080\/handle\/prefix\/3982\">Influ\u00eancia de diferentes fontes e escalas de informa\u00e7\u00e3o do relevo sobre a estimativa de cheias a partir do Hidrograma Unit\u00e1rio Instant\u00e2neo de Nash<\/a><\/span><br \/>\n<span style=\"font-size: 10pt; color: #000000;\">Orienta\u00e7\u00e3o: Samuel Beskow<\/span><br \/>\n<span style=\"font-size: 10pt; color: #000000;\">Data da defesa: 01.03.2018<\/span><\/p>\n<p><span style=\"color: #000000;\"><strong>Marcos Valle Bueno<\/strong><\/span><\/p>\n<p><span style=\"font-size: 10pt; color: #000000;\">T\u00edtulo: <a style=\"color: #000000;\" href=\"http:\/\/guaiaca.ufpel.edu.br:8080\/handle\/prefix\/3983\">Uso de ferramentas de geotecnologias para a simula\u00e7\u00e3o do manejo da \u00e1gua em terras baixas<\/a><\/span><br \/>\n<span style=\"font-size: 10pt; color: #000000;\">Orienta\u00e7\u00e3o: Lessandro Coll Faria<\/span><br \/>\n<span style=\"font-size: 10pt; color: #000000;\">Data da defesa: 26.02.2018<\/span><\/p>\n<p><span style=\"color: #000000;\"><strong>Maur\u00edcio Fornalski Soares<\/strong><\/span><\/p>\n<p><span style=\"font-size: 10pt; color: #000000;\">T\u00edtulo: <a style=\"color: #000000;\" href=\"http:\/\/guaiaca.ufpel.edu.br\/handle\/prefix\/3984\">Variabilidade espacial dos atributos f\u00edsico-h\u00eddricos e do carbono org\u00e2nico do solo de uma bacia hidrogr\u00e1fica de cabeceira em Cangu\u00e7u &#8211; RS<\/a><\/span><br \/>\n<span style=\"font-size: 10pt; color: #000000;\">Orienta\u00e7\u00e3o: Luis Carlos Timm<\/span><br \/>\n<span style=\"font-size: 10pt; color: #000000;\">Data da defesa: 06.02.2018<\/span><\/p>\n<hr \/>\n<p><span style=\"color: #000000;\"><strong>Luana Nunes Centeno<\/strong><\/span><\/p>\n<p><span style=\"font-size: 10pt; color: #000000;\">T\u00edtulo: <a style=\"color: #000000;\" href=\"http:\/\/guaiaca.ufpel.edu.br:8080\/handle\/prefix\/3692\">Proposta metodol\u00f3gica para a constru\u00e7\u00e3o de \u00edndices de qualidade da \u00e1gua na Bacia Hidrogr\u00e1fica Piratini-S\u00e3o Gon\u00e7alo-Mangueira, RS<\/a><\/span><br \/>\n<span style=\"font-size: 10pt; color: #000000;\">Orienta\u00e7\u00e3o: Hugo Alexandre Soares Guedes<\/span><br \/>\n<span style=\"font-size: 10pt; color: #000000;\">Data da defesa: 10.03.2017<\/span><\/p>\n<p><span style=\"color: #000000;\"><strong>Alice Alonzo Steinmetz<\/strong><\/span><\/p>\n<p><span style=\"font-size: 10pt; color: #000000;\">T\u00edtulo: <a style=\"color: #000000;\" href=\"http:\/\/guaiaca.ufpel.edu.br:8080\/handle\/prefix\/3690\">Estimativa de cheias aplicando a t\u00e9cnica de hidrograma unit\u00e1rio com diferentes abordagens de discretiza\u00e7\u00e3o espacial em uma sub-bacia do arroio Pelotas<\/a><\/span><br \/>\n<span style=\"font-size: 10pt; color: #000000;\">Orienta\u00e7\u00e3o: Samuel Beskow<\/span><br \/>\n<span style=\"font-size: 10pt; color: #000000;\">Data da defesa: 06.03.2017<\/span><\/p>\n<p><span style=\"color: #000000;\"><strong>Rute Daniela Chaves<\/strong><\/span><\/p>\n<p><span style=\"font-size: 10pt; color: #000000;\">T\u00edtulo: <a style=\"color: #000000;\" href=\"http:\/\/guaiaca.ufpel.edu.br:8080\/handle\/prefix\/4163\">Estimativa da perda de solo e produ\u00e7\u00e3o de sedimentos atrav\u00e9s de levantamento a\u00e9reo empregando um Ve\u00edculo A\u00e9reo N\u00e3o Tripulado<\/a><\/span><br \/>\n<span style=\"font-size: 10pt; color: #000000;\">Orienta\u00e7\u00e3o: Gilberto Loguercio Collares<\/span><br \/>\n<span style=\"font-size: 10pt; color: #000000;\">Data da defesa: 02.03.2017<\/span><\/p>\n<p><span style=\"color: #000000;\"><strong>Jos\u00e9 Henrique Nunes Flores<\/strong><\/span><\/p>\n<p><span style=\"font-size: 10pt; color: #000000;\">T\u00edtulo: <a style=\"color: #000000;\" href=\"http:\/\/guaiaca.ufpel.edu.br:8080\/handle\/prefix\/3691\">Modelagem matem\u00e1tica da perda de carga em emissores integrados a tubula\u00e7\u00e3o de irriga\u00e7\u00e3o localizada<\/a><\/span><br \/>\n<span style=\"font-size: 10pt; color: #000000;\">Orienta\u00e7\u00e3o: Lessandro Coll Faria e Osvaldo Rettore Neto<\/span><br \/>\n<span style=\"font-size: 10pt; color: #000000;\">Data da defesa: 20.02.2017<\/span><\/p>\n<hr \/>\n<p><span style=\"color: #000000;\"><strong>Roberta Karsburg Machado<\/strong><\/span><\/p>\n<p><span style=\"color: #000000; font-size: 10pt;\">T\u00edtulo: <a style=\"color: #000000;\" href=\"http:\/\/guaiaca.ufpel.edu.br:8080\/handle\/prefix\/3693\">Precipita\u00e7\u00e3o e velocidade do vento na oscila\u00e7\u00e3o dos n\u00edveis d\u2019\u00e1gua do canal S\u00e3o Gon\u00e7alo-RS<\/a><\/span><br \/>\n<span style=\"color: #000000; font-size: 10pt;\">Orienta\u00e7\u00e3o: Gilberto Loguercio Collares<\/span><br \/>\n<span style=\"color: #000000; font-size: 10pt;\">Data da defesa: 26.10.2016<\/span><\/p>\n<p><span style=\"color: #000000;\"><strong>Cristian Larri Pires Veber<\/strong><\/span><\/p>\n<p><span style=\"color: #000000; font-size: 10pt;\">T\u00edtulo: <a style=\"color: #000000;\" href=\"http:\/\/guaiaca.ufpel.edu.br:8080\/handle\/prefix\/3252\">Desempenho de modelos de hidrograma unit\u00e1rio em duas bacias hidrogr\u00e1ficas com comportamento hidrol\u00f3gico contrastante<\/a><\/span><br \/>\n<span style=\"color: #000000; font-size: 10pt;\">Orienta\u00e7\u00e3o: Samuel Beskow<\/span><br \/>\n<span style=\"color: #000000; font-size: 10pt;\">Data da defesa: 12.08.2016<\/span><\/p>\n<p><span style=\"color: #000000;\"><strong>Fernanda Fernandes Martins de Oliveira<\/strong><\/span><\/p>\n<p><span style=\"color: #000000; font-size: 10pt;\">T\u00edtulo: <a style=\"color: #000000;\" href=\"http:\/\/guaiaca.ufpel.edu.br:8080\/handle\/prefix\/3270\">Press\u00f5es a jusante de comportas tipo segmento invertida em condutos de eclusas<\/a><\/span><br \/>\n<span style=\"color: #000000; font-size: 10pt;\">Orienta\u00e7\u00e3o: Mauricio Dai Pr\u00e1<\/span><br \/>\n<span style=\"color: #000000; font-size: 10pt;\">Data da defesa: 02.03.2016<\/span><\/p>\n<p><span style=\"color: #000000;\"><strong>Priscila dos Santos Priebe<\/strong><\/span><\/p>\n<p><span style=\"color: #000000; font-size: 10pt;\">T\u00edtulo: <a style=\"color: #000000;\" href=\"http:\/\/guaiaca.ufpel.edu.br:8080\/handle\/prefix\/3271\">Caracteriza\u00e7\u00e3o das press\u00f5es junto ao fundo a jusante de comportas segmento invertida<\/a><\/span><br \/>\n<span style=\"color: #000000; font-size: 10pt;\">Orienta\u00e7\u00e3o: Mauricio Dai Pr\u00e1<\/span><br \/>\n<span style=\"color: #000000; font-size: 10pt;\">Data da defesa: 02.03.2016<\/span><\/p>\n<p><span style=\"color: #000000;\"><strong>Emanuele Beifus Manke<\/strong><\/span><\/p>\n<p><span style=\"color: #000000; font-size: 10pt;\">T\u00edtulo: <a style=\"color: #000000;\" href=\"http:\/\/guaiaca.ufpel.edu.br:8080\/handle\/prefix\/3272\">Modelagem emp\u00edrica das perdas de \u00e1gua por evapora\u00e7\u00e3o e arraste em um sistema mecanizado de irriga\u00e7\u00e3o tipo lateral m\u00f3vel nas condi\u00e7\u00f5es meteorol\u00f3gicas do sul do Rio Grande do Sul<\/a><\/span><br \/>\n<span style=\"color: #000000; font-size: 10pt;\">Orienta\u00e7\u00e3o: Lessandro Coll Faria<\/span><br \/>\n<span style=\"color: #000000; font-size: 10pt;\">Data da defesa: 26.02.2016<\/span><\/p>\n<p><span style=\"color: #000000;\"><strong>Tamara Leitzke Caldeira<\/strong><\/span><\/p>\n<p><span style=\"color: #000000; font-size: 10pt;\">T\u00edtulo: <a style=\"color: #000000;\" href=\"http:\/\/guaiaca.ufpel.edu.br:8080\/handle\/ri\/2833\">Aprimoramento computacional do modelo Lavras Simulation of Hydrology (LASH) : aplica\u00e7\u00e3o em duas bacias do Rio Grande do Sul<\/a><\/span><br \/>\n<span style=\"color: #000000; font-size: 10pt;\">Orienta\u00e7\u00e3o: Carlos Rog\u00e9rio de Mello<\/span><br \/>\n<span style=\"color: #000000; font-size: 10pt;\">Data da defesa: 26.02.2016<\/span><\/p>\n<p><span style=\"color: #000000;\"><strong>Mariana Fernandes Ramos<\/strong><\/span><\/p>\n<p><span style=\"color: #000000; font-size: 10pt;\">T\u00edtulo: <a style=\"color: #000000;\" href=\"http:\/\/guaiaca.ufpel.edu.br:8080\/handle\/prefix\/3273\">Variabilidade de caracter\u00edsticas f\u00edsicas e h\u00eddricas do solo em pomares de p\u00eassego com diferentes idades no munic\u00edpio de Pelotas &#8211; RS<\/a><\/span><br \/>\n<span style=\"color: #000000; font-size: 10pt;\">Orienta\u00e7\u00e3o: Luis Eduardo Akiyoshi Sanches Suzuki<\/span><br \/>\n<span style=\"color: #000000; font-size: 10pt;\">Data da defesa: 24.02.2016<\/span><\/p>\n<hr \/>\n<p><span style=\"color: #000000;\"><strong>Gabriela Schiavon Nunes<\/strong><\/span><\/p>\n<p><span style=\"color: #000000; font-size: 10pt;\">T\u00edtulo: <a style=\"color: #000000;\" href=\"http:\/\/guaiaca.ufpel.edu.br:8080\/handle\/ri\/2829\">Aplicabilidade de modelos de hidrograma unit\u00e1rio em bacias hidrogr\u00e1ficas hidrologicamente distintas<\/a><\/span><br \/>\n<span style=\"color: #000000; font-size: 10pt;\">Orienta\u00e7\u00e3o: Samuel Beskow<\/span><br \/>\n<span style=\"color: #000000; font-size: 10pt;\">Data da defesa: 26.08.2015<\/span><\/p>\n<p><span style=\"color: #000000;\"><strong>Bernardo Gomes N\u00f6renberg<\/strong><\/span><\/p>\n<p><span style=\"color: #000000; font-size: 10pt;\">T\u00edtulo: <a style=\"color: #000000;\" href=\"http:\/\/guaiaca.ufpel.edu.br:8080\/handle\/ri\/2834\">Modelagem probabil\u00edstica das l\u00e2minas de \u00e1gua aplicadas na cultura do arroz por um equipamento mecanizado de irriga\u00e7\u00e3o tipo lateral m\u00f3vel<\/a><\/span><br \/>\n<span style=\"color: #000000; font-size: 10pt;\">Orienta\u00e7\u00e3o: Lessandro Coll Faria<\/span><br \/>\n<span style=\"color: #000000; font-size: 10pt;\">Data da defesa: 25.08.2015<\/span><\/p>\n<p><span style=\"color: #000000;\"><strong>Guilherme Kruger Bartels<\/strong><\/span><\/p>\n<p><span style=\"color: #000000; font-size: 10pt;\">T\u00edtulo: <a style=\"color: #000000;\" href=\"http:\/\/guaiaca.ufpel.edu.br:8080\/handle\/ri\/2800\">Monitoramento hidrossedimentol\u00f3gico numa bacia hidrogr\u00e1fica do Escudo Sul-Rio-Grandense<\/a><\/span><br \/>\n<span style=\"color: #000000; font-size: 10pt;\">Orienta\u00e7\u00e3o: Gilberto Loguercio Collares<\/span><br \/>\n<span style=\"color: #000000; font-size: 10pt;\">Data da defesa: 30.04.2015<\/span><\/p>\n<p><span style=\"color: #000000;\"><strong>Mariana Farias de Souza<\/strong><\/span><\/p>\n<p><span style=\"color: #000000; font-size: 10pt;\">T\u00edtulo: <a style=\"color: #000000;\" href=\"http:\/\/guaiaca.ufpel.edu.br:8080\/handle\/ri\/2830\">Qualidade da \u00e1gua do Canal S\u00e3o Gon\u00e7alo &#8211; RS\/ Brasil: uma avalia\u00e7\u00e3o hidroqu\u00edmica considerando seus usos m\u00faltiplos<\/a><\/span><br \/>\n<span style=\"color: #000000; font-size: 10pt;\">Orienta\u00e7\u00e3o: Idel Cristiana Bigliardi Milani<\/span><br \/>\n<span style=\"color: #000000; font-size: 10pt;\">Data da defesa: 26.02.2015<\/span><\/p>\n<p><span style=\"color: #000000;\"><strong>Caroline Perez Lacerda da Silveira<\/strong><\/span><\/p>\n<p><span style=\"color: #000000; font-size: 10pt;\">T\u00edtulo:<a style=\"color: #000000;\" href=\"http:\/\/guaiaca.ufpel.edu.br:8080\/handle\/ri\/2799\"> Caracteriza\u00e7\u00e3o de solos e sedimentos em dep\u00f3sitos e fontes em potencial na Bacia Hidrogr\u00e1fica do Arroio Pelotas<\/a><\/span><br \/>\n<span style=\"color: #000000; font-size: 10pt;\">Orienta\u00e7\u00e3o: Luis Eduardo Akiyoshi Sanches Suzuki<\/span><br \/>\n<span style=\"color: #000000; font-size: 10pt;\">Data da defesa: 23.02.2015<\/span><\/p>\n","protected":false},"excerpt":{"rendered":"<p>Gustavo Borges Lima T\u00edtulo: Perda de carga em linhas laterais de sistemas de irriga\u00e7\u00e3o por gotejamento. Orienta\u00e7\u00e3o: Lessandro Coll Faria Data da defesa: 28.02.2023 Larissa Corr\u00eaa Santos T\u00edtulo: Comportamento hidrodin\u00e2mico na conflu\u00eancia de rios: estudo de caso do Canal S\u00e3o Gon\u00e7alo &#8211; Arroio Pelotas. Orienta\u00e7\u00e3o: Gilberto Loguercio Collares Data da defesa: 27.02.2023 Daniele Martin Sampaio [&hellip;]<\/p>\n","protected":false},"author":669,"featured_media":0,"parent":0,"menu_order":0,"comment_status":"closed","ping_status":"closed","template":"","meta":{"jetpack_post_was_ever_published":false,"footnotes":""},"class_list":["post-2557","page","type-page","status-publish","hentry"],"jetpack_shortlink":"https:\/\/wp.me\/Paj7D4-Ff","jetpack_sharing_enabled":true,"_links":{"self":[{"href":"https:\/\/wp.ufpel.edu.br\/ppgrecursoshidricos\/wp-json\/wp\/v2\/pages\/2557","targetHints":{"allow":["GET"]}}],"collection":[{"href":"https:\/\/wp.ufpel.edu.br\/ppgrecursoshidricos\/wp-json\/wp\/v2\/pages"}],"about":[{"href":"https:\/\/wp.ufpel.edu.br\/ppgrecursoshidricos\/wp-json\/wp\/v2\/types\/page"}],"author":[{"embeddable":true,"href":"https:\/\/wp.ufpel.edu.br\/ppgrecursoshidricos\/wp-json\/wp\/v2\/users\/669"}],"replies":[{"embeddable":true,"href":"https:\/\/wp.ufpel.edu.br\/ppgrecursoshidricos\/wp-json\/wp\/v2\/comments?post=2557"}],"version-history":[{"count":24,"href":"https:\/\/wp.ufpel.edu.br\/ppgrecursoshidricos\/wp-json\/wp\/v2\/pages\/2557\/revisions"}],"predecessor-version":[{"id":3946,"href":"https:\/\/wp.ufpel.edu.br\/ppgrecursoshidricos\/wp-json\/wp\/v2\/pages\/2557\/revisions\/3946"}],"wp:attachment":[{"href":"https:\/\/wp.ufpel.edu.br\/ppgrecursoshidricos\/wp-json\/wp\/v2\/media?parent=2557"}],"curies":[{"name":"wp","href":"https:\/\/api.w.org\/{rel}","templated":true}]}}