{"id":2433,"date":"2020-07-29T11:13:07","date_gmt":"2020-07-29T14:13:07","guid":{"rendered":"https:\/\/wp.ufpel.edu.br\/ppgrecursoshidricos\/?page_id=2433"},"modified":"2020-08-27T16:19:10","modified_gmt":"2020-08-27T19:19:10","slug":"book-chapters","status":"publish","type":"page","link":"https:\/\/wp.ufpel.edu.br\/ppgrecursoshidricos\/scientific-production\/book-chapters\/","title":{"rendered":"Book Chapters"},"content":{"rendered":"<p><span style=\"color: #000000\"><strong><span style=\"text-decoration: underline\">2017:<\/span><\/strong><\/span><\/p>\n<p><span style=\"color: #000000\">NUNES, A. B.; PEREIRA, R. S. <strong>Estimativa de eventos de precipita\u00e7\u00e3o com potencial para alagamentos urbanos no Rio Grande do Sul<\/strong>. In: NUNES, A. B.; MARIANO, G. L. (Org.).<\/span><\/p>\n<p><span style=\"color: #000000\"><strong><span style=\"text-decoration: underline\">2016:<\/span><\/strong><\/span><\/p>\n<p><span style=\"color: #000000\">TIMM, L. C. ; TAVARES, V. E. Q. ; BAMBERG, A. ; FARIA, L. C. ; REISSER JUNIOR, C. ; ESTRELA, C. C. ; FRAGA, R. S. <strong>Manejo da \u00e1gua<\/strong>. In: Luis Eduardo Corr\u00eaa Antunes; Carlos Reisser J\u00fanior; Jos\u00e9 Ernani Schwengber. (Org.). MORANGUEIRO. 1ed. Bras\u00edlia, DF: Embrapa Informa\u00e7\u00e3o Tecnol\u00f3gica, 2016, v. 1, p. 281-332.<\/span><\/p>\n<p><span style=\"color: #000000\"><strong><span style=\"text-decoration: underline\">2015:<\/span><\/strong><\/span><\/p>\n<p><span style=\"color: #000000\">BESKOW, S.; CALDEIRA, T. L.\u00a0<strong>Eventos hidrol\u00f3gicos extremos<\/strong>. In: Claudimir Rodrigues. (Org.). Programa Gestor de Recursos H\u00eddricos. 1\u00aaed.Santa Cruz do Sul: Essere Nel Mondo, 2015, v. , p. 17-21.<\/span><\/p>\n<p><span style=\"color: #000000\">BESKOW, S.; CALDEIRA, T. L. ; FARIA, L. C. ; Nunes, G. S. .<strong> Legisla\u00e7\u00e3o para autorizar o uso da \u00e1gua em uma bacia hidrogr\u00e1fica<\/strong>. In: Claudimir Rodrigues. (Org.). Programa Gestor de Recursos H\u00eddricos. 1\u00aaed.Santa Cruz do Sul: Essere Nel Mondo, 2015, v. , p. 22-24.<\/span><\/p>\n<p><span style=\"color: #000000\">BESKOW, S.; CALDEIRA, T. L. ; FARIA, L. C. . <strong>Quantifica\u00e7\u00e3o dos recursos h\u00eddricos<\/strong>. In: Claudimir Rodrigues. (Org.). Programa Gestor de Recursos H\u00eddricos. 1\u00aaed.Santa Cruz do Sul: Essere Nel Mondo, 2015, v. , p. 13-16.<\/span><\/p>\n<p><span style=\"color: #000000\">BESKOW, S.; Souza, M. R. ; LUZ, E. P. . <strong>Ciclo hidrol\u00f3gico<\/strong>. In: Claudimir Rodrigues. (Org.). Programa Gestor de Recursos H\u00eddricos. 1\u00aaed.Santa Cruz do Sul: Essere nel Mondo, 2015, v. , p. 6-12.<\/span><\/p>\n<p><span style=\"color: #000000\">FARIA, L. C. ; NORENBERG, B. G. ; BESKOW, S. . <strong>M\u00e9todos e sistemas de irriga\u00e7\u00e3o<\/strong>. In: Claudimir Rodrigues. (Org.). Programa Gestor de Recursos H\u00eddricos. 1\u00aaed.Santa Cruz do Sul: Essere nel Mondo, 2015, v. , p. 77-86.<\/span><\/p>\n<p><span style=\"color: #000000\">FARIA, L. C. ; NORENBERG, B. G. ; BESKOW, S. . <strong>Manejo de irriga\u00e7\u00e3o<\/strong>. In: Claudimir Rodrigues. (Org.). Programa Gestor de Recursos H\u00eddricos. 1\u00aaed.Santa Cruz do Sul: Essere nel Mondo, 2015, v. , p. 87-90.<\/span><\/p>\n<p><span style=\"color: #000000\">DAI PR\u00c1, M.; ABREU, A. S. ; SANTOS, J. P. . <strong>Armazenamento de \u00c1gua Superficial: A\u00e7udes e Pequenas Barragens.<\/strong> In: Claudimir Rodrigues. (Org.). Programa Gestor de Recursos Hidricos. 1ed.Santa Cruz do Sul: Essere nel Mondo Editora Ltda, 2015, v. 1, p. 59-63.<\/span><\/p>\n<p><span style=\"color: #000000\">M\u00d6LLER, O. O.; ASEFF, C. R. . <strong>Propriedades F\u00edsicas da \u00c1gua do Mar<\/strong>. In: Jorge Pablo Castello; Luiz Carflos Krug. (Org.). Introdu\u00e7\u00e3o \u00e0s Ci\u00eancias do Mar. 1ed.Pelotas: Textos, 2015, v. 1, p. 112-137.<\/span><\/p>\n<p><span style=\"color: #000000\">FERNANDES, E. L. ; M\u00d6LLER, O. O. ; CUCHIARA, D. C. . <strong>Ondas<\/strong>. In: Jorge Pablo Castello; Luiz Carlos Krug. (Org.). Introdu\u00e7\u00e3o \u00e0s Ci\u00eancias do Mar. 1ed.Pelotas: Textos, 2015, v. 1, p. 196-224.<\/span><\/p>\n<hr \/>\n<p>&nbsp;<\/p>\n<p><span style=\"text-decoration: underline;color: #000000\"><strong>2014:<\/strong><\/span><\/p>\n<p><span style=\"color: #000000\">Timm, Lu\u00eds Carlos; Reichardt, Klaus ; de Lima, Cl\u00e1udia Liane Rodrigues ; Aquino, Leandro Sanzi ; Penning, Letiane Helwig ; Dourado-Neto, Durval . State-Space Approach to Understand Soil-Plant-Atmosphere Relationships. In: TEIXEIRA, W.G.; CEDDIA, M.B.; OTTONI, M.V.; DONNAGEMA, G.K.. (Org.). <strong>Application of Soil Physics in Environmental Analyses<\/strong>. 1ed.New York: Springer International Publishing, 2014, v. 1, p. 91-129.<\/span><\/p>\n<p><span style=\"color: #000000\">Wendroth, Ole ; Yang, Yang ; Timm, Lu\u00eds Carlos . State-Space Analysis in Soil Physics. In: TEIXEIRA, W.G.; CEDDIA, M.B.; OTTONI, M.V.; DONNAGEMA, G.K.. (Org.). <strong>Application of Soil Physics in Environmental Analyses<\/strong>. 1ed.New York: Springer International Publishing, 2014, v. 1, p. 53-74.<\/span><\/p>\n<p><span style=\"color: #000000\">BASSOI, L. H. ; MIELE, A. ; REISSER JUNIOR, C. ; GEBLER, L. ; FLORES, C.A. ; ALBA, J. M. F. ; GREGO, C.R. ; TERRA, V.S.S. ; TIMM, L. C. ; NASCIMENTO, P. dos S. . <strong>Agricultura de precis\u00e3o em fruticultura<\/strong>. In: BERNARDI, A.C de C.; NAIME, J. de M.; RESENDE, A.V. de; BASSOI, L.H.; INAMASU, R.Y.. (Org.). Agricultura de precis\u00e3o: resultados de um novo olhar. 1ed.Brasilia: Embrapa, 2014, v. 1, p. 350-360.<\/span><\/p>\n<p><span style=\"color: #000000\">TERRA, V.S.S. ; REISSER JUNIOR, C. ; TIMM, L. C. ; PEREIRA, J.F.M. ; CARVALHO, F.L.C. ; OLDONI, H. . <strong>Avalia\u00e7\u00e3o do comportamento espacial e temporal de alguns atributos da planta de pessegueiro, durante tr\u00eas anos de observa\u00e7\u00f5es<\/strong>. In: BERNARDI, A.C de C.; NAIME, J. de M.; RESENDE, A.V. de; BASSOI, L.H.; INAMASU, R.Y.. (Org.). Agricultura de precis\u00e3o: resultados de um novo olhar. 1ed.Brasilia: Embrapa, 2014, v. 1, p. 421-426.<\/span><\/p>\n<p><span style=\"color: #000000\">TERRA, V.S.S. ; REISSER JUNIOR, C. ; TIMM, L. C. ; PEREIRA, J.F.M. ; CARVALHO, F.L.C. ; OLDONI, H. . <strong>Variabilidade espacial e temporal dos atributos da planta em um pomar de pessegueiro no munic\u00edpio do Morro Redondo-RS.<\/strong> In: BERNARDI, A.C de C.; NAIME, J. de M.; RESENDE, A.V. de; BASSOI, L.H.; INAMASU, R.Y.. (Org.). Agricultura de precis\u00e3o: resultados de um novo olhar. 1ed.Brasilia: Embrapa, 2014, v. 1, p. 427-433.<\/span><\/p>\n<p><span style=\"color: #000000\">TERRA, V.S.S. ; REISSER JUNIOR, C. ; TIMM, L. C. ; PEREIRA, J.F.M. ; CARVALHO, F.L.C. ; OLDONI, H. . <strong>Correla\u00e7\u00e3o linear e espacial entre os atributos da planta de um pomar de pessegueiro e os atributos f\u00edsico-h\u00eddricos do solo<\/strong>. In: BERNARDI, A.C de C.; NAIME, J. de M.; RESENDE, A.V. de; BASSOI, L.H.; INAMASU, R.Y.. (Org.). Agricultura de precis\u00e3o: resultados de um novo olhar. 1ed.Brasilia: Embrapa, 2014, v. 1, p. 434-441.<\/span><\/p>\n","protected":false},"excerpt":{"rendered":"<p>2017: NUNES, A. B.; PEREIRA, R. S. Estimativa de eventos de precipita\u00e7\u00e3o com potencial para alagamentos urbanos no Rio Grande do Sul. In: NUNES, A. B.; MARIANO, G. L. (Org.). 2016: TIMM, L. C. ; TAVARES, V. E. Q. ; BAMBERG, A. ; FARIA, L. C. ; REISSER JUNIOR, C. ; ESTRELA, C. C. ; [&hellip;]<\/p>\n","protected":false},"author":669,"featured_media":0,"parent":2399,"menu_order":5,"comment_status":"closed","ping_status":"closed","template":"","meta":{"jetpack_post_was_ever_published":false,"footnotes":""},"class_list":["post-2433","page","type-page","status-publish","hentry"],"jetpack_shortlink":"https:\/\/wp.me\/Paj7D4-Df","jetpack_sharing_enabled":true,"_links":{"self":[{"href":"https:\/\/wp.ufpel.edu.br\/ppgrecursoshidricos\/wp-json\/wp\/v2\/pages\/2433","targetHints":{"allow":["GET"]}}],"collection":[{"href":"https:\/\/wp.ufpel.edu.br\/ppgrecursoshidricos\/wp-json\/wp\/v2\/pages"}],"about":[{"href":"https:\/\/wp.ufpel.edu.br\/ppgrecursoshidricos\/wp-json\/wp\/v2\/types\/page"}],"author":[{"embeddable":true,"href":"https:\/\/wp.ufpel.edu.br\/ppgrecursoshidricos\/wp-json\/wp\/v2\/users\/669"}],"replies":[{"embeddable":true,"href":"https:\/\/wp.ufpel.edu.br\/ppgrecursoshidricos\/wp-json\/wp\/v2\/comments?post=2433"}],"version-history":[{"count":2,"href":"https:\/\/wp.ufpel.edu.br\/ppgrecursoshidricos\/wp-json\/wp\/v2\/pages\/2433\/revisions"}],"predecessor-version":[{"id":2800,"href":"https:\/\/wp.ufpel.edu.br\/ppgrecursoshidricos\/wp-json\/wp\/v2\/pages\/2433\/revisions\/2800"}],"up":[{"embeddable":true,"href":"https:\/\/wp.ufpel.edu.br\/ppgrecursoshidricos\/wp-json\/wp\/v2\/pages\/2399"}],"wp:attachment":[{"href":"https:\/\/wp.ufpel.edu.br\/ppgrecursoshidricos\/wp-json\/wp\/v2\/media?parent=2433"}],"curies":[{"name":"wp","href":"https:\/\/api.w.org\/{rel}","templated":true}]}}

<p><span style="color: #000000"><strong><span style="text-decoration: underline">2017:</span></strong></span></p>
<p><span style="color: #000000">NUNES, A. B.; PEREIRA, R. S. <strong>Estimativa de eventos de precipitação com potencial para alagamentos urbanos no Rio Grande do Sul</strong>. In: NUNES, A. B.; MARIANO, G. L. (Org.).</span></p>
<p><span style="color: #000000"><strong><span style="text-decoration: underline">2016:</span></strong></span></p>
<p><span style="color: #000000">TIMM, L. C. ; TAVARES, V. E. Q. ; BAMBERG, A. ; FARIA, L. C. ; REISSER JUNIOR, C. ; ESTRELA, C. C. ; FRAGA, R. S. <strong>Manejo da água</strong>. In: Luis Eduardo Corrêa Antunes; Carlos Reisser Júnior; José Ernani Schwengber. (Org.). MORANGUEIRO. 1ed. Brasília, DF: Embrapa Informação Tecnológica, 2016, v. 1, p. 281-332.</span></p>
<p><span style="color: #000000"><strong><span style="text-decoration: underline">2015:</span></strong></span></p>
<p><span style="color: #000000">BESKOW, S.; CALDEIRA, T. L. <strong>Eventos hidrológicos extremos</strong>. In: Claudimir Rodrigues. (Org.). Programa Gestor de Recursos Hídricos. 1ªed.Santa Cruz do Sul: Essere Nel Mondo, 2015, v. , p. 17-21.</span></p>
<p><span style="color: #000000">BESKOW, S.; CALDEIRA, T. L. ; FARIA, L. C. ; Nunes, G. S. .<strong> Legislação para autorizar o uso da água em uma bacia hidrográfica</strong>. In: Claudimir Rodrigues. (Org.). Programa Gestor de Recursos Hídricos. 1ªed.Santa Cruz do Sul: Essere Nel Mondo, 2015, v. , p. 22-24.</span></p>
<p><span style="color: #000000">BESKOW, S.; CALDEIRA, T. L. ; FARIA, L. C. . <strong>Quantificação dos recursos hídricos</strong>. In: Claudimir Rodrigues. (Org.). Programa Gestor de Recursos Hídricos. 1ªed.Santa Cruz do Sul: Essere Nel Mondo, 2015, v. , p. 13-16.</span></p>
<p><span style="color: #000000">BESKOW, S.; Souza, M. R. ; LUZ, E. P. . <strong>Ciclo hidrológico</strong>. In: Claudimir Rodrigues. (Org.). Programa Gestor de Recursos Hídricos. 1ªed.Santa Cruz do Sul: Essere nel Mondo, 2015, v. , p. 6-12.</span></p>
<p><span style="color: #000000">FARIA, L. C. ; NORENBERG, B. G. ; BESKOW, S. . <strong>Métodos e sistemas de irrigação</strong>. In: Claudimir Rodrigues. (Org.). Programa Gestor de Recursos Hídricos. 1ªed.Santa Cruz do Sul: Essere nel Mondo, 2015, v. , p. 77-86.</span></p>
<p><span style="color: #000000">FARIA, L. C. ; NORENBERG, B. G. ; BESKOW, S. . <strong>Manejo de irrigação</strong>. In: Claudimir Rodrigues. (Org.). Programa Gestor de Recursos Hídricos. 1ªed.Santa Cruz do Sul: Essere nel Mondo, 2015, v. , p. 87-90.</span></p>
<p><span style="color: #000000">DAI PRÁ, M.; ABREU, A. S. ; SANTOS, J. P. . <strong>Armazenamento de Água Superficial: Açudes e Pequenas Barragens.</strong> In: Claudimir Rodrigues. (Org.). Programa Gestor de Recursos Hidricos. 1ed.Santa Cruz do Sul: Essere nel Mondo Editora Ltda, 2015, v. 1, p. 59-63.</span></p>
<p><span style="color: #000000">MÖLLER, O. O.; ASEFF, C. R. . <strong>Propriedades Físicas da Água do Mar</strong>. In: Jorge Pablo Castello; Luiz Carflos Krug. (Org.). Introdução às Ciências do Mar. 1ed.Pelotas: Textos, 2015, v. 1, p. 112-137.</span></p>
<p><span style="color: #000000">FERNANDES, E. L. ; MÖLLER, O. O. ; CUCHIARA, D. C. . <strong>Ondas</strong>. In: Jorge Pablo Castello; Luiz Carlos Krug. (Org.). Introdução às Ciências do Mar. 1ed.Pelotas: Textos, 2015, v. 1, p. 196-224.</span></p>
<hr />
<p>&nbsp;</p>
<p><span style="text-decoration: underline;color: #000000"><strong>2014:</strong></span></p>
<p><span style="color: #000000">Timm, Luís Carlos; Reichardt, Klaus ; de Lima, Cláudia Liane Rodrigues ; Aquino, Leandro Sanzi ; Penning, Letiane Helwig ; Dourado-Neto, Durval . State-Space Approach to Understand Soil-Plant-Atmosphere Relationships. In: TEIXEIRA, W.G.; CEDDIA, M.B.; OTTONI, M.V.; DONNAGEMA, G.K.. (Org.). <strong>Application of Soil Physics in Environmental Analyses</strong>. 1ed.New York: Springer International Publishing, 2014, v. 1, p. 91-129.</span></p>
<p><span style="color: #000000">Wendroth, Ole ; Yang, Yang ; Timm, Luís Carlos . State-Space Analysis in Soil Physics. In: TEIXEIRA, W.G.; CEDDIA, M.B.; OTTONI, M.V.; DONNAGEMA, G.K.. (Org.). <strong>Application of Soil Physics in Environmental Analyses</strong>. 1ed.New York: Springer International Publishing, 2014, v. 1, p. 53-74.</span></p>
<p><span style="color: #000000">BASSOI, L. H. ; MIELE, A. ; REISSER JUNIOR, C. ; GEBLER, L. ; FLORES, C.A. ; ALBA, J. M. F. ; GREGO, C.R. ; TERRA, V.S.S. ; TIMM, L. C. ; NASCIMENTO, P. dos S. . <strong>Agricultura de precisão em fruticultura</strong>. In: BERNARDI, A.C de C.; NAIME, J. de M.; RESENDE, A.V. de; BASSOI, L.H.; INAMASU, R.Y.. (Org.). Agricultura de precisão: resultados de um novo olhar. 1ed.Brasilia: Embrapa, 2014, v. 1, p. 350-360.</span></p>
<p><span style="color: #000000">TERRA, V.S.S. ; REISSER JUNIOR, C. ; TIMM, L. C. ; PEREIRA, J.F.M. ; CARVALHO, F.L.C. ; OLDONI, H. . <strong>Avaliação do comportamento espacial e temporal de alguns atributos da planta de pessegueiro, durante três anos de observações</strong>. In: BERNARDI, A.C de C.; NAIME, J. de M.; RESENDE, A.V. de; BASSOI, L.H.; INAMASU, R.Y.. (Org.). Agricultura de precisão: resultados de um novo olhar. 1ed.Brasilia: Embrapa, 2014, v. 1, p. 421-426.</span></p>
<p><span style="color: #000000">TERRA, V.S.S. ; REISSER JUNIOR, C. ; TIMM, L. C. ; PEREIRA, J.F.M. ; CARVALHO, F.L.C. ; OLDONI, H. . <strong>Variabilidade espacial e temporal dos atributos da planta em um pomar de pessegueiro no município do Morro Redondo-RS.</strong> In: BERNARDI, A.C de C.; NAIME, J. de M.; RESENDE, A.V. de; BASSOI, L.H.; INAMASU, R.Y.. (Org.). Agricultura de precisão: resultados de um novo olhar. 1ed.Brasilia: Embrapa, 2014, v. 1, p. 427-433.</span></p>
<p><span style="color: #000000">TERRA, V.S.S. ; REISSER JUNIOR, C. ; TIMM, L. C. ; PEREIRA, J.F.M. ; CARVALHO, F.L.C. ; OLDONI, H. . <strong>Correlação linear e espacial entre os atributos da planta de um pomar de pessegueiro e os atributos físico-hídricos do solo</strong>. In: BERNARDI, A.C de C.; NAIME, J. de M.; RESENDE, A.V. de; BASSOI, L.H.; INAMASU, R.Y.. (Org.). Agricultura de precisão: resultados de um novo olhar. 1ed.Brasilia: Embrapa, 2014, v. 1, p. 434-441.</span></p>

<p>2017: NUNES, A. B.; PEREIRA, R. S. Estimativa de eventos de precipitação com potencial para alagamentos urbanos no Rio Grande do Sul. In: NUNES, A. B.; MARIANO, G. L. (Org.). 2016: TIMM, L. C. ; TAVARES, V. E. Q. ; BAMBERG, A. ; FARIA, L. C. ; REISSER JUNIOR, C. ; ESTRELA, C. C. ; [&hellip;]</p>
