{"id":1411,"date":"2018-10-09T15:03:44","date_gmt":"2018-10-09T18:03:44","guid":{"rendered":"https:\/\/wp.ufpel.edu.br\/ppgrecursoshidricos\/?page_id=1411"},"modified":"2021-12-22T13:36:57","modified_gmt":"2021-12-22T16:36:57","slug":"defesas-de-dissertacao-tese","status":"publish","type":"page","link":"https:\/\/wp.ufpel.edu.br\/ppgrecursoshidricos\/documentos\/defesas-de-dissertacao-tese\/","title":{"rendered":"Defesa de Disserta\u00e7\u00e3o"},"content":{"rendered":"<p>A defesa de Disserta\u00e7\u00e3o deve seguir o disposto no <a href=\"https:\/\/wp.ufpel.edu.br\/ppgrecursoshidricos\/files\/2021\/06\/Resolucao-25.2019-Regimento-PPG-Recursos-Hidricos.pdf\" target=\"_blank\" rel=\"noopener noreferrer\">Regimento<\/a> do PPG Recursos H\u00eddricos.<\/p>\n<p>Para dar encaminhamento \u00e0 defesa de Disserta\u00e7\u00e3o, o orientador deve preencher o formul\u00e1rio dispon\u00edvel neste <a href=\"https:\/\/docs.google.com\/forms\/d\/e\/1FAIpQLSckSuu_08edJNqCoucm4n6xeiO-RraYSMV6AmxJLSoWa3U24w\/viewform?usp=sf_link\" target=\"_blank\" rel=\"noopener noreferrer\">link<\/a>.<\/p>\n<p>&nbsp;<\/p>\n","protected":false},"excerpt":{"rendered":"<p>A defesa de Disserta\u00e7\u00e3o deve seguir o disposto no Regimento do PPG Recursos H\u00eddricos. Para dar encaminhamento \u00e0 defesa de Disserta\u00e7\u00e3o, o orientador deve preencher o formul\u00e1rio dispon\u00edvel neste link. &nbsp;<\/p>\n","protected":false},"author":669,"featured_media":0,"parent":69,"menu_order":0,"comment_status":"closed","ping_status":"closed","template":"","meta":{"jetpack_post_was_ever_published":false,"footnotes":""},"class_list":["post-1411","page","type-page","status-publish","hentry"],"jetpack_shortlink":"https:\/\/wp.me\/Paj7D4-mL","jetpack_sharing_enabled":true,"_links":{"self":[{"href":"https:\/\/wp.ufpel.edu.br\/ppgrecursoshidricos\/wp-json\/wp\/v2\/pages\/1411","targetHints":{"allow":["GET"]}}],"collection":[{"href":"https:\/\/wp.ufpel.edu.br\/ppgrecursoshidricos\/wp-json\/wp\/v2\/pages"}],"about":[{"href":"https:\/\/wp.ufpel.edu.br\/ppgrecursoshidricos\/wp-json\/wp\/v2\/types\/page"}],"author":[{"embeddable":true,"href":"https:\/\/wp.ufpel.edu.br\/ppgrecursoshidricos\/wp-json\/wp\/v2\/users\/669"}],"replies":[{"embeddable":true,"href":"https:\/\/wp.ufpel.edu.br\/ppgrecursoshidricos\/wp-json\/wp\/v2\/comments?post=1411"}],"version-history":[{"count":13,"href":"https:\/\/wp.ufpel.edu.br\/ppgrecursoshidricos\/wp-json\/wp\/v2\/pages\/1411\/revisions"}],"predecessor-version":[{"id":3239,"href":"https:\/\/wp.ufpel.edu.br\/ppgrecursoshidricos\/wp-json\/wp\/v2\/pages\/1411\/revisions\/3239"}],"up":[{"embeddable":true,"href":"https:\/\/wp.ufpel.edu.br\/ppgrecursoshidricos\/wp-json\/wp\/v2\/pages\/69"}],"wp:attachment":[{"href":"https:\/\/wp.ufpel.edu.br\/ppgrecursoshidricos\/wp-json\/wp\/v2\/media?parent=1411"}],"curies":[{"name":"wp","href":"https:\/\/api.w.org\/{rel}","templated":true}]}}