{"id":1408,"date":"2018-10-09T15:02:49","date_gmt":"2018-10-09T18:02:49","guid":{"rendered":"https:\/\/wp.ufpel.edu.br\/ppgrecursoshidricos\/?page_id=1408"},"modified":"2026-03-31T19:07:01","modified_gmt":"2026-03-31T22:07:01","slug":"resolucoes","status":"publish","type":"page","link":"https:\/\/wp.ufpel.edu.br\/ppgrecursoshidricos\/documentos\/resolucoes\/","title":{"rendered":"Resolu\u00e7\u00f5es"},"content":{"rendered":"<p><strong>Resolu\u00e7\u00f5es vigentes<\/strong><\/p>\n<p>Parecer Normativo n\u00ba 139 de 18 de dezembro de 2025, do Conselho Coordenador do Ensino, da Pesquisa e da Extens\u00e3o (COCEPE) da UFPel, que aprova o <a href=\"https:\/\/wp.ufpel.edu.br\/ppgrecursoshidricos\/files\/2026\/01\/SEI_3609342_Parecer_Normativo_COCEPE_139_2025.pdf\">Regimento do Programa de P\u00f3s Gradua\u00e7\u00e3o em Recursos H\u00eddricos<\/a>.<\/p>\n<p>Resolu\u00e7\u00e3o n\u00ba 01 de 31 de mar\u00e7o de 2026, do Programa de P\u00f3s-Gradua\u00e7\u00e3o em Recursos H\u00eddricos, que aprova os <a href=\"https:\/\/wp.ufpel.edu.br\/ppgrecursoshidricos\/files\/2026\/03\/SEI_3764898_Resolucao_01_2026-1.pdf\">crit\u00e9rios de credenciamento, descredenciamento e recredenciamento de docentes pesquisadores do Programa.<\/a><\/p>\n<p>Resolu\u00e7\u00e3o n\u00ba 02 de 31 de mar\u00e7o de 2026, do Programa de P\u00f3s-Gradua\u00e7\u00e3o em Recursos H\u00eddricos, que aprova os <a href=\"https:\/\/wp.ufpel.edu.br\/ppgrecursoshidricos\/files\/2026\/03\/SEI_3764964_Resolucao_02_2026.pdf\">crit\u00e9rios para distribui\u00e7\u00e3o e acompanhamento de bolsas da CAPES concedidas ao Programa<\/a>.<\/p>\n<p>&nbsp;<\/p>\n<p>&nbsp;<\/p>\n<p><strong>Resolu\u00e7\u00f5es anteriores (n\u00e3o vigentes)<\/strong><\/p>\n<p>Resolu\u00e7\u00e3o n\u00ba 02 de 13 de setembro de 2021, do Programa de P\u00f3s-Gradua\u00e7\u00e3o em Recursos H\u00eddricos, que aprova os <a href=\"https:\/\/wp.ufpel.edu.br\/ppgrecursoshidricos\/files\/2021\/10\/SEI_UFPel-1463561-Resolucao.pdf\">crit\u00e9rios de credenciamento, descredenciamento e recredenciamento de docentes pesquisadores do Programa.<\/a><strong><br \/>\n<\/strong><\/p>\n<p>Resolu\u00e7\u00e3o n\u00ba 01 de 06 de outubro de 2023, do Programa de P\u00f3s-Gradua\u00e7\u00e3o em Recursos H\u00eddricos, que aprova os <a href=\"https:\/\/wp.ufpel.edu.br\/ppgrecursoshidricos\/files\/2024\/03\/Resolucao-PPG-em-Recursos-Hidricos.pdf\">crit\u00e9rios para distribui\u00e7\u00e3o e acompanhamento de bolsas da CAPES concedidas ao Programa<\/a>.<\/p>\n<p>Resolu\u00e7\u00e3o n\u00ba 25 de 01 de agosto de 2019, do Conselho Coordenador do Ensino, da Pesquisa e da Extens\u00e3o (COCEPE) da UFPel, que aprova o <a href=\"https:\/\/wp.ufpel.edu.br\/ppgrecursoshidricos\/files\/2021\/06\/Resolucao-25.2019-Regimento-PPG-Recursos-Hidricos.pdf\">Regimento do Programa de P\u00f3s Gradua\u00e7\u00e3o em Recursos H\u00eddricos<\/a>.<\/p>\n<p>Resolu\u00e7\u00e3o n\u00b0 01 de 05 de julho de 2021, do Programa de P\u00f3s-Gradua\u00e7\u00e3o em Recursos H\u00eddricos, que aprova os <a href=\"https:\/\/wp.ufpel.edu.br\/ppgrecursoshidricos\/files\/2021\/07\/SEI_UFPel-1352944-Resolucao.pdf\">crit\u00e9rios para distribui\u00e7\u00e3o e acompanhamento de bolsas de Demanda Social da CAPES concedidas ao Programa<\/a>.<\/p>\n<p>Resolu\u00e7\u00e3o n\u00ba 01 de 09 de outubro de 2020, do Programa de P\u00f3s-Gradua\u00e7\u00e3o em Recursos H\u00eddricos, que aprova os <a href=\"https:\/\/wp.ufpel.edu.br\/ppgrecursoshidricos\/files\/2021\/09\/CRITERIOS-DE-CREDENCIAMENTO-DESCREDENCIAMENTO-E-RECREDENCIAMENTO-2020-1.pdf\">crit\u00e9rios de credenciamento, descredenciamento e recredenciamento de docentes pesquisadores do Programa<\/a>, substitu\u00edda pela Resolu\u00e7\u00e3o n\u00ba 02 de 13 de setembro de 2021.<\/p>\n<p>Resolu\u00e7\u00e3o n\u00ba 01 de 04 de junho de 2014, do Programa de P\u00f3s-Gradua\u00e7\u00e3o em Recursos H\u00eddricos, que estabelece os <a href=\"https:\/\/wp.ufpel.edu.br\/ppgrecursoshidricos\/files\/2018\/10\/CRIT%C3%89RIOS-DE-CREDENCIAMENTO.pdf\">crit\u00e9rios de credenciamento de docentes pesquisadores do Programa de P\u00f3s-Gradua\u00e7\u00e3o em Recursos H\u00eddricos da Universidade Federal de Pelotas<\/a>, substitu\u00edda pela Resolu\u00e7\u00e3o n\u00ba 01 de 09 de outubro de 2020.<\/p>\n<p>&nbsp;<\/p>\n","protected":false},"excerpt":{"rendered":"<p>Resolu\u00e7\u00f5es vigentes Parecer Normativo n\u00ba 139 de 18 de dezembro de 2025, do Conselho Coordenador do Ensino, da Pesquisa e da Extens\u00e3o (COCEPE) da UFPel, que aprova o Regimento do Programa de P\u00f3s Gradua\u00e7\u00e3o em Recursos H\u00eddricos. Resolu\u00e7\u00e3o n\u00ba 01 de 31 de mar\u00e7o de 2026, do Programa de P\u00f3s-Gradua\u00e7\u00e3o em Recursos H\u00eddricos, que aprova [&hellip;]<\/p>\n","protected":false},"author":669,"featured_media":0,"parent":69,"menu_order":0,"comment_status":"closed","ping_status":"closed","template":"","meta":{"jetpack_post_was_ever_published":false,"footnotes":""},"class_list":["post-1408","page","type-page","status-publish","hentry"],"jetpack_shortlink":"https:\/\/wp.me\/Paj7D4-mI","jetpack_sharing_enabled":true,"_links":{"self":[{"href":"https:\/\/wp.ufpel.edu.br\/ppgrecursoshidricos\/wp-json\/wp\/v2\/pages\/1408","targetHints":{"allow":["GET"]}}],"collection":[{"href":"https:\/\/wp.ufpel.edu.br\/ppgrecursoshidricos\/wp-json\/wp\/v2\/pages"}],"about":[{"href":"https:\/\/wp.ufpel.edu.br\/ppgrecursoshidricos\/wp-json\/wp\/v2\/types\/page"}],"author":[{"embeddable":true,"href":"https:\/\/wp.ufpel.edu.br\/ppgrecursoshidricos\/wp-json\/wp\/v2\/users\/669"}],"replies":[{"embeddable":true,"href":"https:\/\/wp.ufpel.edu.br\/ppgrecursoshidricos\/wp-json\/wp\/v2\/comments?post=1408"}],"version-history":[{"count":4,"href":"https:\/\/wp.ufpel.edu.br\/ppgrecursoshidricos\/wp-json\/wp\/v2\/pages\/1408\/revisions"}],"predecessor-version":[{"id":4875,"href":"https:\/\/wp.ufpel.edu.br\/ppgrecursoshidricos\/wp-json\/wp\/v2\/pages\/1408\/revisions\/4875"}],"up":[{"embeddable":true,"href":"https:\/\/wp.ufpel.edu.br\/ppgrecursoshidricos\/wp-json\/wp\/v2\/pages\/69"}],"wp:attachment":[{"href":"https:\/\/wp.ufpel.edu.br\/ppgrecursoshidricos\/wp-json\/wp\/v2\/media?parent=1408"}],"curies":[{"name":"wp","href":"https:\/\/api.w.org\/{rel}","templated":true}]}}