{"id":8927,"date":"2023-05-03T12:47:41","date_gmt":"2023-05-03T15:47:41","guid":{"rendered":"https:\/\/wp.ufpel.edu.br\/ppgq\/?page_id=8927"},"modified":"2025-02-07T14:08:15","modified_gmt":"2025-02-07T17:08:15","slug":"bruna-adriane-fary","status":"publish","type":"page","link":"https:\/\/wp.ufpel.edu.br\/ppgq\/bruna-adriane-fary\/","title":{"rendered":"Bruna Adriane Fary-Hidai"},"content":{"rendered":"<p><a href=\"https:\/\/wp.ufpel.edu.br\/ppgq\/files\/2023\/05\/Foto-Bruna_page-0001.-1-1.jpg\"><img loading=\"lazy\" decoding=\"async\" class=\"alignnone wp-image-8929\" src=\"https:\/\/wp.ufpel.edu.br\/ppgq\/files\/2023\/05\/Foto-Bruna_page-0001.-1-1-221x318.jpg\" alt=\"\" width=\"148\" height=\"213\" srcset=\"https:\/\/wp.ufpel.edu.br\/ppgq\/files\/2023\/05\/Foto-Bruna_page-0001.-1-1-221x318.jpg 221w, https:\/\/wp.ufpel.edu.br\/ppgq\/files\/2023\/05\/Foto-Bruna_page-0001.-1-1-111x159.jpg 111w, https:\/\/wp.ufpel.edu.br\/ppgq\/files\/2023\/05\/Foto-Bruna_page-0001.-1-1.jpg 376w\" sizes=\"auto, (max-width: 148px) 100vw, 148px\" \/><\/a><\/p>\n<p><span style=\"color: #3366ff;\"><a style=\"color: #3366ff;\" href=\"mailto:bruna.fary@ufpel.edu.br\">bruna.fary@ufpel.edu.br<\/a><\/span><br \/>\n<span style=\"color: #3366ff;\"><a style=\"color: #3366ff;\" href=\"http:\/\/lattes.cnpq.br\/5426244428041941\">Acessar CV Lattes<\/a><\/span><\/p>\n<p style=\"text-align: justify;\"><span style=\"color: #000000;\">Licenciada em Qu\u00edmica pela Universidade Tecnol\u00f3gica Federal do Paran\u00e1, UTFPR &#8211; (2015). Mestra e Doutora em Ensino de Ci\u00eancias e Educa\u00e7\u00e3o Matem\u00e1tica pelo Programa de P\u00f3s-gradua\u00e7\u00e3o em Ensino de Ci\u00eancias e Educa\u00e7\u00e3o Matem\u00e1tica, PECEM &#8211; (2021) da Universidade Estadual de Londrina (UEL). Especialista em Neuroaprendizagem e Educa\u00e7\u00e3o e Sociedade (2020) pela Faculdade UNINA. Atualmente, \u00e9 professora no Centro de Ci\u00eancias Qu\u00edmicas Farmac\u00eauticas e de Alimentos da Universidade Federal de Pelotas (UFPel). Faz parte, enquanto pesquisadora, de tr\u00eas grupos: Grupo de Estudos em Educa\u00e7\u00e3o Cient\u00edfica e Culturas (GEECC); Laborat\u00f3rio de Ensino e Pesquisa em Educa\u00e7\u00e3o Qu\u00edmica (LEPEC) e do Laborat\u00f3rio de Ensino de Qu\u00edmica (LABEQ). Inclina-se a investigar nas linhas: Estudos Culturais das Ci\u00eancias; Educa\u00e7\u00e3o em Direitos Humanos; Filosofia e Sociologia da Qu\u00edmica\/Ci\u00eancias; Experimenta\u00e7\u00e3o no Ensino de Qu\u00edmica\/Ci\u00eancias; Educa\u00e7\u00f5es e M\u00eddias; Educa\u00e7\u00e3o Ambiental e Antropoceno.<\/span><\/p>\n<p><span style=\"color: #999999;\">O texto acima foi extra\u00eddo do Curr\u00edculo Lattes do docente. A Coordena\u00e7\u00e3o do PPGQ n\u00e3o se responsabiliza por informa\u00e7\u00f5es inver\u00eddicas ou imprecis\u00e3o nos dados fornecidos.<\/span><\/p>\n","protected":false},"excerpt":{"rendered":"<p>bruna.fary@ufpel.edu.br Acessar CV Lattes Licenciada em Qu\u00edmica pela Universidade Tecnol\u00f3gica Federal do Paran\u00e1, UTFPR &#8211; (2015). Mestra e Doutora em Ensino de Ci\u00eancias e Educa\u00e7\u00e3o Matem\u00e1tica pelo Programa de P\u00f3s-gradua\u00e7\u00e3o em Ensino de Ci\u00eancias e Educa\u00e7\u00e3o Matem\u00e1tica, PECEM &#8211; (2021) &hellip; <a href=\"https:\/\/wp.ufpel.edu.br\/ppgq\/bruna-adriane-fary\/\">Continue lendo <span class=\"meta-nav\">&rarr;<\/span><\/a><\/p>\n","protected":false},"author":93,"featured_media":0,"parent":0,"menu_order":0,"comment_status":"closed","ping_status":"closed","template":"","meta":{"footnotes":""},"class_list":["post-8927","page","type-page","status-publish","hentry"],"_links":{"self":[{"href":"https:\/\/wp.ufpel.edu.br\/ppgq\/wp-json\/wp\/v2\/pages\/8927","targetHints":{"allow":["GET"]}}],"collection":[{"href":"https:\/\/wp.ufpel.edu.br\/ppgq\/wp-json\/wp\/v2\/pages"}],"about":[{"href":"https:\/\/wp.ufpel.edu.br\/ppgq\/wp-json\/wp\/v2\/types\/page"}],"author":[{"embeddable":true,"href":"https:\/\/wp.ufpel.edu.br\/ppgq\/wp-json\/wp\/v2\/users\/93"}],"replies":[{"embeddable":true,"href":"https:\/\/wp.ufpel.edu.br\/ppgq\/wp-json\/wp\/v2\/comments?post=8927"}],"version-history":[{"count":6,"href":"https:\/\/wp.ufpel.edu.br\/ppgq\/wp-json\/wp\/v2\/pages\/8927\/revisions"}],"predecessor-version":[{"id":9926,"href":"https:\/\/wp.ufpel.edu.br\/ppgq\/wp-json\/wp\/v2\/pages\/8927\/revisions\/9926"}],"wp:attachment":[{"href":"https:\/\/wp.ufpel.edu.br\/ppgq\/wp-json\/wp\/v2\/media?parent=8927"}],"curies":[{"name":"wp","href":"https:\/\/api.w.org\/{rel}","templated":true}]}}