{"id":8560,"date":"2022-10-20T17:05:15","date_gmt":"2022-10-20T20:05:15","guid":{"rendered":"https:\/\/wp.ufpel.edu.br\/ppgq\/?page_id=8560"},"modified":"2022-10-21T11:26:01","modified_gmt":"2022-10-21T14:26:01","slug":"wiliam-boschetti","status":"publish","type":"page","link":"https:\/\/wp.ufpel.edu.br\/ppgq\/wiliam-boschetti\/","title":{"rendered":"Wiliam Boschetti"},"content":{"rendered":"<p><a href=\"https:\/\/wp.ufpel.edu.br\/ppgq\/files\/2022\/10\/Foto-Wiliam-Boschetti-scaled.jpg\"><img loading=\"lazy\" decoding=\"async\" class=\"alignnone wp-image-8562\" src=\"https:\/\/wp.ufpel.edu.br\/ppgq\/files\/2022\/10\/Foto-Wiliam-Boschetti-239x318.jpg\" alt=\"\" width=\"146\" height=\"194\" srcset=\"https:\/\/wp.ufpel.edu.br\/ppgq\/files\/2022\/10\/Foto-Wiliam-Boschetti-239x318.jpg 239w, https:\/\/wp.ufpel.edu.br\/ppgq\/files\/2022\/10\/Foto-Wiliam-Boschetti-119x159.jpg 119w, https:\/\/wp.ufpel.edu.br\/ppgq\/files\/2022\/10\/Foto-Wiliam-Boschetti-768x1024.jpg 768w, https:\/\/wp.ufpel.edu.br\/ppgq\/files\/2022\/10\/Foto-Wiliam-Boschetti-1152x1536.jpg 1152w, https:\/\/wp.ufpel.edu.br\/ppgq\/files\/2022\/10\/Foto-Wiliam-Boschetti-1536x2048.jpg 1536w, https:\/\/wp.ufpel.edu.br\/ppgq\/files\/2022\/10\/Foto-Wiliam-Boschetti-scaled.jpg 1920w\" sizes=\"auto, (max-width: 146px) 100vw, 146px\" \/><\/a><\/p>\n<p><a href=\"mailto:wiliamcaxias@gmail.com\">wiliamcaxias@gmail.com<\/a><br \/>\n<a href=\"http:\/\/lattes.cnpq.br\/7032094012821577\">Acessar CV Lattes<\/a><\/p>\n<p style=\"text-align: justify;\"><span style=\"color: #000000;\">Professor da Universidade Federal de Pelotas (UFPel). Possui gradua\u00e7\u00e3o em Engenharia Qu\u00edmica pela Universidade Federal do Rio Grande do Sul (2009), mestrado em Qu\u00edmica (Qu\u00edmica Anal\u00edtica) pela Universidade Federal do Rio Grande do Sul (2012), doutorado em Qu\u00edmica (Qu\u00edmica Anal\u00edtica) pela Universidade Federal do Rio Grande do Sul (2016) e p\u00f3s-doutorado com a Universidade Federal do Rio Grande do Sul. Atua na \u00e1rea de Qu\u00edmica Anal\u00edtica e Inorg\u00e2nica, com foco em pesquisas envolvendo o uso de impress\u00e3o molecular e espectrometria de absor\u00e7\u00e3o at\u00f4mica para avaliar poluentes emergentes em amostras ambientais.<\/span><\/p>\n<p style=\"text-align: justify;\">O texto acima foi extra\u00eddo do Curr\u00edculo Lattes do docente. A Coordena\u00e7\u00e3o do PPGQ n\u00e3o se responsabiliza por informa\u00e7\u00f5es inver\u00eddicas ou imprecis\u00e3o nos dados fornecidos.<\/p>\n<p>&nbsp;<\/p>\n<p>&nbsp;<\/p>\n<p>&nbsp;<\/p>\n","protected":false},"excerpt":{"rendered":"<p>wiliamcaxias@gmail.com Acessar CV Lattes Professor da Universidade Federal de Pelotas (UFPel). Possui gradua\u00e7\u00e3o em Engenharia Qu\u00edmica pela Universidade Federal do Rio Grande do Sul (2009), mestrado em Qu\u00edmica (Qu\u00edmica Anal\u00edtica) pela Universidade Federal do Rio Grande do Sul (2012), doutorado &hellip; <a href=\"https:\/\/wp.ufpel.edu.br\/ppgq\/wiliam-boschetti\/\">Continue lendo <span class=\"meta-nav\">&rarr;<\/span><\/a><\/p>\n","protected":false},"author":93,"featured_media":0,"parent":0,"menu_order":0,"comment_status":"closed","ping_status":"closed","template":"","meta":{"footnotes":""},"class_list":["post-8560","page","type-page","status-publish","hentry"],"_links":{"self":[{"href":"https:\/\/wp.ufpel.edu.br\/ppgq\/wp-json\/wp\/v2\/pages\/8560","targetHints":{"allow":["GET"]}}],"collection":[{"href":"https:\/\/wp.ufpel.edu.br\/ppgq\/wp-json\/wp\/v2\/pages"}],"about":[{"href":"https:\/\/wp.ufpel.edu.br\/ppgq\/wp-json\/wp\/v2\/types\/page"}],"author":[{"embeddable":true,"href":"https:\/\/wp.ufpel.edu.br\/ppgq\/wp-json\/wp\/v2\/users\/93"}],"replies":[{"embeddable":true,"href":"https:\/\/wp.ufpel.edu.br\/ppgq\/wp-json\/wp\/v2\/comments?post=8560"}],"version-history":[{"count":3,"href":"https:\/\/wp.ufpel.edu.br\/ppgq\/wp-json\/wp\/v2\/pages\/8560\/revisions"}],"predecessor-version":[{"id":8578,"href":"https:\/\/wp.ufpel.edu.br\/ppgq\/wp-json\/wp\/v2\/pages\/8560\/revisions\/8578"}],"wp:attachment":[{"href":"https:\/\/wp.ufpel.edu.br\/ppgq\/wp-json\/wp\/v2\/media?parent=8560"}],"curies":[{"name":"wp","href":"https:\/\/api.w.org\/{rel}","templated":true}]}}