{"id":8554,"date":"2022-10-18T17:29:33","date_gmt":"2022-10-18T20:29:33","guid":{"rendered":"https:\/\/wp.ufpel.edu.br\/ppgq\/?page_id=8554"},"modified":"2022-10-21T11:33:31","modified_gmt":"2022-10-21T14:33:31","slug":"diogo-la-rosa-novo","status":"publish","type":"page","link":"https:\/\/wp.ufpel.edu.br\/ppgq\/diogo-la-rosa-novo\/","title":{"rendered":"Diogo La Rosa Novo"},"content":{"rendered":"<p><a href=\"https:\/\/wp.ufpel.edu.br\/ppgq\/files\/2022\/10\/Diogo-La-Rosa-Novo.jpg\"><img loading=\"lazy\" decoding=\"async\" class=\"alignnone wp-image-8556\" src=\"https:\/\/wp.ufpel.edu.br\/ppgq\/files\/2022\/10\/Diogo-La-Rosa-Novo-254x318.jpg\" alt=\"\" width=\"151\" height=\"189\" srcset=\"https:\/\/wp.ufpel.edu.br\/ppgq\/files\/2022\/10\/Diogo-La-Rosa-Novo-254x318.jpg 254w, https:\/\/wp.ufpel.edu.br\/ppgq\/files\/2022\/10\/Diogo-La-Rosa-Novo-127x159.jpg 127w, https:\/\/wp.ufpel.edu.br\/ppgq\/files\/2022\/10\/Diogo-La-Rosa-Novo.jpg 303w\" sizes=\"auto, (max-width: 151px) 100vw, 151px\" \/><\/a><\/p>\n<p><a href=\"mailto:diogo.la.rosa@hotmail.com\">diogo.la.rosa@hotmail.com<\/a><br \/>\n<a href=\"http:\/\/lattes.cnpq.br\/1518155446953234\">Acessar CV Lattes<\/a><\/p>\n<p style=\"text-align: justify;\"><span style=\"color: #000000; background-color: #ffffff;\">Diogo p<span class=\"x_ContentPasted0\">o<span style=\"color: #000000;\">ssui<\/span> <span style=\"color: #000000;\">gradua\u00e7\u00e3o (2014) em Qu\u00edmica Industrial pela Universidade Federal de Pelotas, Mestrado (2016), Doutorado (2020) em Qu\u00edmica pela Universidade Federal de Pelotas com Doutorado Sandu\u00edche na Universidade de Ghent (B\u00e9lgica) e P\u00f3s-Doutorado J\u00fanior pela Universidade Federal de Santa Maria (2021). Foi Professor Substituto na Universidade Federal do Paran\u00e1 &#8211; Setor Palotina (2021) e atualmente \u00e9 Professor Adjunto no Centro de Ci\u00eancias Qu\u00edmicas, Farmac\u00eauticas e de Alimentos na Universidade Federal de Pelotas. Tem experi\u00eancia na \u00e1rea de Qu\u00edmica Anal\u00edtica, atuando principalmente no desenvolvimento de m\u00e9todos anal\u00edticos para a determina\u00e7\u00e3o de esp\u00e9cies qu\u00edmicas em amostras biol\u00f3gicas envolvendo fontes alternativas de aquecimento durante a etapa de preparo de amostras associada a t\u00e9cnicas de determina\u00e7\u00e3o espectrom\u00e9tricas, cromatogr\u00e1ficas e potenciom\u00e9tricas.<\/span><\/span><\/span><\/p>\n<p style=\"text-align: justify;\">O texto acima foi extra\u00eddo do Curr\u00edculo Lattes do docente. A Coordena\u00e7\u00e3o do PPGQ n\u00e3o se responsabiliza por informa\u00e7\u00f5es inver\u00eddicas ou imprecis\u00e3o nos dados fornecidos.<\/p>\n<p>&nbsp;<\/p>\n<p>&nbsp;<\/p>\n<p>&nbsp;<\/p>\n","protected":false},"excerpt":{"rendered":"<p>diogo.la.rosa@hotmail.com Acessar CV Lattes Diogo possui gradua\u00e7\u00e3o (2014) em Qu\u00edmica Industrial pela Universidade Federal de Pelotas, Mestrado (2016), Doutorado (2020) em Qu\u00edmica pela Universidade Federal de Pelotas com Doutorado Sandu\u00edche na Universidade de Ghent (B\u00e9lgica) e P\u00f3s-Doutorado J\u00fanior pela Universidade &hellip; <a href=\"https:\/\/wp.ufpel.edu.br\/ppgq\/diogo-la-rosa-novo\/\">Continue lendo <span class=\"meta-nav\">&rarr;<\/span><\/a><\/p>\n","protected":false},"author":93,"featured_media":0,"parent":0,"menu_order":0,"comment_status":"closed","ping_status":"closed","template":"","meta":{"footnotes":""},"class_list":["post-8554","page","type-page","status-publish","hentry"],"_links":{"self":[{"href":"https:\/\/wp.ufpel.edu.br\/ppgq\/wp-json\/wp\/v2\/pages\/8554","targetHints":{"allow":["GET"]}}],"collection":[{"href":"https:\/\/wp.ufpel.edu.br\/ppgq\/wp-json\/wp\/v2\/pages"}],"about":[{"href":"https:\/\/wp.ufpel.edu.br\/ppgq\/wp-json\/wp\/v2\/types\/page"}],"author":[{"embeddable":true,"href":"https:\/\/wp.ufpel.edu.br\/ppgq\/wp-json\/wp\/v2\/users\/93"}],"replies":[{"embeddable":true,"href":"https:\/\/wp.ufpel.edu.br\/ppgq\/wp-json\/wp\/v2\/comments?post=8554"}],"version-history":[{"count":3,"href":"https:\/\/wp.ufpel.edu.br\/ppgq\/wp-json\/wp\/v2\/pages\/8554\/revisions"}],"predecessor-version":[{"id":8584,"href":"https:\/\/wp.ufpel.edu.br\/ppgq\/wp-json\/wp\/v2\/pages\/8554\/revisions\/8584"}],"wp:attachment":[{"href":"https:\/\/wp.ufpel.edu.br\/ppgq\/wp-json\/wp\/v2\/media?parent=8554"}],"curies":[{"name":"wp","href":"https:\/\/api.w.org\/{rel}","templated":true}]}}