{"id":7162,"date":"2020-10-02T09:43:06","date_gmt":"2020-10-02T12:43:06","guid":{"rendered":"https:\/\/wp.ufpel.edu.br\/ppgq\/?page_id=7162"},"modified":"2021-09-02T12:58:06","modified_gmt":"2021-09-02T15:58:06","slug":"carla-de-andrade-hartwig","status":"publish","type":"page","link":"https:\/\/wp.ufpel.edu.br\/ppgq\/carla-de-andrade-hartwig\/","title":{"rendered":"Carla de Andrade Hartwig"},"content":{"rendered":"<p><a href=\"https:\/\/wp.ufpel.edu.br\/ppgq\/files\/2021\/08\/Foto_Carla.jpg\"><img loading=\"lazy\" decoding=\"async\" class=\"alignnone size-thumbnail wp-image-7588\" src=\"https:\/\/wp.ufpel.edu.br\/ppgq\/files\/2021\/08\/Foto_Carla-159x159.jpg\" alt=\"\" width=\"159\" height=\"159\" srcset=\"https:\/\/wp.ufpel.edu.br\/ppgq\/files\/2021\/08\/Foto_Carla-159x159.jpg 159w, https:\/\/wp.ufpel.edu.br\/ppgq\/files\/2021\/08\/Foto_Carla-317x318.jpg 317w, https:\/\/wp.ufpel.edu.br\/ppgq\/files\/2021\/08\/Foto_Carla.jpg 385w\" sizes=\"auto, (max-width: 159px) 100vw, 159px\" \/><\/a><\/p>\n<p><a href=\"mailto:carlahartwig@yahoo.com.br\">carlahartwig@yahoo.com.br<\/a><br \/>\n<a href=\"http:\/\/buscatextual.cnpq.br\/buscatextual\/visualizacv.do?id=K4446574T0&amp;tokenCaptchar=03AGdBq26u2PUlb2hoyS1n-X5-ujgSF5NhiSCrYyuw98RrURBtwhNciWiXi1yllJSZcBFqvHdtGnuU-lc8id99k8gFvJfmS5bb8SMgYt93AXcK8F5feYakwtCsosJtZaXnc5m162DRWLkBeg3sVuRnM5WxYeV0HuZmREpbEPrkuBtHj-nf_8CwNUouWVX8MfPVtcm8cYbF7jcYb9o2kiTB9NlRXwL4Oczv16nVqJKtoxAgI6Tr5ZryZqkJhn3wOYxLwn6ui_AyDnkmyzKCdN6MJqxodU9AhJpUB8X1ryLYIpV_OgI-B8ONhLDK_1nb-zR_g_Y8VYwOUhuEP2BGmJdY37bAkWk2f9SmEV4AmdM7qnoOTj-uZAYMbeUp_JxLspAJnzcatKeP3_XKLuq8cthVvASPltjYD19PoPNyFfy-A8yzjhpHKQEunLrFLuEAXEyPbex9n0s8Xw2k\">Acessar CV Lattes<\/a><\/p>\n<p style=\"text-align: justify\"><span style=\"color: #000000\">Formada no Curso T\u00e9cnico em Qu\u00edmica com \u00eanfase em An\u00e1lise de Processos Industriais do Centro Federal de de Educa\u00e7\u00e3o Tecnol\u00f3gica de Pelotas (2004), no Curso de Licenciatura em Qu\u00edmica da Universidade Federal de Pelotas (2009), e no Curso de Tecnologia em Gest\u00e3o Ambiental do Instituto Federal Sul-Rio-Grandense (2010). Mestre em Qu\u00edmica (2012), e Doutora em Ci\u00eancias &#8211; \u00e1rea Qu\u00edmica (2016) pelo Programa de P\u00f3s-gradua\u00e7\u00e3o em Qu\u00edmica da Universidade Federal de Pelotas, tendo desenvolvido seus trabalhos na \u00e1rea de Estudos em Qu\u00edmica Anal\u00edtica e Ambiental. Atuou como T\u00e9cnica de Laborat\u00f3rio no Departamento de Veterin\u00e1ria Preventiva da Universidade Federal de Pelotas nos anos de 2005 \u00e0 2018, e, atualmente, \u00e9 Professora Adjunta no Centro de Ci\u00eancias Qu\u00edmicas, Farmac\u00eauticas e de Alimentos da mesma universidade e docente credenciada no Programa de P\u00f3s-gradua\u00e7\u00e3o em Qu\u00edmica da mesma institui\u00e7\u00e3o.<\/span><\/p>\n<p style=\"text-align: justify\"><span style=\"color: #808080\">O texto acima foi extra\u00eddo do Curr\u00edculo Lattes do docente. A Coordena\u00e7\u00e3o do PPGQ n\u00e3o se responsabiliza por informa\u00e7\u00f5es inver\u00eddicas ou imprecis\u00e3o nos dados fornecidos.<\/span><\/p>\n","protected":false},"excerpt":{"rendered":"<p>carlahartwig@yahoo.com.br Acessar CV Lattes Formada no Curso T\u00e9cnico em Qu\u00edmica com \u00eanfase em An\u00e1lise de Processos Industriais do Centro Federal de de Educa\u00e7\u00e3o Tecnol\u00f3gica de Pelotas (2004), no Curso de Licenciatura em Qu\u00edmica da Universidade Federal de Pelotas (2009), e &hellip; <a href=\"https:\/\/wp.ufpel.edu.br\/ppgq\/carla-de-andrade-hartwig\/\">Continue lendo <span class=\"meta-nav\">&rarr;<\/span><\/a><\/p>\n","protected":false},"author":93,"featured_media":0,"parent":0,"menu_order":0,"comment_status":"closed","ping_status":"closed","template":"","meta":{"footnotes":""},"class_list":["post-7162","page","type-page","status-publish","hentry"],"_links":{"self":[{"href":"https:\/\/wp.ufpel.edu.br\/ppgq\/wp-json\/wp\/v2\/pages\/7162","targetHints":{"allow":["GET"]}}],"collection":[{"href":"https:\/\/wp.ufpel.edu.br\/ppgq\/wp-json\/wp\/v2\/pages"}],"about":[{"href":"https:\/\/wp.ufpel.edu.br\/ppgq\/wp-json\/wp\/v2\/types\/page"}],"author":[{"embeddable":true,"href":"https:\/\/wp.ufpel.edu.br\/ppgq\/wp-json\/wp\/v2\/users\/93"}],"replies":[{"embeddable":true,"href":"https:\/\/wp.ufpel.edu.br\/ppgq\/wp-json\/wp\/v2\/comments?post=7162"}],"version-history":[{"count":9,"href":"https:\/\/wp.ufpel.edu.br\/ppgq\/wp-json\/wp\/v2\/pages\/7162\/revisions"}],"predecessor-version":[{"id":7653,"href":"https:\/\/wp.ufpel.edu.br\/ppgq\/wp-json\/wp\/v2\/pages\/7162\/revisions\/7653"}],"wp:attachment":[{"href":"https:\/\/wp.ufpel.edu.br\/ppgq\/wp-json\/wp\/v2\/media?parent=7162"}],"curies":[{"name":"wp","href":"https:\/\/api.w.org\/{rel}","templated":true}]}}