{"id":5330,"date":"2017-03-29T16:54:02","date_gmt":"2017-03-29T19:54:02","guid":{"rendered":"https:\/\/wp.ufpel.edu.br\/ppgq\/?page_id=5330"},"modified":"2022-09-09T13:47:38","modified_gmt":"2022-09-09T16:47:38","slug":"robson-da-silva-oliboni","status":"publish","type":"page","link":"https:\/\/wp.ufpel.edu.br\/ppgq\/robson-da-silva-oliboni\/","title":{"rendered":"Robson da Silva Oliboni"},"content":{"rendered":"<p><img loading=\"lazy\" decoding=\"async\" class=\"\" src=\"http:\/\/servicosweb.cnpq.br\/wspessoa\/servletrecuperafoto?tipo=1&amp;id=K4263943P4\" width=\"158\" height=\"182\" \/><\/p>\n<p><a href=\"mailto:rooliboni@gmail.com\">rooliboni@gmail.com<\/a><a href=\"http:\/\/lattes.cnpq.br\/8914138534189677\" target=\"_blank\" rel=\"noopener noreferrer\"><br \/>\nAcessar CV Lattes<\/a><\/p>\n<p style=\"text-align: justify;\"><span style=\"color: #333333;\">Bacharel e Licenciado em Quimica pela Universidade Federal de Santa Catarina (UFSC). Mestre pelo Programa de P\u00f3s-Gradua\u00e7\u00e3o em Qu\u00edmica da UFSC (PPGQMC\/UFSC), e Doutor pelo PPGQMC\/UFSC com um per\u00edodo de nove meses na Universidade de Yale. Atua na \u00e1rea de F\u00edsico-Qu\u00edmica, com \u00eanfase em Qu\u00edmica Te\u00f3rica e Computacional e F\u00edsica da Mat\u00e9ria Condensada. Atualmente \u00e9 Professor Adjunto da Universidade Federal de Pelotas (UFPel) e colabora com o Grupo de Din\u00e2mica de El\u00e9trons em Mol\u00e9culas (DinEMol) do Departamento de F\u00ecsica &#8211; UFSC e com o Grupo de Estrutura Eletr\u00f4nica Molecular (GEEM) do Departamento de Qu\u00edmica &#8211; UFSC.<\/span><\/p>\n<p><span style=\"color: #808080;\">O texto acima foi extra\u00eddo do Curr\u00edculo Lattes do docente. A Coordena\u00e7\u00e3o do PPGQ n\u00e3o se responsabiliza por informa\u00e7\u00f5es inver\u00eddicas ou imprecis\u00e3o nos dados fornecidos.<\/span><\/p>\n","protected":false},"excerpt":{"rendered":"<p>rooliboni@gmail.com Acessar CV Lattes Bacharel e Licenciado em Quimica pela Universidade Federal de Santa Catarina (UFSC). Mestre pelo Programa de P\u00f3s-Gradua\u00e7\u00e3o em Qu\u00edmica da UFSC (PPGQMC\/UFSC), e Doutor pelo PPGQMC\/UFSC com um per\u00edodo de nove meses na Universidade de Yale. &hellip; <a href=\"https:\/\/wp.ufpel.edu.br\/ppgq\/robson-da-silva-oliboni\/\">Continue lendo <span class=\"meta-nav\">&rarr;<\/span><\/a><\/p>\n","protected":false},"author":93,"featured_media":0,"parent":0,"menu_order":0,"comment_status":"closed","ping_status":"closed","template":"","meta":{"footnotes":""},"class_list":["post-5330","page","type-page","status-publish","hentry"],"_links":{"self":[{"href":"https:\/\/wp.ufpel.edu.br\/ppgq\/wp-json\/wp\/v2\/pages\/5330","targetHints":{"allow":["GET"]}}],"collection":[{"href":"https:\/\/wp.ufpel.edu.br\/ppgq\/wp-json\/wp\/v2\/pages"}],"about":[{"href":"https:\/\/wp.ufpel.edu.br\/ppgq\/wp-json\/wp\/v2\/types\/page"}],"author":[{"embeddable":true,"href":"https:\/\/wp.ufpel.edu.br\/ppgq\/wp-json\/wp\/v2\/users\/93"}],"replies":[{"embeddable":true,"href":"https:\/\/wp.ufpel.edu.br\/ppgq\/wp-json\/wp\/v2\/comments?post=5330"}],"version-history":[{"count":7,"href":"https:\/\/wp.ufpel.edu.br\/ppgq\/wp-json\/wp\/v2\/pages\/5330\/revisions"}],"predecessor-version":[{"id":8475,"href":"https:\/\/wp.ufpel.edu.br\/ppgq\/wp-json\/wp\/v2\/pages\/5330\/revisions\/8475"}],"wp:attachment":[{"href":"https:\/\/wp.ufpel.edu.br\/ppgq\/wp-json\/wp\/v2\/media?parent=5330"}],"curies":[{"name":"wp","href":"https:\/\/api.w.org\/{rel}","templated":true}]}}