{"id":345,"date":"2011-03-15T10:57:34","date_gmt":"2011-03-15T13:57:34","guid":{"rendered":"https:\/\/wp.ufpel.edu.br\/ppgq\/"},"modified":"2025-07-25T14:15:11","modified_gmt":"2025-07-25T17:15:11","slug":"selecoes-anteriores","status":"publish","type":"page","link":"https:\/\/wp.ufpel.edu.br\/ppgq\/selecoes-anteriores\/","title":{"rendered":"Sele\u00e7\u00f5es Anteriores \/ Provas"},"content":{"rendered":"<p><a href=\"https:\/\/wp.ufpel.edu.br\/ppgq\/files\/2025\/07\/Prova-Completa-1.pdf\">Prova escrita &#8211; sele\u00e7\u00e3o 2025.01<\/a><br \/>\n<a href=\"https:\/\/wp.ufpel.edu.br\/ppgq\/files\/2025\/07\/Prova-Completa.pdf\">Prova escrita &#8211; sele\u00e7\u00e3o 2024.02<\/a><br \/>\n<a href=\"https:\/\/wp.ufpel.edu.br\/ppgq\/files\/2025\/03\/Prova-Completa.pdf\">Prova escrita &#8211; sele\u00e7\u00e3o 2024.01-2<\/a><br \/>\n<a href=\"https:\/\/wp.ufpel.edu.br\/ppgq\/files\/2024\/04\/Prova-completa-1.pdf\">Prova escrita &#8211; sele\u00e7\u00e3o 2024.01-1<\/a><br \/>\n<a href=\"https:\/\/wp.ufpel.edu.br\/ppgq\/files\/2023\/08\/Prova-Completa-Portugues.pdf\">Prova escrita &#8211; sele\u00e7\u00e3o 2023.02<\/a><br \/>\n<a href=\"https:\/\/wp.ufpel.edu.br\/ppgq\/files\/2022\/12\/Prova-Completa.pdf\">Prova escrita &#8211; sele\u00e7\u00e3o 2023.01<\/a><br \/>\n<a href=\"https:\/\/wp.ufpel.edu.br\/ppgq\/files\/2022\/07\/Prova-Escrita-2.pdf\">Prova escrita &#8211; sele\u00e7\u00e3o 2022.02<\/a><br \/>\n<a href=\"https:\/\/wp.ufpel.edu.br\/ppgq\/files\/2022\/07\/Prova-Escrita-1.pdf\">Prova escrita &#8211; sele\u00e7\u00e3o 2021.02<\/a><br \/>\n<a href=\"https:\/\/wp.ufpel.edu.br\/ppgq\/files\/2022\/12\/Prova-Escrita.pdf\">Prova escrita &#8211; Sele\u00e7\u00e3o 2021.01<\/a><br \/>\n<a href=\"https:\/\/wp.ufpel.edu.br\/ppgq\/files\/2022\/07\/Prova-Escrita.pdf\">Prova escrita &#8211; sele\u00e7\u00e3o 2020.02<\/a><br \/>\n<a href=\"https:\/\/wp.ufpel.edu.br\/ppgq\/files\/2022\/07\/Prova-2020.01.pdf\">Prova escrita &#8211; sele\u00e7\u00e3o 2020.01<\/a><br \/>\n<a href=\"https:\/\/wp.ufpel.edu.br\/ppgq\/files\/2019\/07\/Prova-Escrita.pdf\">Prova escrita &#8211; sele\u00e7\u00e3o 2019.02<\/a><br \/>\n<a href=\"https:\/\/wp.ufpel.edu.br\/ppgq\/files\/2018\/12\/Prova-escrita-sele\u00e7\u00e3o-2019.01.pdf\">Prova escrita &#8211; sele\u00e7\u00e3o 2019.01<\/a><br \/>\n<a href=\"https:\/\/wp.ufpel.edu.br\/ppgq\/files\/2018\/08\/Prova-escrita-sele\u00e7\u00e3o-2018.02.pdf\">Prova escrita &#8211; sele\u00e7\u00e3o 2018.02<\/a><br \/>\n<a href=\"https:\/\/wp.ufpel.edu.br\/ppgq\/files\/2018\/08\/Prova-escrita-sele\u00e7\u00e3o-2018.01.pdf\">Prova escrita &#8211; sele\u00e7\u00e3o 2018.01<\/a><br \/>\n<a href=\"https:\/\/wp.ufpel.edu.br\/ppgq\/files\/2018\/05\/Prova-escrita-sele\u00e7\u00e3o-2017.02-1.pdf\">Prova escrita &#8211; sele\u00e7\u00e3o 2017.02<\/a><br \/>\n<span style=\"color: #3366ff;\"><a href=\"https:\/\/wp.ufpel.edu.br\/ppgq\/files\/2011\/03\/Prova-escrita-sele\u00e7\u00e3o-2017.01.pdf\">Prova escrita &#8211; sele\u00e7\u00e3o 2017.01<\/a><a href=\"https:\/\/wp.ufpel.edu.br\/ppgq\/files\/2011\/03\/Prova-2016.02.pdf\"><br \/>\nProva escrita &#8211; sele\u00e7\u00e3o 2016.02<\/a><a href=\"https:\/\/wp.ufpel.edu.br\/ppgq\/files\/2011\/03\/Prova-2016.01.pdf\"><br \/>\nProva escrita &#8211; sele\u00e7\u00e3o 2016.01<\/a><a href=\"https:\/\/wp.ufpel.edu.br\/ppgq\/files\/2011\/03\/Prova_2015_2.pdf\"><br \/>\nProva escrita &#8211; sele\u00e7\u00e3o 2015.02<br \/>\n<\/a><a href=\"https:\/\/wp.ufpel.edu.br\/ppgq\/files\/2011\/03\/Prova-Escrita-2015-01.pdf\">Prova escrita &#8211; sele\u00e7\u00e3o 2015.01<\/a><a href=\"https:\/\/wp.ufpel.edu.br\/ppgq\/files\/2011\/03\/Prova-escrita-sele\u00e7\u00e3o-2014.2.pdf\"><br \/>\nProva escrita &#8211; sele\u00e7\u00e3o 2014.02<\/a><a href=\"https:\/\/wp.ufpel.edu.br\/ppgq\/files\/2011\/03\/Prova_2014_01.pdf\"><br \/>\nProva escrita &#8211; sele\u00e7\u00e3o 2014.01<\/a><a href=\"https:\/\/wp.ufpel.edu.br\/ppgq\/files\/2011\/03\/Prova-Sele\u00e7\u00e3o_2013_2.pdf\"><br \/>\nProva escrita &#8211; sele\u00e7\u00e3o 2013.02<br \/>\n<\/a><\/span><span style=\"color: #3366ff;\"><a href=\"https:\/\/wp.ufpel.edu.br\/ppgq\/files\/2011\/03\/Prova-escrita-sele\u00e7\u00e3o-2013.01.pdf\">Prova escrita &#8211; sele\u00e7\u00e3o 2013.01<br \/>\n<\/a><\/span><span style=\"color: #3366ff;\"><a href=\"https:\/\/wp.ufpel.edu.br\/ppgq\/files\/2011\/03\/Prova-escrita-sele\u00e7\u00e3o-2012.02.pdf\">Prova escrita &#8211; sele\u00e7\u00e3o 2012.02<br \/>\n<\/a><\/span><span style=\"color: #3366ff;\"><a href=\"https:\/\/wp.ufpel.edu.br\/ppgq\/files\/2011\/03\/Prova-escrita-sele\u00e7\u00e3o-2012.01.pdf\">Prova escrita &#8211; sele\u00e7\u00e3o 2012.01<br \/>\n<\/a><\/span><span style=\"color: #3366ff;\"><a href=\"https:\/\/wp.ufpel.edu.br\/ppgq\/files\/2011\/03\/Prova-escrita-sele\u00e7\u00e3o-2011.02-Edital-5.pdf\">Prova escrita &#8211; sele\u00e7\u00e3o 2011.02 &#8211; Edital 5<br \/>\n<\/a><\/span><span style=\"color: #3366ff;\"><a href=\"https:\/\/wp.ufpel.edu.br\/ppgq\/files\/2011\/03\/Prova-escrita-sele\u00e7\u00e3o-2011.02-Edital-4.pdf\">Prova escrita &#8211; sele\u00e7\u00e3o 2011.02 &#8211; Edital 4<br \/>\n<\/a><\/span><span style=\"color: #3366ff;\"><a href=\"https:\/\/wp.ufpel.edu.br\/ppgq\/files\/2011\/03\/Prova-escrita-sele\u00e7\u00e3o-2011.01-Edital-3.pdf\">Prova escrita &#8211; sele\u00e7\u00e3o 2011.01 &#8211; Edital 3<br \/>\n<\/a><\/span><span style=\"color: #3366ff;\"><a href=\"https:\/\/wp.ufpel.edu.br\/ppgq\/files\/2011\/03\/Prova-escrita-sele\u00e7\u00e3o-2011.01-Edital-1.pdf\">Prova escrita &#8211; sele\u00e7\u00e3o 2011.01 &#8211; Edital 1<br \/>\n<\/a><\/span><span style=\"color: #3366ff;\"><a href=\"https:\/\/wp.ufpel.edu.br\/ppgq\/files\/2011\/03\/Prova-escrita-sele\u00e7\u00e3o-2010.pdf\">Prova escrita &#8211; sele\u00e7\u00e3o 2010<\/a><\/span><\/p>\n","protected":false},"excerpt":{"rendered":"<p>Prova escrita &#8211; sele\u00e7\u00e3o 2025.01 Prova escrita &#8211; sele\u00e7\u00e3o 2024.02 Prova escrita &#8211; sele\u00e7\u00e3o 2024.01-2 Prova escrita &#8211; sele\u00e7\u00e3o 2024.01-1 Prova escrita &#8211; sele\u00e7\u00e3o 2023.02 Prova escrita &#8211; sele\u00e7\u00e3o 2023.01 Prova escrita &#8211; sele\u00e7\u00e3o 2022.02 Prova escrita &#8211; sele\u00e7\u00e3o 2021.02 &hellip; <a href=\"https:\/\/wp.ufpel.edu.br\/ppgq\/selecoes-anteriores\/\">Continue lendo <span class=\"meta-nav\">&rarr;<\/span><\/a><\/p>\n","protected":false},"author":93,"featured_media":0,"parent":0,"menu_order":0,"comment_status":"closed","ping_status":"closed","template":"","meta":{"footnotes":""},"class_list":["post-345","page","type-page","status-publish","hentry"],"_links":{"self":[{"href":"https:\/\/wp.ufpel.edu.br\/ppgq\/wp-json\/wp\/v2\/pages\/345","targetHints":{"allow":["GET"]}}],"collection":[{"href":"https:\/\/wp.ufpel.edu.br\/ppgq\/wp-json\/wp\/v2\/pages"}],"about":[{"href":"https:\/\/wp.ufpel.edu.br\/ppgq\/wp-json\/wp\/v2\/types\/page"}],"author":[{"embeddable":true,"href":"https:\/\/wp.ufpel.edu.br\/ppgq\/wp-json\/wp\/v2\/users\/93"}],"replies":[{"embeddable":true,"href":"https:\/\/wp.ufpel.edu.br\/ppgq\/wp-json\/wp\/v2\/comments?post=345"}],"version-history":[{"count":49,"href":"https:\/\/wp.ufpel.edu.br\/ppgq\/wp-json\/wp\/v2\/pages\/345\/revisions"}],"predecessor-version":[{"id":6744,"href":"https:\/\/wp.ufpel.edu.br\/ppgq\/wp-json\/wp\/v2\/pages\/345\/revisions\/6744"}],"wp:attachment":[{"href":"https:\/\/wp.ufpel.edu.br\/ppgq\/wp-json\/wp\/v2\/media?parent=345"}],"curies":[{"name":"wp","href":"https:\/\/api.w.org\/{rel}","templated":true}]}}