{"id":29,"date":"2011-03-14T11:48:44","date_gmt":"2011-03-14T14:48:44","guid":{"rendered":"https:\/\/wp.ufpel.edu.br\/ppgq\/"},"modified":"2017-03-31T08:56:41","modified_gmt":"2017-03-31T11:56:41","slug":"processo-seletivo","status":"publish","type":"page","link":"https:\/\/wp.ufpel.edu.br\/ppgq\/processo-seletivo\/","title":{"rendered":"Processo Seletivo"},"content":{"rendered":"<p style=\"text-align: justify\">O processo seletivo do Programa de P\u00f3s-Gradua\u00e7\u00e3o em Qu\u00edmica da UFPel ocorre semestralmente atrav\u00e9s de editais espec\u00edficos.<\/p>\n<p style=\"text-align: justify\">Acompanhe a p\u00e1gina do PPGQ e fique atualizado para com a abertura de novos editais de sele\u00e7\u00e3o.<\/p>\n<p style=\"text-align: justify\">Para maiores informa\u00e7\u00f5es entre em contato conosco.<\/p>\n","protected":false},"excerpt":{"rendered":"<p>O processo seletivo do Programa de P\u00f3s-Gradua\u00e7\u00e3o em Qu\u00edmica da UFPel ocorre semestralmente atrav\u00e9s de editais espec\u00edficos. Acompanhe a p\u00e1gina do PPGQ e fique atualizado para com a abertura de novos editais de sele\u00e7\u00e3o. Para maiores informa\u00e7\u00f5es entre em contato &hellip; <a href=\"https:\/\/wp.ufpel.edu.br\/ppgq\/processo-seletivo\/\">Continue lendo <span class=\"meta-nav\">&rarr;<\/span><\/a><\/p>\n","protected":false},"author":93,"featured_media":0,"parent":0,"menu_order":0,"comment_status":"closed","ping_status":"closed","template":"","meta":{"footnotes":""},"class_list":["post-29","page","type-page","status-publish","hentry"],"_links":{"self":[{"href":"https:\/\/wp.ufpel.edu.br\/ppgq\/wp-json\/wp\/v2\/pages\/29","targetHints":{"allow":["GET"]}}],"collection":[{"href":"https:\/\/wp.ufpel.edu.br\/ppgq\/wp-json\/wp\/v2\/pages"}],"about":[{"href":"https:\/\/wp.ufpel.edu.br\/ppgq\/wp-json\/wp\/v2\/types\/page"}],"author":[{"embeddable":true,"href":"https:\/\/wp.ufpel.edu.br\/ppgq\/wp-json\/wp\/v2\/users\/93"}],"replies":[{"embeddable":true,"href":"https:\/\/wp.ufpel.edu.br\/ppgq\/wp-json\/wp\/v2\/comments?post=29"}],"version-history":[{"count":47,"href":"https:\/\/wp.ufpel.edu.br\/ppgq\/wp-json\/wp\/v2\/pages\/29\/revisions"}],"predecessor-version":[{"id":5468,"href":"https:\/\/wp.ufpel.edu.br\/ppgq\/wp-json\/wp\/v2\/pages\/29\/revisions\/5468"}],"wp:attachment":[{"href":"https:\/\/wp.ufpel.edu.br\/ppgq\/wp-json\/wp\/v2\/media?parent=29"}],"curies":[{"name":"wp","href":"https:\/\/api.w.org\/{rel}","templated":true}]}}