{"id":233,"date":"2011-03-15T10:27:27","date_gmt":"2011-03-15T13:27:27","guid":{"rendered":"https:\/\/wp.ufpel.edu.br\/ppgq\/"},"modified":"2024-04-10T10:55:53","modified_gmt":"2024-04-10T13:55:53","slug":"programa","status":"publish","type":"page","link":"https:\/\/wp.ufpel.edu.br\/ppgq\/programa\/","title":{"rendered":"Programa"},"content":{"rendered":"<p><a href=\"https:\/\/wp.ufpel.edu.br\/ppgq\/apresentacao-2\/\" target=\"_blank\" rel=\"noopener\">Apresenta\u00e7\u00e3o<\/a><\/p>\n<p><a href=\"https:\/\/wp.ufpel.edu.br\/ppgq\/pt\/regimentos-e-resolucoes\/\">Regimentos e Resolu\u00e7\u00f5es<\/a><\/p>\n<p><a href=\"https:\/\/wp.ufpel.edu.br\/ppgq\/linhas-de-pesquisa\/\" target=\"_blank\" rel=\"noopener\">Linhas de Pesquisa<\/a><\/p>\n<p><a href=\"https:\/\/wp.ufpel.edu.br\/ppgq\/perfil-profissional\/\" target=\"_blank\" rel=\"noopener\">Perfil Profissional<\/a><\/p>\n<p><a href=\"https:\/\/wp.ufpel.edu.br\/ppgq\/historico\/\" target=\"_blank\" rel=\"noopener\">Hist\u00f3rico<\/a><\/p>\n<p><a href=\"https:\/\/wp.ufpel.edu.br\/ppgq\/documentos-formularios\/\" target=\"_blank\" rel=\"noopener\">Documentos e Formul\u00e1rios<\/a><\/p>\n","protected":false},"excerpt":{"rendered":"<p>Apresenta\u00e7\u00e3o Regimentos e Resolu\u00e7\u00f5es Linhas de Pesquisa Perfil Profissional Hist\u00f3rico Documentos e Formul\u00e1rios<\/p>\n","protected":false},"author":93,"featured_media":0,"parent":0,"menu_order":0,"comment_status":"closed","ping_status":"closed","template":"","meta":{"footnotes":""},"class_list":["post-233","page","type-page","status-publish","hentry"],"_links":{"self":[{"href":"https:\/\/wp.ufpel.edu.br\/ppgq\/wp-json\/wp\/v2\/pages\/233","targetHints":{"allow":["GET"]}}],"collection":[{"href":"https:\/\/wp.ufpel.edu.br\/ppgq\/wp-json\/wp\/v2\/pages"}],"about":[{"href":"https:\/\/wp.ufpel.edu.br\/ppgq\/wp-json\/wp\/v2\/types\/page"}],"author":[{"embeddable":true,"href":"https:\/\/wp.ufpel.edu.br\/ppgq\/wp-json\/wp\/v2\/users\/93"}],"replies":[{"embeddable":true,"href":"https:\/\/wp.ufpel.edu.br\/ppgq\/wp-json\/wp\/v2\/comments?post=233"}],"version-history":[{"count":33,"href":"https:\/\/wp.ufpel.edu.br\/ppgq\/wp-json\/wp\/v2\/pages\/233\/revisions"}],"predecessor-version":[{"id":9466,"href":"https:\/\/wp.ufpel.edu.br\/ppgq\/wp-json\/wp\/v2\/pages\/233\/revisions\/9466"}],"wp:attachment":[{"href":"https:\/\/wp.ufpel.edu.br\/ppgq\/wp-json\/wp\/v2\/media?parent=233"}],"curies":[{"name":"wp","href":"https:\/\/api.w.org\/{rel}","templated":true}]}}