{"id":23,"date":"2011-03-14T11:47:26","date_gmt":"2011-03-14T14:47:26","guid":{"rendered":"https:\/\/wp.ufpel.edu.br\/ppgq\/"},"modified":"2024-02-05T11:03:47","modified_gmt":"2024-02-05T14:03:47","slug":"historico","status":"publish","type":"page","link":"https:\/\/wp.ufpel.edu.br\/ppgq\/historico\/","title":{"rendered":"Hist\u00f3rico"},"content":{"rendered":"<p style=\"text-align: justify;\">O Doutorado em Qu\u00edmica da UFPel foi fruto de um trabalho que come\u00e7ou com a cria\u00e7\u00e3o do Programa de P\u00f3s-Gradua\u00e7\u00e3o em Qu\u00edmica (PPGQ) n\u00edvel Mestrado. A cria\u00e7\u00e3o do Mestrado, aprovado em 2006 e implementado em 2007, marcou o in\u00edcio de uma nova era no ensino e pesquisa em Qu\u00edmica na UFPel. Atra\u00eddos pela possibilidade de orienta\u00e7\u00e3o na P\u00f3s-Gradua\u00e7\u00e3o, v\u00e1rios jovens doutores qu\u00edmicos ingressaram na UFPel e foram imediatamente incorporados ao PPGQ.<br \/>\nA cria\u00e7\u00e3o do curso de Qu\u00edmica Industrial em 2008, dentro do projeto REUNI da UFPel, viabilizou a amplia\u00e7\u00e3o qualificada do quadro docente com atua\u00e7\u00e3o na \u00e1rea de qu\u00edmica, elevando significativamente a qualidade de oferta do Mestrado em Qu\u00edmica. Somado \u00e0 amplia\u00e7\u00e3o do quadro docente, foram investidos recursos na amplia\u00e7\u00e3o e melhoria da \u00e1rea f\u00edsica e na aquisi\u00e7\u00e3o de equipamentos, atrav\u00e9s do apoio da Administra\u00e7\u00e3o Central, via Pr\u00f3-Reitorias de P\u00f3s-Gradua\u00e7\u00e3o e Pesquisa (PRPPG) e de Planejamento e Desenvolvimento (PRPD). A participa\u00e7\u00e3o de docentes do PPGQ em projetos institucionais (CT-INFRA, PAPG-IFES, entre outros) permitiu, entre outros avan\u00e7os importantes, a cria\u00e7\u00e3o da Central Anal\u00edtica da UFPel (https:\/\/wp.ufpel.edu.br\/centralanaliticaquimica), que atualmente contempla diversos equipamentos de m\u00e9dio e grande porte (CG-EM, RMN, IV, entre outros), devidamente registrados na Plataforma Nacional de Infraestrutura de Pesquisa (MCTI) do Minist\u00e9rio da Ci\u00eancia e Tecnologia (https:\/\/pnipe.mcti.gov.br\/laboratory\/2980). Al\u00e9m dos projetos institucionais, os docentes do PPGQ captaram recursos junto \u00e0 FAPERGS (PRONEX, PRONEM, ARD, Pesquisador Ga\u00facho, Bolsas de IC, PAPG-Casadinho, PROADE), CNPq (Bolsas PQ, Edital Universal, Editais Especiais, Bolsas de IC, de Mestrado, PDJ e de apoio t\u00e9cnico), CAPES (PRODOC, PNPD), SCT-RS (PROCOREDES), FINEP e<br \/>\nSociedade Americana de Qu\u00edmica (Green Chemistry Institute). Estes projetos individuais, nos quais os docentes atuaram como coordenadores ou colaboradores, garantiram os recursos necess\u00e1rios para o desenvolvimento das suas atividades de pesquisa. Como consequ\u00eancia direta dos esfor\u00e7os dos docentes, alunos e funcion\u00e1rios ligados ao PPGQ, o Programa atingiu, j\u00e1 no seu primeiro tri\u00eanio de funcionamento, conceito 4 na CAPES.<br \/>\nA possibilidade de oferecer o n\u00edvel de doutorado no PPGQ permitiu que os egressos do Mestrado permanecessem na UFPel para realizar seu doutorado, evitando assim o \u00eaxodo dos alunos para outras IES. Com a pandemia do COVID-19 em 2020, tamb\u00e9m vieram grandes desafios para o PPGQ, como a diminui\u00e7\u00e3o no n\u00famero de alunos, aumento da evas\u00e3o e diminui\u00e7\u00e3o da produtividade cient\u00edfica. Estes fatos abalaram a comunidade cient\u00edfica mundial e, atualmente, o Programa vem promovendo distintas atividades no intuito de reduzir os impactos gerados pela pandemia. No Quadri\u00eanio 2021-2024 o PPGQ conseguiu subir para o conceito 5 da CAPES, derivado de diversas medidas e resultados alcan\u00e7ados ao longo dos anos, como aumento no n\u00famero de docentes, aumento de bolsistas produtividade, projetos institucionais aprovados (Manuten\u00e7\u00e3o Preventiva FINEP, Manuten\u00e7\u00e3o Corretiva FINEP, PRO-INFRA-FINEP), publica\u00e7\u00e3o de artigos em revistas de elevado impacto, publica\u00e7\u00e3o de patentes, pr\u00eamios de destaque (Pesquisador Ga\u00facho FAPERGS, Qu\u00edmico de Destaque-IUPAC e Jovem Pesquisador da SBQ) e, mais recentemente, a consolida\u00e7\u00e3o da internacionaliza\u00e7\u00e3o (CAPES-PrInt-CAPES e Internacionaliza\u00e7\u00e3o das Institui\u00e7\u00f5es no RS &#8211; FAPERGS) com a presen\u00e7a de alunos e professores estrangeiros no PPGQ.<br \/>\nEm janeiro de 2024 o PPGQ j\u00e1 titulou 167 Mestres e 63 Doutores em Qu\u00edmica e v\u00e1rios deles est\u00e3o atuando no mercado de trabalho como professores, pesquisadores e como qu\u00edmicos em diversos setores industriais. Ainda, o PPGQ como se encontra no interior do RS, oferece oportunidade para alunos se qualificarem no intuito de ir para outras institucionais de ensino e pesquisa, tanto no Brasil quanto no Exterior. Ademais, o PPGQ aderiu ao Exame Unificado de Qu\u00edmica (EUQ) da Sociedade Brasileira de Qu\u00edmica (SBQ) no intuito de ampliar a presen\u00e7a de candidatos de outros estados e pa\u00edses, bem como a inser\u00e7\u00e3o do Programa no cen\u00e1rio nacional.<br \/>\nPor fim, a possibilidade de formar doutores em Qu\u00edmica na UFPel viabilizou a fixa\u00e7\u00e3o de profissionais qualificados para atuar no ensino e pesquisa em qu\u00edmica e que contribuem para solu\u00e7\u00f5es para os problemas regionais, catalisando o desenvolvimento da Metade Sul do RS.<\/p>\n<p>Hist\u00f3rico de Coordenadores do PPGQ:<br \/>\n2007-2008 = Eder Jo\u00e3o Lenard\u00e3o<br \/>\n2009-2010 = Eder Jo\u00e3o Lenard\u00e3o<br \/>\n2011-2012 = Anderson Schwingel Ribeiro<br \/>\n2013-2014 = Diego da Silva Alves<br \/>\n2015-2016 = Diego da Silva Alves<br \/>\n2017-2018 = Andr\u00e9 Ricardo Fajardo<br \/>\n2019-2020 = Andr\u00e9 Ricardo Fajardo<br \/>\n2021-2022 = M\u00e1rcio Santos da Silva<br \/>\n2023-2024 = M\u00e1rcio Santos da Silva<\/p>\n","protected":false},"excerpt":{"rendered":"<p>O Doutorado em Qu\u00edmica da UFPel foi fruto de um trabalho que come\u00e7ou com a cria\u00e7\u00e3o do Programa de P\u00f3s-Gradua\u00e7\u00e3o em Qu\u00edmica (PPGQ) n\u00edvel Mestrado. A cria\u00e7\u00e3o do Mestrado, aprovado em 2006 e implementado em 2007, marcou o in\u00edcio de &hellip; <a href=\"https:\/\/wp.ufpel.edu.br\/ppgq\/historico\/\">Continue lendo <span class=\"meta-nav\">&rarr;<\/span><\/a><\/p>\n","protected":false},"author":93,"featured_media":0,"parent":0,"menu_order":0,"comment_status":"closed","ping_status":"closed","template":"","meta":{"footnotes":""},"class_list":["post-23","page","type-page","status-publish","hentry"],"_links":{"self":[{"href":"https:\/\/wp.ufpel.edu.br\/ppgq\/wp-json\/wp\/v2\/pages\/23","targetHints":{"allow":["GET"]}}],"collection":[{"href":"https:\/\/wp.ufpel.edu.br\/ppgq\/wp-json\/wp\/v2\/pages"}],"about":[{"href":"https:\/\/wp.ufpel.edu.br\/ppgq\/wp-json\/wp\/v2\/types\/page"}],"author":[{"embeddable":true,"href":"https:\/\/wp.ufpel.edu.br\/ppgq\/wp-json\/wp\/v2\/users\/93"}],"replies":[{"embeddable":true,"href":"https:\/\/wp.ufpel.edu.br\/ppgq\/wp-json\/wp\/v2\/comments?post=23"}],"version-history":[{"count":68,"href":"https:\/\/wp.ufpel.edu.br\/ppgq\/wp-json\/wp\/v2\/pages\/23\/revisions"}],"predecessor-version":[{"id":9348,"href":"https:\/\/wp.ufpel.edu.br\/ppgq\/wp-json\/wp\/v2\/pages\/23\/revisions\/9348"}],"wp:attachment":[{"href":"https:\/\/wp.ufpel.edu.br\/ppgq\/wp-json\/wp\/v2\/media?parent=23"}],"curies":[{"name":"wp","href":"https:\/\/api.w.org\/{rel}","templated":true}]}}

Histórico

<p style="text-align: justify;">O Doutorado em Química da UFPel foi fruto de um trabalho que começou com a criação do Programa de Pós-Graduação em Química (PPGQ) nível Mestrado. A criação do Mestrado, aprovado em 2006 e implementado em 2007, marcou o início de uma nova era no ensino e pesquisa em Química na UFPel. Atraídos pela possibilidade de orientação na Pós-Graduação, vários jovens doutores químicos ingressaram na UFPel e foram imediatamente incorporados ao PPGQ.<br />
A criação do curso de Química Industrial em 2008, dentro do projeto REUNI da UFPel, viabilizou a ampliação qualificada do quadro docente com atuação na área de química, elevando significativamente a qualidade de oferta do Mestrado em Química. Somado à ampliação do quadro docente, foram investidos recursos na ampliação e melhoria da área física e na aquisição de equipamentos, através do apoio da Administração Central, via Pró-Reitorias de Pós-Graduação e Pesquisa (PRPPG) e de Planejamento e Desenvolvimento (PRPD). A participação de docentes do PPGQ em projetos institucionais (CT-INFRA, PAPG-IFES, entre outros) permitiu, entre outros avanços importantes, a criação da Central Analítica da UFPel (https://wp.ufpel.edu.br/centralanaliticaquimica), que atualmente contempla diversos equipamentos de médio e grande porte (CG-EM, RMN, IV, entre outros), devidamente registrados na Plataforma Nacional de Infraestrutura de Pesquisa (MCTI) do Ministério da Ciência e Tecnologia (https://pnipe.mcti.gov.br/laboratory/2980). Além dos projetos institucionais, os docentes do PPGQ captaram recursos junto à FAPERGS (PRONEX, PRONEM, ARD, Pesquisador Gaúcho, Bolsas de IC, PAPG-Casadinho, PROADE), CNPq (Bolsas PQ, Edital Universal, Editais Especiais, Bolsas de IC, de Mestrado, PDJ e de apoio técnico), CAPES (PRODOC, PNPD), SCT-RS (PROCOREDES), FINEP e<br />
Sociedade Americana de Química (Green Chemistry Institute). Estes projetos individuais, nos quais os docentes atuaram como coordenadores ou colaboradores, garantiram os recursos necessários para o desenvolvimento das suas atividades de pesquisa. Como consequência direta dos esforços dos docentes, alunos e funcionários ligados ao PPGQ, o Programa atingiu, já no seu primeiro triênio de funcionamento, conceito 4 na CAPES.<br />
A possibilidade de oferecer o nível de doutorado no PPGQ permitiu que os egressos do Mestrado permanecessem na UFPel para realizar seu doutorado, evitando assim o êxodo dos alunos para outras IES. Com a pandemia do COVID-19 em 2020, também vieram grandes desafios para o PPGQ, como a diminuição no número de alunos, aumento da evasão e diminuição da produtividade científica. Estes fatos abalaram a comunidade científica mundial e, atualmente, o Programa vem promovendo distintas atividades no intuito de reduzir os impactos gerados pela pandemia. No Quadriênio 2021-2024 o PPGQ conseguiu subir para o conceito 5 da CAPES, derivado de diversas medidas e resultados alcançados ao longo dos anos, como aumento no número de docentes, aumento de bolsistas produtividade, projetos institucionais aprovados (Manutenção Preventiva FINEP, Manutenção Corretiva FINEP, PRO-INFRA-FINEP), publicação de artigos em revistas de elevado impacto, publicação de patentes, prêmios de destaque (Pesquisador Gaúcho FAPERGS, Químico de Destaque-IUPAC e Jovem Pesquisador da SBQ) e, mais recentemente, a consolidação da internacionalização (CAPES-PrInt-CAPES e Internacionalização das Instituições no RS &#8211; FAPERGS) com a presença de alunos e professores estrangeiros no PPGQ.<br />
Em janeiro de 2024 o PPGQ já titulou 167 Mestres e 63 Doutores em Química e vários deles estão atuando no mercado de trabalho como professores, pesquisadores e como químicos em diversos setores industriais. Ainda, o PPGQ como se encontra no interior do RS, oferece oportunidade para alunos se qualificarem no intuito de ir para outras institucionais de ensino e pesquisa, tanto no Brasil quanto no Exterior. Ademais, o PPGQ aderiu ao Exame Unificado de Química (EUQ) da Sociedade Brasileira de Química (SBQ) no intuito de ampliar a presença de candidatos de outros estados e países, bem como a inserção do Programa no cenário nacional.<br />
Por fim, a possibilidade de formar doutores em Química na UFPel viabilizou a fixação de profissionais qualificados para atuar no ensino e pesquisa em química e que contribuem para soluções para os problemas regionais, catalisando o desenvolvimento da Metade Sul do RS.</p>
<p>Histórico de Coordenadores do PPGQ:<br />
2007-2008 = Eder João Lenardão<br />
2009-2010 = Eder João Lenardão<br />
2011-2012 = Anderson Schwingel Ribeiro<br />
2013-2014 = Diego da Silva Alves<br />
2015-2016 = Diego da Silva Alves<br />
2017-2018 = André Ricardo Fajardo<br />
2019-2020 = André Ricardo Fajardo<br />
2021-2022 = Márcio Santos da Silva<br />
2023-2024 = Márcio Santos da Silva</p>

<p>O Doutorado em Química da UFPel foi fruto de um trabalho que começou com a criação do Programa de Pós-Graduação em Química (PPGQ) nível Mestrado. A criação do Mestrado, aprovado em 2006 e implementado em 2007, marcou o início de &hellip; <a href="https://wp.ufpel.edu.br/ppgq/historico/">Continue lendo <span class="meta-nav">&rarr;</span></a></p>
