{"id":1636,"date":"2011-03-17T13:04:50","date_gmt":"2011-03-17T16:04:50","guid":{"rendered":"https:\/\/wp.ufpel.edu.br\/ppgq\/"},"modified":"2024-06-17T12:57:12","modified_gmt":"2024-06-17T15:57:12","slug":"gelson-perin","status":"publish","type":"page","link":"https:\/\/wp.ufpel.edu.br\/ppgq\/gelson-perin\/","title":{"rendered":"Gelson Perin"},"content":{"rendered":"<p><a href=\"https:\/\/wp.ufpel.edu.br\/ppgq\/files\/2019\/12\/Foto-Perin-16-12-19.jpg\"><img loading=\"lazy\" decoding=\"async\" class=\"alignnone size-thumbnail wp-image-6994\" src=\"https:\/\/wp.ufpel.edu.br\/ppgq\/files\/2019\/12\/Foto-Perin-16-12-19-154x159.jpg\" alt=\"\" width=\"154\" height=\"159\" srcset=\"https:\/\/wp.ufpel.edu.br\/ppgq\/files\/2019\/12\/Foto-Perin-16-12-19-154x159.jpg 154w, https:\/\/wp.ufpel.edu.br\/ppgq\/files\/2019\/12\/Foto-Perin-16-12-19-308x318.jpg 308w, https:\/\/wp.ufpel.edu.br\/ppgq\/files\/2019\/12\/Foto-Perin-16-12-19-768x792.jpg 768w, https:\/\/wp.ufpel.edu.br\/ppgq\/files\/2019\/12\/Foto-Perin-16-12-19.jpg 1241w\" sizes=\"auto, (max-width: 154px) 100vw, 154px\" \/><\/a><\/p>\n<p style=\"text-align: justify;\"><a href=\"mailto:gelsonperin@yahoo.com.br\">gelsonperin@yahoo.com.br<\/a><br \/>\n<a href=\"http:\/\/lattes.cnpq.br\/5962449538872950\" target=\"_blank\" rel=\"noopener noreferrer\">Acessar CV Lattes<\/a><\/p>\n<p style=\"text-align: justify;\"><span style=\"color: #000000;\">O professor Gelson Perin possui Gradua\u00e7\u00e3o em Qu\u00edmica Industrial (1994), Mestrado em Qu\u00edmica (1996) e Doutorado em Qu\u00edmica (2000) pela Universidade Federal de Santa Maria. Atualmente \u00e9 Professor Titular da Universidade Federal de Pelotas e leciona as disciplinas de Qu\u00edmica Org\u00e2nica 1, An\u00e1lise Org\u00e2nica e S\u00edntese Org\u00e2nica Avan\u00e7ada para os cursos de Qu\u00edmica. Foi membro do Comit\u00ea de Qu\u00edmica na Funda\u00e7\u00e3o de Amparo \u00e0 Pesquisa do Estado do Rio Grande do Sul &#8211; FAPERGS entre os per\u00edodos de 2013 a 2017 e de 2022 a 2024. Foi membro do Comit\u00ea Institucional de Bolsas de Inicia\u00e7\u00e3o Cient\u00edfica e Tecnol\u00f3gica &#8211; UFPel entre fevereiro de 2013 e fevereiro de 2017. Tem experi\u00eancia na \u00e1rea de Qu\u00edmica, com \u00eanfase em S\u00edntese Org\u00e2nica e atua principalmente nos seguintes temas: Desenvolvimento de metodologias sint\u00e9ticas utilizando reagentes alternativos (Oxone), fontes alternativas de energia (luz vis\u00edvel, micro-ondas e ultrassom) e solventes verdes (PEG e glicerol) para a obten\u00e7\u00e3o de novas subst\u00e2ncias funcionalizadas com organocalcog\u00eanios (S, Se e Te).<\/span><\/p>\n<p style=\"text-align: justify;\"><span style=\"color: #333333;\"><span style=\"color: #808080;\">O texto acima foi extra\u00eddo do Curr\u00edculo Lattes do docente. A Coordena\u00e7\u00e3o do PPGQ n\u00e3o se responsabiliza por informa\u00e7\u00f5es inver\u00eddicas ou imprecis\u00e3o nos dados fornecidos.<\/span><br \/>\n<\/span><\/p>\n","protected":false},"excerpt":{"rendered":"<p>gelsonperin@yahoo.com.br Acessar CV Lattes O professor Gelson Perin possui Gradua\u00e7\u00e3o em Qu\u00edmica Industrial (1994), Mestrado em Qu\u00edmica (1996) e Doutorado em Qu\u00edmica (2000) pela Universidade Federal de Santa Maria. Atualmente \u00e9 Professor Titular da Universidade Federal de Pelotas e leciona &hellip; <a href=\"https:\/\/wp.ufpel.edu.br\/ppgq\/gelson-perin\/\">Continue lendo <span class=\"meta-nav\">&rarr;<\/span><\/a><\/p>\n","protected":false},"author":93,"featured_media":0,"parent":0,"menu_order":0,"comment_status":"closed","ping_status":"closed","template":"","meta":{"footnotes":""},"class_list":["post-1636","page","type-page","status-publish","hentry"],"_links":{"self":[{"href":"https:\/\/wp.ufpel.edu.br\/ppgq\/wp-json\/wp\/v2\/pages\/1636","targetHints":{"allow":["GET"]}}],"collection":[{"href":"https:\/\/wp.ufpel.edu.br\/ppgq\/wp-json\/wp\/v2\/pages"}],"about":[{"href":"https:\/\/wp.ufpel.edu.br\/ppgq\/wp-json\/wp\/v2\/types\/page"}],"author":[{"embeddable":true,"href":"https:\/\/wp.ufpel.edu.br\/ppgq\/wp-json\/wp\/v2\/users\/93"}],"replies":[{"embeddable":true,"href":"https:\/\/wp.ufpel.edu.br\/ppgq\/wp-json\/wp\/v2\/comments?post=1636"}],"version-history":[{"count":17,"href":"https:\/\/wp.ufpel.edu.br\/ppgq\/wp-json\/wp\/v2\/pages\/1636\/revisions"}],"predecessor-version":[{"id":9590,"href":"https:\/\/wp.ufpel.edu.br\/ppgq\/wp-json\/wp\/v2\/pages\/1636\/revisions\/9590"}],"wp:attachment":[{"href":"https:\/\/wp.ufpel.edu.br\/ppgq\/wp-json\/wp\/v2\/media?parent=1636"}],"curies":[{"name":"wp","href":"https:\/\/api.w.org\/{rel}","templated":true}]}}