{"id":31,"date":"2016-02-15T15:58:20","date_gmt":"2016-02-15T17:58:20","guid":{"rendered":"https:\/\/wp.ufpel.edu.br\/ppgom\/?page_id=31"},"modified":"2022-12-01T16:23:41","modified_gmt":"2022-12-01T19:23:41","slug":"grade-curricular","status":"publish","type":"page","link":"https:\/\/wp.ufpel.edu.br\/ppgom\/ensino\/grade-curricular\/","title":{"rendered":"Grade Curricular"},"content":{"rendered":"<p><strong>Estrutura de Disciplinas do Curso de Mestrado em Economia<\/strong><\/p>\n<table style=\"height: 365px; border-color: #000000; width: 722px; background-color: #bbaef2;\" border=\"1\" width=\"722\">\n<tbody>\n<tr style=\"height: 39px;\">\n<td style=\"width: 199px; height: 39px; border-color: #000000; border-style: solid;\"><strong>Primeiro Semestre<\/strong><\/td>\n<td style=\"width: 198px; height: 39px; border-color: #000000; border-style: solid;\"><strong>Segundo Semestre<\/strong><\/td>\n<td style=\"width: 181px; height: 39px; border-color: #000000; border-style: solid;\"><strong>Terceiro Semestre<\/strong><\/td>\n<td style=\"width: 168px; height: 39px; border-color: #000000; border-style: solid;\"><strong>Quarto Semestre<\/strong><\/td>\n<\/tr>\n<tr style=\"height: 62px;\">\n<td style=\"width: 199px; height: 62px; border-color: #000000; border-style: solid;\">Matem\u00e1tica I \u2013 2 cred<\/td>\n<td style=\"width: 198px; height: 62px; border-color: #000000; border-style: solid;\">Macroeconomia I \u2013 4 cred<\/td>\n<td style=\"width: 181px; height: 62px; border-color: #000000; border-style: solid;\">Elabora\u00e7\u00e3o da Disserta\u00e7\u00e3o (*)<\/td>\n<td style=\"width: 168px; height: 62px; border-color: #000000; border-style: solid;\">Elabora\u00e7\u00e3o da Disserta\u00e7\u00e3o<\/td>\n<\/tr>\n<tr style=\"height: 62px;\">\n<td style=\"width: 199px; height: 62px; border-color: #000000; border-style: solid;\">Estat\u00edstica \u2013 2 cred.<\/td>\n<td style=\"width: 198px; height: 62px; border-color: #000000; border-style: solid;\">Econometria II \u2013 4 cred<\/td>\n<td style=\"width: 181px; height: 62px; border-color: #000000; border-style: solid;\">Est\u00e1gio Docente I -1 cred.<\/td>\n<td style=\"width: 168px; height: 62px; border-color: #000000; border-style: solid;\"><\/td>\n<\/tr>\n<tr style=\"height: 39px;\">\n<td style=\"width: 199px; height: 39px; border-color: #000000; border-style: solid;\">Matem\u00e1tica II \u2013 4 cred<\/td>\n<td style=\"width: 198px; height: 39px; border-color: #000000; border-style: solid;\">Optativa<\/td>\n<td style=\"width: 181px; height: 39px; border-color: #000000; border-style: solid;\">Optativa<\/td>\n<td style=\"width: 168px; height: 39px; border-color: #000000; border-style: solid;\"><\/td>\n<\/tr>\n<tr style=\"height: 62px;\">\n<td style=\"width: 199px; height: 62px; border-color: #000000; border-style: solid;\">Microeconomia I \u2013 4 cred.<\/td>\n<td style=\"width: 198px; height: 62px; border-color: #000000; border-style: solid;\">Semin\u00e1rio de Pesquisa \u2013 1 cred<\/td>\n<td style=\"width: 181px; height: 62px; border-color: #000000; border-style: solid;\"><\/td>\n<td style=\"width: 168px; height: 62px; border-color: #000000; border-style: solid;\"><\/td>\n<\/tr>\n<tr style=\"height: 39px;\">\n<td style=\"width: 199px; height: 39px; border-color: #000000; border-style: solid;\">Econometria I \u2013 4 cred<\/td>\n<td style=\"width: 198px; height: 39px; border-color: #000000; border-style: solid;\">.<\/td>\n<td style=\"width: 181px; height: 39px; border-color: #000000; border-style: solid;\"><\/td>\n<td style=\"width: 168px; height: 39px; border-color: #000000; border-style: solid;\"><\/td>\n<\/tr>\n<tr style=\"height: 62px;\">\n<td style=\"width: 199px; height: 62px; border-color: #000000; border-style: solid;\">Semin\u00e1rio de Pesquisa \u2013 1 cred.<\/td>\n<td style=\"width: 198px; height: 62px; border-color: #000000; border-style: solid;\"><\/td>\n<td style=\"width: 181px; height: 62px; border-color: #000000; border-style: solid;\"><\/td>\n<td style=\"width: 168px; height: 62px; border-color: #000000; border-style: solid;\"><\/td>\n<\/tr>\n<\/tbody>\n<\/table>\n<p>(*) Ao final desta disciplina o mestrando defende o projeto de disserta\u00e7\u00e3o<\/p>\n<p>&nbsp;<\/p>\n<p><strong>Estrutura de Disciplinas do Curso de Doutorado em Economia<\/strong><\/p>\n<table style=\"border-color: #000000; background-color: #6cf098;\" border=\"1\">\n<tbody>\n<tr>\n<td style=\"border-style: solid; border-color: #000000;\"><strong>Primeiro Semestre<\/strong><\/td>\n<td style=\"border-style: solid; border-color: #000000;\"><strong>Segundo Semestre<\/strong><\/td>\n<td style=\"border-style: solid; border-color: #000000;\"><strong>Terceiro Semestre<\/strong><\/td>\n<td style=\"border-style: solid; border-color: #000000;\"><strong>Quarto Semestre<\/strong><\/td>\n<\/tr>\n<tr>\n<td style=\"border-style: solid; border-color: #000000;\">Matem\u00e1tica I \u2013 2 cred<\/td>\n<td style=\"border-style: solid; border-color: #000000;\">Macroeconomia I \u2013 4 cred<\/td>\n<td style=\"border-style: solid; border-color: #000000;\">Microeconomia II \u2013 4 cred<\/td>\n<td style=\"border-style: solid; border-color: #000000;\">Macroeconomia II \u2013 4 \u00a0cred<\/td>\n<\/tr>\n<tr>\n<td style=\"border-style: solid; border-color: #000000;\">Estat\u00edstica \u2013 2 cred.<\/td>\n<td style=\"border-style: solid; border-color: #000000;\">Econometria II \u2013 4 cred<\/td>\n<td style=\"border-style: solid; border-color: #000000;\">Est\u00e1gio Docente I -1 cred.<\/td>\n<td style=\"border-style: solid; border-color: #000000;\">Est\u00e1gio Docente II \u2013 1 cred.<\/td>\n<\/tr>\n<tr>\n<td style=\"border-style: solid; border-color: #000000;\">Matem\u00e1tica II \u2013 4 cred<\/td>\n<td style=\"border-style: solid; border-color: #000000;\">Semin\u00e1rio de Pesquisa \u2013 1 cred.<\/td>\n<td style=\"border-style: solid; border-color: #000000;\">Optativa<\/td>\n<td style=\"border-style: solid; border-color: #000000;\">Optativa<\/td>\n<\/tr>\n<tr>\n<td style=\"border-style: solid; border-color: #000000;\">Microeconomia I \u2013 4 cred.<\/td>\n<td style=\"border-style: solid; border-color: #000000;\">Optativa<\/td>\n<td style=\"border-style: solid; border-color: #000000;\"><\/td>\n<td style=\"border-style: solid; border-color: #000000;\"><\/td>\n<\/tr>\n<tr>\n<td style=\"border-style: solid; border-color: #000000;\">Econometria I \u2013 4 cred<\/td>\n<td style=\"border-style: solid; border-color: #000000;\"><\/td>\n<td style=\"border-style: solid; border-color: #000000;\"><\/td>\n<td style=\"border-style: solid; border-color: #000000;\"><\/td>\n<\/tr>\n<tr>\n<td style=\"border-style: solid; border-color: #000000;\">Semin\u00e1rio de Pesquisa \u2013 1 cred.<\/td>\n<td style=\"border-style: solid; border-color: #000000;\"><\/td>\n<td style=\"border-style: solid; border-color: #000000;\"><\/td>\n<td style=\"border-style: solid; border-color: #000000;\"><\/td>\n<\/tr>\n<\/tbody>\n<\/table>\n<p>&nbsp;<\/p>\n<table style=\"border-color: #000000; background-color: #acb52b;\" border=\"1\">\n<tbody>\n<tr>\n<td style=\"border-style: solid; border-color: #000000;\"><strong>Quinto Semestre<\/strong><\/td>\n<td style=\"border-style: solid; border-color: #000000;\"><strong>Sexto Semestre<\/strong><\/td>\n<td style=\"border-style: solid; border-color: #000000;\"><strong>S\u00e9timo Semestre<\/strong><\/td>\n<td style=\"border-style: solid; border-color: #000000;\"><strong>Oitavo Semestre<\/strong><\/td>\n<\/tr>\n<tr>\n<td style=\"border-style: solid; border-color: #000000;\">Elabora\u00e7ao do Projeto de Tese<\/td>\n<td style=\"border-style: solid; border-color: #000000;\">Elabora\u00e7\u00e3o da Tese<\/td>\n<td style=\"border-style: solid; border-color: #000000;\">Elabora\u00e7\u00e3o da Tese<\/td>\n<td style=\"border-style: solid; border-color: #000000;\">Elabora\u00e7\u00e3o da Tese<\/td>\n<\/tr>\n<tr>\n<td style=\"border-style: solid; border-color: #000000;\"><\/td>\n<td style=\"border-style: solid; border-color: #000000;\"><\/td>\n<td style=\"border-style: solid; border-color: #000000;\"><\/td>\n<td style=\"border-style: solid; border-color: #000000;\"><\/td>\n<\/tr>\n<tr>\n<td style=\"border-style: solid; border-color: #000000;\"><\/td>\n<td style=\"border-style: solid; border-color: #000000;\"><\/td>\n<td style=\"border-style: solid; border-color: #000000;\"><\/td>\n<td style=\"border-style: solid; border-color: #000000;\"><\/td>\n<\/tr>\n<\/tbody>\n<\/table>\n<p>&nbsp;<\/p>\n<table style=\"border-color: #000000;\" border=\"1\">\n<tbody>\n<tr>\n<td style=\"border-style: solid; border-color: #000000; background-color: #a3b88f;\"><strong>Optativas para o Mestrado<\/strong><\/td>\n<td style=\"border-style: solid; border-color: #000000; background-color: #a3b88f;\"><strong>\u00a0Optativas para o Doutorado<\/strong><\/td>\n<\/tr>\n<tr>\n<td style=\"border-style: solid; border-color: #000000; background-color: #a3b88f;\">Microeconomia II &#8211; 4 cred.<br \/>\nMacroeconomia II \u2013 4 credEconometria Espacial &#8211; 4 cred.<br \/>\nEconomia Monet\u00e1ria e Financeira \u2013 4 cred.<br \/>\nEconomia da Sa\u00fade \u2013 4 cred.<br \/>\nAn\u00e1lise de Dados \u2013 4 cred.<br \/>\nOrganiza\u00e7\u00e3o Industrial \u2013 4 cred.<br \/>\nMicroeconometria Aplicada \u2013 4 cred. Economia Computacional &#8211; 4 cred.<br \/>\nEconometria de Pol\u00edticas P\u00fablicas \u2013 4 cred.<br \/>\nFinan\u00e7as \u2013 4 cred.<br \/>\nS\u00e9ries de Tempo \u2013 4 cred.T\u00f3picos Especiais em Economia I \u2013 4 cred.<br \/>\nT\u00f3picos Especiais em Economia II \u2013 4 cred.<br \/>\nT\u00f3picos Especiais em Economia III\u2013 4 cred.T\u00f3picos Especiais em Economia EAD I\u2013 4 cred.<br \/>\nT\u00f3picos Especiais em Economia EAD II\u2013 4 cred.<br \/>\nT\u00f3picos Especiais em Economia EAD III\u2013 4 cred.<\/p>\n<p>&nbsp;<\/td>\n<td style=\"border-style: solid; border-color: #000000; background-color: #a3b88f;\">Econometria Espacial &#8211; 4 cred.<br \/>\nEconomia Monet\u00e1ria e Financeira \u2013 4 cred.<br \/>\nEconomia da Sa\u00fade \u2013 4 cred.<br \/>\nAn\u00e1lise de Dados \u2013 4 cred.<br \/>\nOrganiza\u00e7\u00e3o Industrial \u2013 4 cred.<br \/>\nMicroeconometria Aplicada \u2013 4 cred. Economia Computacional &#8211; 4 cred.<br \/>\nEconometria de Pol\u00edticas P\u00fablicas \u2013 4 cred.<br \/>\nFinan\u00e7as \u2013 4 cred.<br \/>\nS\u00e9ries de Tempo \u2013 4 cred.T\u00f3picos Especiais em Economia I \u2013 4 cred.<br \/>\nT\u00f3picos Especiais em Economia II \u2013 4 cred.<br \/>\nT\u00f3picos Especiais em Economia III\u2013 4 cred.T\u00f3picos Especiais em Economia EAD I\u2013 4 cred.<br \/>\nT\u00f3picos Especiais em Economia EAD II\u2013 4 cred.<br \/>\nT\u00f3picos Especiais em Economia EAD III\u2013 4 cred.<\/td>\n<\/tr>\n<\/tbody>\n<\/table>\n<p>&nbsp;<\/p>\n","protected":false},"excerpt":{"rendered":"<p>Estrutura de Disciplinas do Curso de Mestrado em Economia Primeiro Semestre Segundo Semestre Terceiro Semestre Quarto Semestre Matem\u00e1tica I \u2013 2 cred Macroeconomia I \u2013 4 cred Elabora\u00e7\u00e3o da Disserta\u00e7\u00e3o (*) Elabora\u00e7\u00e3o da Disserta\u00e7\u00e3o Estat\u00edstica \u2013 2 cred. Econometria II \u2013 4 cred Est\u00e1gio Docente I -1 cred. Matem\u00e1tica II \u2013 4 cred Optativa Optativa&#8230; <\/p>\n<div class=\"link-more\"><a href=\"https:\/\/wp.ufpel.edu.br\/ppgom\/ensino\/grade-curricular\/\">Leia mais<\/a><\/div>\n","protected":false},"author":601,"featured_media":0,"parent":28,"menu_order":0,"comment_status":"closed","ping_status":"closed","template":"","meta":{"footnotes":""},"class_list":["post-31","page","type-page","status-publish","hentry"],"jetpack_sharing_enabled":true,"_links":{"self":[{"href":"https:\/\/wp.ufpel.edu.br\/ppgom\/wp-json\/wp\/v2\/pages\/31","targetHints":{"allow":["GET"]}}],"collection":[{"href":"https:\/\/wp.ufpel.edu.br\/ppgom\/wp-json\/wp\/v2\/pages"}],"about":[{"href":"https:\/\/wp.ufpel.edu.br\/ppgom\/wp-json\/wp\/v2\/types\/page"}],"author":[{"embeddable":true,"href":"https:\/\/wp.ufpel.edu.br\/ppgom\/wp-json\/wp\/v2\/users\/601"}],"replies":[{"embeddable":true,"href":"https:\/\/wp.ufpel.edu.br\/ppgom\/wp-json\/wp\/v2\/comments?post=31"}],"version-history":[{"count":11,"href":"https:\/\/wp.ufpel.edu.br\/ppgom\/wp-json\/wp\/v2\/pages\/31\/revisions"}],"predecessor-version":[{"id":2175,"href":"https:\/\/wp.ufpel.edu.br\/ppgom\/wp-json\/wp\/v2\/pages\/31\/revisions\/2175"}],"up":[{"embeddable":true,"href":"https:\/\/wp.ufpel.edu.br\/ppgom\/wp-json\/wp\/v2\/pages\/28"}],"wp:attachment":[{"href":"https:\/\/wp.ufpel.edu.br\/ppgom\/wp-json\/wp\/v2\/media?parent=31"}],"curies":[{"name":"wp","href":"https:\/\/api.w.org\/{rel}","templated":true}]}}