{"id":22,"date":"2016-02-15T15:55:03","date_gmt":"2016-02-15T17:55:03","guid":{"rendered":"https:\/\/wp.ufpel.edu.br\/ppgom\/?page_id=22"},"modified":"2025-03-19T11:13:09","modified_gmt":"2025-03-19T14:13:09","slug":"contato","status":"publish","type":"page","link":"https:\/\/wp.ufpel.edu.br\/ppgom\/pagina-exemplo\/contato\/","title":{"rendered":"Contato"},"content":{"rendered":"<p><strong>Endere\u00e7o<\/strong><br \/>\nUniversidade Federal de Pelotas<br \/>\nPrograma de P\u00f3s-Gradua\u00e7\u00e3o em Organiza\u00e7\u00f5es e Mercados<br \/>\nRua Gomes Carneiro n\u00ba 1 &#8211;\u00a0 Campus Anglo\/ 4\u00ba andar &#8211; Pelotas\/RS<br \/>\nDECON\/UFPel &#8211; CEP: 96010-610<\/p>\n<p>E-mail: secretaria.ppgom@gmail.com ou ppgom@ufpel.edu.br<br \/>\nHor\u00e1rio de atendimento da secretaria: 08:00 &#8211; 12:00 e 13:00 &#8211; 17:00<\/p>\n<p>Telefone: (53) 3284-3865<\/p>\n<p><strong>Coordenador:<\/strong> Prof. Dr. Felipe Garcia Ribeiro<br \/>\nE-mail: felipe.ribeiro@ufpel.edu.br ou felipe.garcia.rs@gmail.com<\/p>\n","protected":false},"excerpt":{"rendered":"<p>Endere\u00e7o Universidade Federal de Pelotas Programa de P\u00f3s-Gradua\u00e7\u00e3o em Organiza\u00e7\u00f5es e Mercados Rua Gomes Carneiro n\u00ba 1 &#8211;\u00a0 Campus Anglo\/ 4\u00ba andar &#8211; Pelotas\/RS DECON\/UFPel &#8211; CEP: 96010-610 E-mail: secretaria.ppgom@gmail.com ou ppgom@ufpel.edu.br Hor\u00e1rio de atendimento da secretaria: 08:00 &#8211; 12:00 e 13:00 &#8211; 17:00 Telefone: (53) 3284-3865 Coordenador: Prof. Dr. Felipe Garcia Ribeiro E-mail: felipe.ribeiro@ufpel.edu.br&#8230; <\/p>\n<div class=\"link-more\"><a href=\"https:\/\/wp.ufpel.edu.br\/ppgom\/pagina-exemplo\/contato\/\">Leia mais<\/a><\/div>\n","protected":false},"author":601,"featured_media":0,"parent":2,"menu_order":0,"comment_status":"closed","ping_status":"closed","template":"","meta":{"footnotes":""},"class_list":["post-22","page","type-page","status-publish","hentry"],"jetpack_sharing_enabled":true,"_links":{"self":[{"href":"https:\/\/wp.ufpel.edu.br\/ppgom\/wp-json\/wp\/v2\/pages\/22","targetHints":{"allow":["GET"]}}],"collection":[{"href":"https:\/\/wp.ufpel.edu.br\/ppgom\/wp-json\/wp\/v2\/pages"}],"about":[{"href":"https:\/\/wp.ufpel.edu.br\/ppgom\/wp-json\/wp\/v2\/types\/page"}],"author":[{"embeddable":true,"href":"https:\/\/wp.ufpel.edu.br\/ppgom\/wp-json\/wp\/v2\/users\/601"}],"replies":[{"embeddable":true,"href":"https:\/\/wp.ufpel.edu.br\/ppgom\/wp-json\/wp\/v2\/comments?post=22"}],"version-history":[{"count":12,"href":"https:\/\/wp.ufpel.edu.br\/ppgom\/wp-json\/wp\/v2\/pages\/22\/revisions"}],"predecessor-version":[{"id":2471,"href":"https:\/\/wp.ufpel.edu.br\/ppgom\/wp-json\/wp\/v2\/pages\/22\/revisions\/2471"}],"up":[{"embeddable":true,"href":"https:\/\/wp.ufpel.edu.br\/ppgom\/wp-json\/wp\/v2\/pages\/2"}],"wp:attachment":[{"href":"https:\/\/wp.ufpel.edu.br\/ppgom\/wp-json\/wp\/v2\/media?parent=22"}],"curies":[{"name":"wp","href":"https:\/\/api.w.org\/{rel}","templated":true}]}}