{"id":1399,"date":"2019-08-02T15:28:01","date_gmt":"2019-08-02T18:28:01","guid":{"rendered":"https:\/\/wp.ufpel.edu.br\/ppgom\/?page_id=1399"},"modified":"2022-12-13T18:18:34","modified_gmt":"2022-12-13T21:18:34","slug":"egressos","status":"publish","type":"page","link":"https:\/\/wp.ufpel.edu.br\/ppgom\/egressos\/","title":{"rendered":"5. Egressos"},"content":{"rendered":"<p>Aqui est\u00e3o listados os alunos egressos do programa (em constru\u00e7\u00e3o):<\/p>\n<p>&nbsp;<\/p>\n<p style=\"text-align: center;\"><strong>2009<\/strong><\/p>\n<p><strong>C\u00edcero Zanetti de Lima<\/strong><\/p>\n<p>Doutor em Economia Aplicada pela Universidade Federal de Vi\u00e7osa\/UFV (2017). Atualmente \u00e9 Postdoc research associate no Department of Agricultural Economics da Purdue University &#8211; IN, USA. Link para Curr\u00edculo Lattes: http:\/\/lattes.cnpq.br\/1600299048540789<\/p>\n<p><strong>Gabrielito Rauter Menezes<\/strong><\/p>\n<p>Doutor em Economia Aplicada pela Universidade Federal do Rio Grande do Sul\/UFRGS (2015). Atualmente \u00e9 Professor Adjunto da Universidade Federal de Pelotas\/UFPel. Link para Curr\u00edculo Lattes: <a href=\"http:\/\/lattes.cnpq.br\/7693830866855994\">http:\/\/lattes.cnpq.br\/7693830866855994<\/a><\/p>\n<p><strong>Rodrigo da Rocha Gon\u00e7alves<\/strong><\/p>\n<p>Doutorado em Economia pela Pontif\u00edcia Universidade Cat\u00f3lica do Rio Grande do Sul\/PUC-RS (2018). Atualmente \u00e9 Professor Adjunto da Universidade Federal do Rio Grande\/FURG. Link para Curr\u00edculo Lattes: http:\/\/lattes.cnpq.br\/9634921185663542<\/p>\n<p><strong>Rodrigo Nobre Fernandez<\/strong><\/p>\n<p>Doutor em Economia Aplicada pela Universidade Federal do Rio Grande do Sul\/UFRGS (2014). Atualmente \u00e9 Professor Adjunto da Universidade Federal de Pelotas\/UFPel. Link para Curr\u00edculo Lattes: \u00a0http:\/\/lattes.cnpq.br\/7835812928614071<\/p>\n<p style=\"text-align: center;\"><strong>2010<\/strong><\/p>\n<p><strong>Igor de Oliveira Zibetti<\/strong><\/p>\n<p>Atualmente \u00e9 coordenador e professor do curso de Especializa\u00e7\u00e3o em Direito Tribut\u00e1rio Empresarial na Universidade Cat\u00f3lica de Pelotas\/UCPel. Link para Curr\u00edculo Lattes: http:\/\/lattes.cnpq.br\/7141389770036996<\/p>\n<p><strong>Jean Rodrigues Venecian<\/strong><\/p>\n<p>Funcion\u00e1rio do Hospital Universit\u00e1rio S\u00e3o Francisco de Paula\/UCPel. Atuou como professor substituto junto ao Departamento de Economia da Universidade Federal de Pelotas\/UFPel (2015-2016). Link para Curr\u00edculo Lattes: http:\/\/lattes.cnpq.br\/0121005318155017<\/p>\n<p><strong>Luciana Lobo Fernandes<\/strong><\/p>\n<p>Atualmente \u00e9 professora no Centro de Tecnologia Rep\u00fablica e tutora no Curso de Processos Gerenciais EaD, da Ftec &#8211; Faculdades. Link para Curr\u00edculo Lattes: http:\/\/lattes.cnpq.br\/1348839635144032<\/p>\n<p><strong>Marcelo Torres da Silva<\/strong><\/p>\n<p>Empres\u00e1rio. Atuou como Professor Substituto junto ao Departamento de Economia da Universidade Federal de Pelotas\/UFPel (2011-2012). Link para Curr\u00edculo Lattes: http:\/\/lattes.cnpq.br\/7183843135411713<\/p>\n<p style=\"text-align: center;\"><strong>2011<\/strong><\/p>\n<p><strong>Elis Braga Licks<\/strong><\/p>\n<p>Doutorado em andamento em Economia Aplicada na Escola Superior de Agricultura Luiz de Queiroz\/ESALQ-USP (2016). Link para Curr\u00edculo Lattes: http:\/\/lattes.cnpq.br\/3867853141218999<\/p>\n<p><strong>Dienice Ana Bini<\/strong><\/p>\n<p>Doutorado em Economia Aplicada na Escola Superior de Agricultura Luiz de Queiroz\/ESALQ-USP (2017). Link para Curr\u00edculo Lattes: http:\/\/lattes.cnpq.br\/0675303998235972<\/p>\n<p><strong>\u00cdsis Born Machado<br \/>\n<\/strong>Atualmente \u00e9 Administradora no Instituto Federal Sul-Rio-Grandense. Link para Curr\u00edculo Lattes: \u00a0http:\/\/lattes.cnpq.br\/6171571285876042<\/p>\n<p><strong>\u00cdsis Mota Kr\u00fcger<\/strong><\/p>\n<p>Atualmente \u00e9 Escritur\u00e1ria no Banco do Estado do Rio Grande do Sul\/Banrisul e instrutora de cursos de aperfei\u00e7oamento de gest\u00e3o e administra\u00e7\u00e3o. Link para Curr\u00edculo Lattes: http:\/\/lattes.cnpq.br\/3700982021334552<\/p>\n<p><strong>Monica Zanol Remde<\/strong><\/p>\n<p>Atualmente \u00e9 Economista no Instituto Federal Sul-Riograndense\/IFSUL. Link para Curr\u00edculo Lattes: http:\/\/lattes.cnpq.br\/6783638154808470<\/p>\n<p><strong>Pedro Henrique Soares Leivas<\/strong><\/p>\n<p>Doutorado em Economia pela Pontif\u00edcia Universidade Cat\u00f3lica do Rio Grande do Sul\/PUC-RS (2017) e P\u00f3s-Doutorado pela Universidade Federal do Rio Grande (2017). Atualmente \u00e9 Professor Adjunto da Universidade Federal do Rio Grande\/FURG. Link para Curr\u00edculo Lattes: http:\/\/lattes.cnpq.br\/8435493064159483<\/p>\n<p><strong>Pedro Augusto Zanella<\/strong><\/p>\n<p>Engenheiro. Link para Curr\u00edculo Lattes: http:\/\/lattes.cnpq.br\/0339554700131452<\/p>\n<p><strong>Rafael Mesquita Pereira<\/strong><\/p>\n<p>Doutorado em Economia Aplicada na Escola Superior de Agricultura Luiz de Queiroz\/ESALQ-USP (2019). Atualmente \u00e9 Professor Assistente da Universidade Federal do Rio Grande\/FURG. Link para Curr\u00edculo Lattes: http:\/\/lattes.cnpq.br\/2496931755515396<\/p>\n<p style=\"text-align: center;\"><strong>2012<\/strong><\/p>\n<p><strong>C\u00edntia Amaral Pinto Cezar<\/strong><\/p>\n<p>Doutorado em andamento em Organiza\u00e7\u00f5es e Mercados na Universidade Federal de Pelotas\/UFPel (2019). Atualmente \u00e9 Professora Assistente da Universidade Federal do Rio Grande\/FURG. Link para Curr\u00edculo Lattes: http:\/\/lattes.cnpq.br\/5544894643739953<\/p>\n<p><strong>Evandro Castro Pedro<\/strong><\/p>\n<p>Empres\u00e1rio. Doutorado em andamento em Economia na Universidade Federal de Santa Catarina\/UFSC (2014). Link para Curr\u00edculo Lattes: http:\/\/lattes.cnpq.br\/8259032197170648<\/p>\n<p><strong>Fl\u00e1via Katrein da Costa<\/strong><\/p>\n<p>Atualmente \u00e9 Assistente em Administra\u00e7\u00e3o no Instituto Federal Sul-Rio-Grandense\/IFSUL. Link para Curr\u00edculo Lattes: http:\/\/lattes.cnpq.br\/5806694110380223<\/p>\n<p><strong>Guilherme Penha Pinto<\/strong><\/p>\n<p>Doutorado em Economia pela Pontif\u00edcia Universidade Cat\u00f3lica do Rio Grande do Sul\/PUC-RS (2019). Atualmente \u00e9 Oficial Intendente da Marinha do Brasil\/MB. Link para Curr\u00edculo Lattes: http:\/\/lattes.cnpq.br\/5364216817204672<strong>\u00a0<\/strong><\/p>\n<p><strong>Gustavo Alves Andrade<\/strong><\/p>\n<p>Atualmente \u00e9 Assistente em Administra\u00e7\u00e3o na Universidade Federal de Pelotas\/UFPel. Link para Curr\u00edculo Lattes: http:\/\/lattes.cnpq.br\/8746980726374825<\/p>\n<p><strong>L\u00edvia Madeira Triaca<\/strong><\/p>\n<p>Doutorado em Economia pela Pontif\u00edcia Universidade Cat\u00f3lica do Rio Grande do Sul\/PUC-RS (2019). P\u00f3s-Doutoranda na Universidade Federal de Pelotas\/UFPel. Atualmente \u00e9 Professora Adjunta na Universidade Federal do Rio Grande\/FURG. Link para Curr\u00edculo Lattes: http:\/\/lattes.cnpq.br\/3783697662741852<\/p>\n<p><strong>Ricardo Aguirre Leal<\/strong><\/p>\n<p>Doutorado em Economia na Universidade Federal do Rio Grande do Sul\/UFRGS (2018). Atualmente \u00e9 Professor Adjunto na Universidade Federal do Rio Grande\/FURG. Link para Curr\u00edculo Lattes: http:\/\/lattes.cnpq.br\/6070519289527227<\/p>\n<p style=\"text-align: center;\"><strong>2013<\/strong><\/p>\n<p><strong>Camila Cardoso Pereira<\/strong><\/p>\n<p>Doutorado em andamento em Economia na Universidade Federal de Bras\u00edlia (UnB) (2015). Link para Curr\u00edculo Lattes: http:\/\/lattes.cnpq.br\/3144363228823795<\/p>\n<p><strong>Daiane Arend Arcaro<br \/>\n<\/strong>Atualmente \u00e9 Policial Militar na Brigada Militar do Rio Grande do Sul\/BM-RS. Link para Curr\u00edculo Lattes: http:\/\/lattes.cnpq.br\/8905973369483123<\/p>\n<p><strong>Diogo S\u00e1 Carvalho<\/strong><\/p>\n<p>Atualmente \u00e9 professor do Sistema Nacional de Aprendizagem Comercial\/SENAC-RS e da Faculdade Anhanguera\/Pelotas. Link para Curr\u00edculo Lattes: http:\/\/lattes.cnpq.br\/8962188222957917<\/p>\n<p><strong>Gustavo Saraiva Frio<\/strong><\/p>\n<p>Doutorado em andamento em Economia na Pontif\u00edcia Universidade Cat\u00f3lica do Rio Grande do Sul\/PUC-RS (2016). Link para Curr\u00edculo Lattes: http:\/\/lattes.cnpq.br\/1178677841329088<\/p>\n<p><strong>Jo\u00e3o Mairton Moura de Ara\u00fajo<\/strong><\/p>\n<p>Atualmente \u00e9 servidor p\u00fablico da Prefeitura de Fortaleza. Link para Curr\u00edculo Lattes: <a href=\"http:\/\/lattes.cnpq.br\/5656664226203300\">http:\/\/lattes.cnpq.br\/5656664226203300<\/a><\/p>\n<p><strong>Luis Antonio Winck Cechin<\/strong><\/p>\n<p>Atualmente \u00e9 T\u00e9cnico Judici\u00e1rio no Tribunal Regional Federal da 4\u00aa Regi\u00e3o (TRF-4). Link para Curr\u00edculo Lattes: http:\/\/lattes.cnpq.br\/5323634732992840<\/p>\n<p><strong>Marcos Idalino Rodrigues<\/strong><\/p>\n<p>Doutorado interrompido em Economia na Universidade de S\u00e3o Paulo\/FEAC-USP (2016). Link para Curr\u00edculo Lattes: http:\/\/lattes.cnpq.br\/3953623153446897<\/p>\n<p><strong>Maria Renata Martinez Barral<\/strong><\/p>\n<p>Atualmente \u00e9 Fiscal do escrit\u00f3rio de contabilidade Contplan (Porto Alegre). Link para Curr\u00edculo Lattes: \u00a0http:\/\/lattes.cnpq.br\/3993478634289702<\/p>\n<p><strong>Rafael de Azevedo Flach<\/strong><\/p>\n<p>Link para Curr\u00edculo Lattes: http:\/\/lattes.cnpq.br\/3723939390374680<\/p>\n<p><strong>Renata Pereira Cardoso<br \/>\n<\/strong>Atualmente \u00e9 Auditora na Universidade Federal de Pelotas\/UFPel. Link para Curr\u00edculo Lattes: http:\/\/lattes.cnpq.br\/0001772074458115<\/p>\n<p><strong>Vinicius Halmenschlager<\/strong><\/p>\n<p>Doutorado em Economia Aplicada na Escola Superior de Agricultura Luiz de Queiroz\/ESALQ-USP (2019). Atualmente \u00e9 Professor Adjunto da Universidade Federal do Rio Grande\/FURG. Link para Curr\u00edculo Lattes: http:\/\/lattes.cnpq.br\/9020627797903160<\/p>\n<p style=\"text-align: center;\"><strong>2014<\/strong><\/p>\n<p><strong>Alan Konzgen Zibetti<\/strong><\/p>\n<p>Atualmente \u00e9 Assistente em Administra\u00e7\u00e3o na Universidade Federal de Pelotas\/UFPel. Link para Curr\u00edculo Lattes: http:\/\/lattes.cnpq.br\/4217154012198555<\/p>\n<p><strong>\u00c2ndrea Leite Bergmann<\/strong><\/p>\n<p>Doutorado em andamento em Economia na Pontif\u00edcia Universidade Cat\u00f3lica do Rio Grande do Sul\/PUC-RS (2018). Atualmente \u00e9 professora do EBTT no Instituto Federal Sul-Rio-Grandense\/IFSUL. Link para Curr\u00edculo Lattes: http:\/\/lattes.cnpq.br\/6195890268277073<\/p>\n<p><strong>Angelo Salton<\/strong><\/p>\n<p>Doutorado em andamento em Economia Aplicada na Universidade Federal de Vi\u00e7osa\/UFV (2016). Link para Curr\u00edculo Lattes: http:\/\/lattes.cnpq.br\/9104815087677360<\/p>\n<p><strong>Gabriel Costeira Machado<\/strong><\/p>\n<p>Doutorado em andamento em Economia Aplicada na Escola Superior de Agricultura Luiz de Queiroz\/ESALQ-USP (2018).\u00a0 Link para Curr\u00edculo Lattes: http:\/\/lattes.cnpq.br\/9005652646224593<\/p>\n<p><strong>Matheus Salies Alquati<\/strong><\/p>\n<p>Link para Curr\u00edculo Lattes: http:\/\/lattes.cnpq.br\/1927983707845684<\/p>\n<p><strong>Suamy Cristina Savaris Linhares<\/strong><\/p>\n<p>Atualmente atua como analista de mercado em empresa de Santa Catarina\/SC. Link para Curr\u00edculo Lattes: http:\/\/lattes.cnpq.br\/8855709400226116<\/p>\n<p style=\"text-align: center;\"><strong>2015<\/strong><\/p>\n<p><strong>Andressa Mielke Vasconcelos<br \/>\n<\/strong>Doutorado em andamento em Economia na Universidade Federal do Rio Grande do Sul\/UFRGS (2017). Link para Curr\u00edculo Lattes: http:\/\/lattes.cnpq.br\/4847680255604027<\/p>\n<p><strong>Douglas Pivatto<\/strong><\/p>\n<p>Link para Curr\u00edculo Lattes: http:\/\/lattes.cnpq.br\/0076969827095831<\/p>\n<p><strong>Gustavo Hoffmann Moreira<\/strong><\/p>\n<p>Atualmente \u00e9 Assistente em Administra\u00e7\u00e3o na Universidade Federal de Pelotas\/UFPel. Link para Curr\u00edculo Lattes: http:\/\/lattes.cnpq.br\/6547677638808247<\/p>\n<p><strong>Jean Marcel Del Ponte Duarte<br \/>\n<\/strong>Doutorado em andamento em Organiza\u00e7\u00f5es e Mercados na Universidade Federal de Pelotas\/UFPel (2019). Link para Curr\u00edculo Lattes: http:\/\/lattes.cnpq.br\/4255000975627116<\/p>\n<p><strong>Leonardo Marins Cordeiro<\/strong><\/p>\n<p>Link para Curr\u00edculo Lattes: http:\/\/lattes.cnpq.br\/9502624920831788<\/p>\n<p><strong>Mariana Araujo Moreira<br \/>\n<\/strong>Atualmente \u00e9 analista de produtos no Banco Cooperativo Sicredi\/RS. Link para Curr\u00edculo Lattes: http:\/\/lattes.cnpq.br\/7115119320053273<\/p>\n<p><strong>Patricia Colussi<\/strong><\/p>\n<p>Link para Curr\u00edculo Lattes: http:\/\/lattes.cnpq.br\/5451255001884554<\/p>\n<p style=\"text-align: center;\"><strong>2016<\/strong><\/p>\n<p><strong>F\u00e1bio Michel Oliveira<\/strong><\/p>\n<p>Link para Curr\u00edculo Lattes: http:\/\/lattes.cnpq.br\/8962558132707788<\/p>\n<p><strong>Mariane Furtado Borba<br \/>\n<\/strong>Atualmente \u00e9 doutoranda no Programa de P\u00f3s-Gradua\u00e7\u00e3o em Epidemiologia da Faculdade de Sa\u00fade P\u00fablica da Universidade de S\u00e3o Paulo\/USP. Link para Curr\u00edculo Lattes: http:\/\/lattes.cnpq.br\/7255563415314720<\/p>\n<p><strong>Mathias Tessmann<br \/>\n<\/strong>Doutorado em andamento em Economia na Universidade Cat\u00f3lica de Bras\u00edlia\/UCB-DF (2018).\u00a0 Atualmente \u00e9 analista acad\u00eamico pleno no Instituto Brasiliense de Direito P\u00fablico\/IDP. Link para Curr\u00edculo Lattes: http:\/\/lattes.cnpq.br\/8382769608901948<\/p>\n<p><strong>Rafael Morrone Barbat Parfitt<br \/>\n<\/strong>Atuou como pesquisador na Funda\u00e7\u00e3o Get\u00falio Vargas\/FGV CLEAR (2019). Link para Curr\u00edculo Lattes: http:\/\/lattes.cnpq.br\/7150379593919468<\/p>\n<p><strong>Raul Augusto Cunha<\/strong><\/p>\n<p>Atualmente \u00e9 Professor Substituto na Universidade Estadual do Mato Grosso do Sul\/UEMS. Link para Curr\u00edculo Lattes: http:\/\/lattes.cnpq.br\/3941177391249987<\/p>\n<p><strong>Renan Porn Peres<\/strong><\/p>\n<p>Link para Curr\u00edculo Lattes: http:\/\/lattes.cnpq.br\/4292822867327703<\/p>\n<p><strong>Valesca Bueno<\/strong><\/p>\n<p>Link para Curr\u00edculo Lattes: http:\/\/lattes.cnpq.br\/0986542119331725<\/p>\n<p style=\"text-align: center;\"><strong>2017<\/strong><\/p>\n<p><strong>Caio C\u00e9sar Rostirolla<\/strong><\/p>\n<p>Atualmente \u00e9 doutorando em Economia Aplicada na Universidade Federal do Rio Grande do Sul (2019). Link para Curr\u00edculo Lattes: http:\/\/lattes.cnpq.br\/4735495103572658<\/p>\n<p><strong>Cristiane Rodrigues de Quevedo*<\/strong><\/p>\n<p>Link para Curr\u00edculo Lattes: http:\/\/lattes.cnpq.br\/0120097129348901<\/p>\n<p><strong>Dianifer Leal Borges<\/strong><\/p>\n<p>Doutorado em andamento em Organiza\u00e7\u00f5es e Mercados na Universidade Federal de Pelotas\/UFPel (2019). Link para Curr\u00edculo Lattes: http:\/\/lattes.cnpq.br\/2540523330212525<\/p>\n<p><strong>Mairton Nogueira da Silva<\/strong><\/p>\n<p>Doutorado em andamento em Organiza\u00e7\u00f5es e Mercados na Universidade Federal de Pelotas\/UFPel (2019). Link para Curr\u00edculo Lattes: http:\/\/lattes.cnpq.br\/2884185785816157<\/p>\n<p><strong>M\u00e1rcio Taceli Taveira<\/strong><\/p>\n<p>Link para Curr\u00edculo Lattes: http:\/\/lattes.cnpq.br\/1844070484812522<\/p>\n<p><strong>Silvio de Rosa Paula<\/strong><\/p>\n<p>Doutorado em andamento em Organiza\u00e7\u00f5es e Mercados na Universidade Federal de Pelotas\/UFPel (2019). Link para Curr\u00edculo Lattes: http:\/\/lattes.cnpq.br\/4981826568605006<\/p>\n<p><strong>Thais Peres Dietrich<\/strong><\/p>\n<p>Atua como pesquisadora na Funda\u00e7\u00e3o Get\u00falio Vargas\/FGV CLEAR (2019). Link para Curr\u00edculo Lattes: http:\/\/lattes.cnpq.br\/2221053660329092<\/p>\n<p><strong>Victor Gabriel Antunes Buttignon<\/strong><\/p>\n<p>Link para Curr\u00edculo Lattes: http:\/\/lattes.cnpq.br\/5597571202905326<\/p>\n<p>&nbsp;<\/p>\n<p>&nbsp;<\/p>\n","protected":false},"excerpt":{"rendered":"<p>Aqui est\u00e3o listados os alunos egressos do programa (em constru\u00e7\u00e3o): &nbsp; 2009 C\u00edcero Zanetti de Lima Doutor em Economia Aplicada pela Universidade Federal de Vi\u00e7osa\/UFV (2017). Atualmente \u00e9 Postdoc research associate no Department of Agricultural Economics da Purdue University &#8211; IN, USA. Link para Curr\u00edculo Lattes: http:\/\/lattes.cnpq.br\/1600299048540789 Gabrielito Rauter Menezes Doutor em Economia Aplicada pela&#8230; <\/p>\n<div class=\"link-more\"><a href=\"https:\/\/wp.ufpel.edu.br\/ppgom\/egressos\/\">Leia mais<\/a><\/div>\n","protected":false},"author":602,"featured_media":0,"parent":0,"menu_order":0,"comment_status":"closed","ping_status":"closed","template":"","meta":{"footnotes":""},"class_list":["post-1399","page","type-page","status-publish","hentry"],"jetpack_sharing_enabled":true,"_links":{"self":[{"href":"https:\/\/wp.ufpel.edu.br\/ppgom\/wp-json\/wp\/v2\/pages\/1399","targetHints":{"allow":["GET"]}}],"collection":[{"href":"https:\/\/wp.ufpel.edu.br\/ppgom\/wp-json\/wp\/v2\/pages"}],"about":[{"href":"https:\/\/wp.ufpel.edu.br\/ppgom\/wp-json\/wp\/v2\/types\/page"}],"author":[{"embeddable":true,"href":"https:\/\/wp.ufpel.edu.br\/ppgom\/wp-json\/wp\/v2\/users\/602"}],"replies":[{"embeddable":true,"href":"https:\/\/wp.ufpel.edu.br\/ppgom\/wp-json\/wp\/v2\/comments?post=1399"}],"version-history":[{"count":6,"href":"https:\/\/wp.ufpel.edu.br\/ppgom\/wp-json\/wp\/v2\/pages\/1399\/revisions"}],"predecessor-version":[{"id":2192,"href":"https:\/\/wp.ufpel.edu.br\/ppgom\/wp-json\/wp\/v2\/pages\/1399\/revisions\/2192"}],"wp:attachment":[{"href":"https:\/\/wp.ufpel.edu.br\/ppgom\/wp-json\/wp\/v2\/media?parent=1399"}],"curies":[{"name":"wp","href":"https:\/\/api.w.org\/{rel}","templated":true}]}}