{"id":653,"date":"2018-03-07T07:58:20","date_gmt":"2018-03-07T10:58:20","guid":{"rendered":"https:\/\/wp.ufpel.edu.br\/ppgo\/?page_id=653"},"modified":"2024-06-24T19:21:41","modified_gmt":"2024-06-24T22:21:41","slug":"noeli","status":"publish","type":"page","link":"https:\/\/wp.ufpel.edu.br\/ppgo\/docentes\/noeli\/","title":{"rendered":"noeli"},"content":{"rendered":"<div id=\"pl-653\" class=\"panel-layout\">\n<div id=\"pg-653-0\" class=\"panel-grid panel-no-style\" data-style=\"{&quot;background_display&quot;:&quot;tile&quot;,&quot;full_height&quot;:&quot;&quot;,&quot;cell_alignment&quot;:&quot;flex-start&quot;}\">\n<div id=\"pgc-653-0-0\" class=\"panel-grid-cell\" data-weight=\"0.61803399209206\">\n<div id=\"panel-653-0-0-0\" class=\"so-panel widget widget_sow-editor panel-first-child panel-last-child\" data-index=\"0\" data-style=\"{&quot;background_image_attachment&quot;:false,&quot;background_display&quot;:&quot;tile&quot;,&quot;background_image_size&quot;:&quot;full&quot;,&quot;background_image_opacity&quot;:&quot;100&quot;,&quot;border_thickness&quot;:&quot;1px&quot;}\">\n<div class=\"so-widget-sow-editor so-widget-sow-editor-base\">\n<div class=\"siteorigin-widget-tinymce textwidget\" style=\"text-align: left;\">\n<p><span style=\"font-family: arial, helvetica, sans-serif; font-size: 14pt;\"><strong><span style=\"font-size: 18pt;\">No\u00e9li Boscato<a href=\"https:\/\/wp.ufpel.edu.br\/ppgo\/files\/2024\/06\/foto-3-scaled.jpg\"><img class=\"wp-image-4820 alignright\" src=\"https:\/\/wp.ufpel.edu.br\/ppgo\/files\/2024\/06\/foto-3-684x1024.jpg\" alt=\"\" width=\"373\" height=\"559\" srcset=\"https:\/\/wp.ufpel.edu.br\/ppgo\/files\/2024\/06\/foto-3-684x1024.jpg 684w, https:\/\/wp.ufpel.edu.br\/ppgo\/files\/2024\/06\/foto-3-267x400.jpg 267w, https:\/\/wp.ufpel.edu.br\/ppgo\/files\/2024\/06\/foto-3-768x1150.jpg 768w, https:\/\/wp.ufpel.edu.br\/ppgo\/files\/2024\/06\/foto-3-1025x1536.jpg 1025w, https:\/\/wp.ufpel.edu.br\/ppgo\/files\/2024\/06\/foto-3-1367x2048.jpg 1367w, https:\/\/wp.ufpel.edu.br\/ppgo\/files\/2024\/06\/foto-3-scaled.jpg 1709w\" sizes=\"(max-width: 373px) 100vw, 373px\" \/><\/a><\/span><\/strong><\/span><\/p>\n<p><span style=\"font-family: arial, helvetica, sans-serif;\"><a href=\"http:\/\/lattes.cnpq.br\/2161718594781314\"><img class=\"alignnone wp-image-645\" src=\"https:\/\/wp.ufpel.edu.br\/ppgo\/files\/2018\/03\/lattes.png\" alt=\"\" width=\"51\" height=\"29\" \/><\/a> \u00a0<a href=\"https:\/\/orcid.org\/0000-0002-3817-1732\"><img class=\"alignnone wp-image-2428\" src=\"https:\/\/wp.ufpel.edu.br\/ppgo\/files\/2019\/10\/ORCID-icon-e1572004983224.png\" alt=\"\" width=\"27\" height=\"27\" \/><\/a> \u00a0<a href=\"https:\/\/scholar.google.pt\/citations?hl=pt-BR&amp;user=vSGtWn8AAAAJ\"><img class=\"alignnone wp-image-3705\" src=\"https:\/\/wp.ufpel.edu.br\/ppgo\/files\/2023\/09\/kisspng-computer-science-google-scholar-doctor-of-philosop-google-5ad094511a4771.2300740815236188971077.jpg\" alt=\"\" width=\"27\" height=\"27\" srcset=\"https:\/\/wp.ufpel.edu.br\/ppgo\/files\/2023\/09\/kisspng-computer-science-google-scholar-doctor-of-philosop-google-5ad094511a4771.2300740815236188971077.jpg 260w, https:\/\/wp.ufpel.edu.br\/ppgo\/files\/2023\/09\/kisspng-computer-science-google-scholar-doctor-of-philosop-google-5ad094511a4771.2300740815236188971077-200x200.jpg 200w\" sizes=\"(max-width: 27px) 100vw, 27px\" \/><\/a> <a href=\"https:\/\/www.webofscience.com\/wos\/author\/record\/1409808\"><img class=\"alignnone wp-image-3724\" src=\"https:\/\/wp.ufpel.edu.br\/ppgo\/files\/2023\/09\/3a2304e4-ef4f-4e12-ad2f-e43fab16210f.jpg\" alt=\"\" width=\"28\" height=\"28\" srcset=\"https:\/\/wp.ufpel.edu.br\/ppgo\/files\/2023\/09\/3a2304e4-ef4f-4e12-ad2f-e43fab16210f.jpg 225w, https:\/\/wp.ufpel.edu.br\/ppgo\/files\/2023\/09\/3a2304e4-ef4f-4e12-ad2f-e43fab16210f-200x200.jpg 200w\" sizes=\"(max-width: 28px) 100vw, 28px\" \/><\/a> <a href=\"https:\/\/www.scopus.com\/authid\/detail.uri?authorId=16400799800\"><img class=\"alignnone wp-image-3894\" src=\"https:\/\/wp.ufpel.edu.br\/ppgo\/files\/2023\/09\/download.png\" alt=\"\" width=\"29\" height=\"29\" srcset=\"https:\/\/wp.ufpel.edu.br\/ppgo\/files\/2023\/09\/download.png 225w, https:\/\/wp.ufpel.edu.br\/ppgo\/files\/2023\/09\/download-200x200.png 200w\" sizes=\"(max-width: 29px) 100vw, 29px\" \/><\/a><\/span><\/p>\n<p><span style=\"font-family: arial, helvetica, sans-serif;\"><strong>Linhas de Pesquisa:<\/strong>\u00a0 Desfechos em sa\u00fade bucal: influ\u00eancia dos determinantes<\/span><br \/>\n<span style=\"font-family: arial, helvetica, sans-serif;\">sociais, socioecon\u00f4micos, cl\u00ednicos e comportamentais; Efetividade de interven\u00e7\u00f5es<\/span><br \/>\n<span style=\"font-family: arial, helvetica, sans-serif;\">cl\u00ednicas em Odontologia; S\u00edntese do conhecimento em Odontologia.<\/span><br \/>\n<span style=\"font-family: arial, helvetica, sans-serif;\"><strong>\u00c1rea de atua\u00e7\u00e3o<\/strong>:\u00a0Pr\u00f3tese Dent\u00e1ria e Dor Orofacial<\/span><\/p>\n<\/div>\n<div class=\"siteorigin-widget-tinymce textwidget\" style=\"text-align: left;\"><span style=\"font-family: arial, helvetica, sans-serif;\"><strong>Outras informa\u00e7\u00f5es<\/strong>:\u00a0Bolsista de Produtividade em Pesquisa do CNPq, N\u00edvel 2,<\/span><br \/>\n<span style=\"font-family: arial, helvetica, sans-serif;\">Membro da Sociedade Brasileira de Disfun\u00e7\u00e3o Temporomandibular e Dor Orofacial<\/span><br \/>\n<span style=\"font-family: arial, helvetica, sans-serif;\">(SBDOF), International Association for the Study of Pain (IASP) e Membro da<\/span><br \/>\n<span style=\"font-family: arial, helvetica, sans-serif;\">Sociedade Brasileira de Pesquisa Odontol\u00f3gica (SBPqO).<\/span><\/div>\n<\/div>\n<\/div>\n<\/div>\n<\/div>\n<\/div>\n","protected":false},"excerpt":{"rendered":"<p>No\u00e9li Boscato \u00a0 \u00a0 Linhas de Pesquisa:\u00a0 Desfechos em sa\u00fade bucal: influ\u00eancia dos determinantes sociais, socioecon\u00f4micos, cl\u00ednicos e comportamentais; Efetividade de interven\u00e7\u00f5es cl\u00ednicas em Odontologia; S\u00edntese do conhecimento em Odontologia. \u00c1rea de atua\u00e7\u00e3o:\u00a0Pr\u00f3tese Dent\u00e1ria e Dor Orofacial Outras informa\u00e7\u00f5es:\u00a0Bolsista de Produtividade em Pesquisa do CNPq, N\u00edvel 2, Membro da Sociedade Brasileira de Disfun\u00e7\u00e3o Temporomandibular e [&hellip;]<\/p>\n","protected":false},"author":511,"featured_media":0,"parent":350,"menu_order":0,"comment_status":"closed","ping_status":"closed","template":"","meta":{"jetpack_post_was_ever_published":false,"footnotes":""},"class_list":["post-653","page","type-page","status-publish","hentry"],"jetpack_sharing_enabled":true,"jetpack_shortlink":"https:\/\/wp.me\/P9I8SC-ax","publishpress_future_action":{"enabled":false,"date":"2026-04-22 15:01:19","action":"change-status","newStatus":"draft","terms":[],"taxonomy":"","extraData":[]},"publishpress_future_workflow_manual_trigger":{"enabledWorkflows":[]},"_links":{"self":[{"href":"https:\/\/wp.ufpel.edu.br\/ppgo\/wp-json\/wp\/v2\/pages\/653","targetHints":{"allow":["GET"]}}],"collection":[{"href":"https:\/\/wp.ufpel.edu.br\/ppgo\/wp-json\/wp\/v2\/pages"}],"about":[{"href":"https:\/\/wp.ufpel.edu.br\/ppgo\/wp-json\/wp\/v2\/types\/page"}],"author":[{"embeddable":true,"href":"https:\/\/wp.ufpel.edu.br\/ppgo\/wp-json\/wp\/v2\/users\/511"}],"replies":[{"embeddable":true,"href":"https:\/\/wp.ufpel.edu.br\/ppgo\/wp-json\/wp\/v2\/comments?post=653"}],"version-history":[{"count":29,"href":"https:\/\/wp.ufpel.edu.br\/ppgo\/wp-json\/wp\/v2\/pages\/653\/revisions"}],"predecessor-version":[{"id":4824,"href":"https:\/\/wp.ufpel.edu.br\/ppgo\/wp-json\/wp\/v2\/pages\/653\/revisions\/4824"}],"up":[{"embeddable":true,"href":"https:\/\/wp.ufpel.edu.br\/ppgo\/wp-json\/wp\/v2\/pages\/350"}],"wp:attachment":[{"href":"https:\/\/wp.ufpel.edu.br\/ppgo\/wp-json\/wp\/v2\/media?parent=653"}],"curies":[{"name":"wp","href":"https:\/\/api.w.org\/{rel}","templated":true}]}}