{"id":5058,"date":"2025-02-06T10:57:43","date_gmt":"2025-02-06T13:57:43","guid":{"rendered":"https:\/\/wp.ufpel.edu.br\/ppgo\/?page_id=5058"},"modified":"2025-02-06T11:08:09","modified_gmt":"2025-02-06T14:08:09","slug":"editais-encerrados-2025","status":"publish","type":"page","link":"https:\/\/wp.ufpel.edu.br\/ppgo\/editais-encerrados-2025\/","title":{"rendered":"Editais Encerrados 2025"},"content":{"rendered":"<p><a href=\"https:\/\/wp.ufpel.edu.br\/ppgo\/files\/2025\/02\/Homologacao-Final-Selecao-Aluno-Regular-1-2025.pdf\">Homologa\u00e7\u00e3o Final das Inscri\u00e7\u00f5es Edital Aluno Regular 01\/2025<\/a><\/p>\n","protected":false},"excerpt":{"rendered":"<p>Homologa\u00e7\u00e3o Final das Inscri\u00e7\u00f5es Edital Aluno Regular 01\/2025<\/p>\n","protected":false},"author":480,"featured_media":0,"parent":0,"menu_order":0,"comment_status":"closed","ping_status":"closed","template":"","meta":{"jetpack_post_was_ever_published":false,"footnotes":""},"class_list":["post-5058","page","type-page","status-publish","hentry"],"jetpack_sharing_enabled":true,"jetpack_shortlink":"https:\/\/wp.me\/P9I8SC-1jA","publishpress_future_action":{"enabled":false,"date":"2026-04-22 18:01:34","action":"change-status","newStatus":"draft","terms":[],"taxonomy":"","extraData":[]},"publishpress_future_workflow_manual_trigger":{"enabledWorkflows":[]},"_links":{"self":[{"href":"https:\/\/wp.ufpel.edu.br\/ppgo\/wp-json\/wp\/v2\/pages\/5058","targetHints":{"allow":["GET"]}}],"collection":[{"href":"https:\/\/wp.ufpel.edu.br\/ppgo\/wp-json\/wp\/v2\/pages"}],"about":[{"href":"https:\/\/wp.ufpel.edu.br\/ppgo\/wp-json\/wp\/v2\/types\/page"}],"author":[{"embeddable":true,"href":"https:\/\/wp.ufpel.edu.br\/ppgo\/wp-json\/wp\/v2\/users\/480"}],"replies":[{"embeddable":true,"href":"https:\/\/wp.ufpel.edu.br\/ppgo\/wp-json\/wp\/v2\/comments?post=5058"}],"version-history":[{"count":2,"href":"https:\/\/wp.ufpel.edu.br\/ppgo\/wp-json\/wp\/v2\/pages\/5058\/revisions"}],"predecessor-version":[{"id":5063,"href":"https:\/\/wp.ufpel.edu.br\/ppgo\/wp-json\/wp\/v2\/pages\/5058\/revisions\/5063"}],"wp:attachment":[{"href":"https:\/\/wp.ufpel.edu.br\/ppgo\/wp-json\/wp\/v2\/media?parent=5058"}],"curies":[{"name":"wp","href":"https:\/\/api.w.org\/{rel}","templated":true}]}}