{"id":4701,"date":"2024-06-03T09:02:35","date_gmt":"2024-06-03T12:02:35","guid":{"rendered":"https:\/\/wp.ufpel.edu.br\/ppgo\/?page_id=4701"},"modified":"2024-06-03T09:02:35","modified_gmt":"2024-06-03T12:02:35","slug":"editais-encerrados-2023","status":"publish","type":"page","link":"https:\/\/wp.ufpel.edu.br\/ppgo\/editais-encerrados-2023\/","title":{"rendered":"\u00a0Editais encerrados 2023"},"content":{"rendered":"<ul>\n<li><span style=\"font-size: 12pt; font-family: arial, helvetica, sans-serif;\"><a href=\"https:\/\/wp.ufpel.edu.br\/ppgo\/files\/2023\/06\/SEI_UFPel-2232749-Edital-de-selec\u0327a\u0303o-PRPPG.pdf\">Edital de Selec\u0327a\u0303o para Aluno Especial &#8211; PPGO UFPel 2023\/2<\/a><\/span><\/li>\n<li><span style=\"font-family: arial, helvetica, sans-serif; font-size: 12pt;\"><a href=\"https:\/\/wp.ufpel.edu.br\/ppgo\/files\/2023\/07\/Resultado.pdf\">Resultado Edital Aux\u00edlio aluno PPGO UFPel 2023\/2<\/a><\/span><\/li>\n<li><span style=\"font-family: arial, helvetica, sans-serif; font-size: 12pt;\"><a href=\"https:\/\/wp.ufpel.edu.br\/ppgo\/files\/2023\/07\/INSCRICOES-HOMOLOGADAS.docx\">Homologa\u00e7\u00e3o das Incri\u00e7\u00f5es Edital Aux\u00edlio aluno<\/a><\/span><\/li>\n<li><span style=\"font-family: arial, helvetica, sans-serif; font-size: 12pt;\"><a href=\"https:\/\/wp.ufpel.edu.br\/ppgo\/files\/2023\/07\/final-SEI_UFPel-2240188-Edital.pdf\">Edital Aux\u00edlio aluno PPGO UFPel<\/a><a href=\"https:\/\/wp.ufpel.edu.br\/ppgo\/files\/2023\/07\/final-SEI_UFPel-2240188-Edital.pdf\"> 2023\/2<\/a><\/span><\/li>\n<li><span style=\"font-family: arial, helvetica, sans-serif; font-size: 12pt;\"><a href=\"https:\/\/wp.ufpel.edu.br\/ppgo\/files\/2023\/07\/Resultado-do-EDITAL-03.pdf\">Resultado Edital interno PPGO PDSE 2023\/2<\/a><\/span><\/li>\n<li><span style=\"font-family: arial, helvetica, sans-serif; font-size: 12pt;\"><a href=\"https:\/\/wp.ufpel.edu.br\/ppgo\/files\/2023\/07\/SEI_UFPel-2242238-Edital-03.pdf\">Edital Interno 03 PPGO PDSE \u00a02023\/2<\/a><\/span><\/li>\n<li><span style=\"font-family: arial, helvetica, sans-serif; font-size: 12pt;\"><a href=\"https:\/\/wp.ufpel.edu.br\/ppgo\/files\/2023\/06\/pdse-SEI_UFPel-2222578-Edital.pdf\">Processo seletivo Interno PPGO UFPel -PDSE PrInt 2023.2<\/a><\/span><\/li>\n<li><span style=\"font-family: arial, helvetica, sans-serif; font-size: 12pt;\"><a href=\"https:\/\/wp.ufpel.edu.br\/ppgo\/files\/2023\/04\/Resultado-Premio-CAPES-de-TESES.pdf\">Resultado Premio CAPES de TESES<\/a><\/span><\/li>\n<li><span style=\"font-family: arial, helvetica, sans-serif; font-size: 12pt;\"><a href=\"https:\/\/wp.ufpel.edu.br\/ppgo\/files\/2023\/03\/SEI_UFPel-2100883-Edital.pdf\">Edital SELE\u00c7\u00c3O PR\u00caMIO CAPES DE TESE | EDI\u00c7\u00c3O 2023<\/a><\/span><\/li>\n<\/ul>\n<ol>\n<li><span style=\"font-size: 10pt; font-family: arial, helvetica, sans-serif;\"><a href=\"https:\/\/wp.ufpel.edu.br\/ppgo\/files\/2023\/04\/1.Ficha-Inscric\u0327a\u0303o-Premio-Capes-de-Tese-1.docx\">Ficha Inscric\u0327a\u0303o Premio Capes de Tese<\/a><\/span><\/li>\n<li><span style=\"font-size: 10pt; font-family: arial, helvetica, sans-serif;\"><a href=\"https:\/\/wp.ufpel.edu.br\/ppgo\/files\/2023\/04\/2.-Declarac\u0327a\u0303o-Inscric\u0327a\u0303o.docx\">Declarac\u0327a\u0303o Inscric\u0327a\u0303o<\/a><\/span><\/li>\n<li><span style=\"font-size: 10pt; font-family: arial, helvetica, sans-serif;\"><a href=\"https:\/\/wp.ufpel.edu.br\/ppgo\/files\/2023\/04\/3.Mini-Resumo-Tese.docx\">Mini Resumo Tese<\/a><\/span><\/li>\n<li><span style=\"font-size: 12pt; font-family: arial, helvetica, sans-serif;\"><a href=\"https:\/\/wp.ufpel.edu.br\/ppgo\/files\/2023\/04\/4.-Planilha_avaliacao-produc\u0327a\u0303o-cienti\u0301fica-tese.xlsx\"><span style=\"font-size: 10pt;\">Planilha_avaliacao produc\u0327a\u0303o cienti\u0301fica tese<\/span><\/a><\/span><\/li>\n<\/ol>\n<ul>\n<li><span style=\"font-family: arial, helvetica, sans-serif; font-size: 12pt;\"><a href=\"https:\/\/wp.ufpel.edu.br\/ppgo\/files\/2023\/03\/Resultado-preliminar-PDSE-2023.pdf\">Resultado Processo seletivo interno PPGO UFPel &#8211; PDSE PRInt<\/a><a href=\"https:\/\/wp.ufpel.edu.br\/ppgo\/files\/2023\/03\/Resultado-preliminar-PDSE-2023.pdf\"> 2<\/a><a href=\"https:\/\/wp.ufpel.edu.br\/ppgo\/files\/2023\/03\/Resultado-preliminar-PDSE-2023.pdf\">023<\/a><\/span><\/li>\n<li><span style=\"font-family: arial, helvetica, sans-serif; font-size: 12pt;\"><a href=\"https:\/\/wp.ufpel.edu.br\/ppgo\/files\/2023\/03\/SEI_UFPel-2087223-Edital-PDSE-2023.pdf\">Processo seletivo Interno PPGO UFPel -PDSE PrInt 2023.1<\/a><\/span><\/li>\n<li><span style=\"font-family: arial, helvetica, sans-serif; font-size: 12pt;\"><a href=\"https:\/\/wp.ufpel.edu.br\/ppgo\/files\/2023\/03\/SEI_UFPel-2087152-Edital-para-Votac\u0327a\u0303o-Eletro\u0302nica-CDIP.pdf\">Edital para Votac\u0327a\u0303o Eletro\u0302nica Colegiado PPGO<\/a><\/span><\/li>\n<li><span style=\"font-family: arial, helvetica, sans-serif; font-size: 12pt;\"><a href=\"https:\/\/wp.ufpel.edu.br\/ppgo\/files\/2023\/03\/SEI_UFPel-2094577-Ata-Homologac\u0327a\u0303o-de-Inscric\u0327o\u0303es.pdf\">Homologac\u0327a\u0303o de Candidatos<\/a><\/span><\/li>\n<li><span style=\"font-family: arial, helvetica, sans-serif; font-size: 12pt;\"><a href=\"https:\/\/wp.ufpel.edu.br\/ppgo\/files\/2023\/03\/Lista-de-Eleitores-Cargo-Coordenacao-Geral-PPGO.pdf\">Lista de Eleitores Cargo Coordenacao Geral PPGO<\/a><\/span><\/li>\n<li><span style=\"font-family: arial, helvetica, sans-serif; font-size: 12pt;\"><a href=\"https:\/\/wp.ufpel.edu.br\/ppgo\/files\/2023\/03\/Lista-de-Eleitores-Cargo-Coordenador-A\u0301rea-de-Cli\u0301nica-Odontolo\u0301gica-PPGO-SEM-E-MAIL.pdf\">Lista de Eleitores Cargo Coordena\u00e7\u00e3o A\u0301rea de Cli\u0301nica Odontolo\u0301gica<\/a><\/span><\/li>\n<li><span style=\"font-family: arial, helvetica, sans-serif; font-size: 12pt;\"><a href=\"https:\/\/wp.ufpel.edu.br\/ppgo\/files\/2023\/03\/Lista-de-Eleitores-Cargo-Coordenac\u0327a\u0303o-A\u0301rea-Sau\u0301de-Bucal-Coletiva-PPGO.pdf\">Lista de Eleitores Cargo Coordenac\u0327a\u0303o A\u0301rea Sau\u0301de Bucal Coletiva<\/a><\/span><\/li>\n<li><span style=\"font-family: arial, helvetica, sans-serif; font-size: 12pt;\"><a href=\"https:\/\/wp.ufpel.edu.br\/ppgo\/files\/2023\/03\/Lista-de-Eleitores-Cargo-Coordenador-A\u0301rea-de-Biomateriais-e-Biologia-Oral.pdf\">Lista de Eleitores Cargo Coordena\u00e7\u00e3o A\u0301rea de Biomateriais e Biologia Oral<\/a><\/span><\/li>\n<li><span style=\"font-family: arial, helvetica, sans-serif; font-size: 12pt;\"><a href=\"https:\/\/wp.ufpel.edu.br\/ppgo\/files\/2023\/03\/Lista-de-Eleitores-Cargo-Representante-Docente-PPGO.pdf\">Lista de Eleitores Cargo Representante Docente<\/a><\/span><\/li>\n<li><span style=\"font-family: arial, helvetica, sans-serif; font-size: 12pt;\"><a href=\"https:\/\/wp.ufpel.edu.br\/ppgo\/files\/2023\/03\/Resultado-edital-2023.1-Aluno-especial.pdf\">Resultado edital 2023.1 Aluno especial<\/a><\/span><\/li>\n<li><span style=\"font-family: arial, helvetica, sans-serif; font-size: 12pt;\"><a href=\"https:\/\/wp.ufpel.edu.br\/ppgo\/files\/2023\/03\/SEI_UFPel-2061987-Edital-de-selec\u0327a\u0303o-PRPPG.pdf\">Edital de selec\u0327a\u0303o Aluno Especial PPGO UFPel 1\/2023<\/a><\/span><\/li>\n<li><span style=\"font-family: arial, helvetica, sans-serif; font-size: 12pt;\"><a href=\"https:\/\/wp.ufpel.edu.br\/ppgo\/files\/2023\/03\/Resultado-Final-Processo-Seletivo-para-Aluno-regular-2023_1-1.pdf\">Resultado Final Edital de Sele\u00e7\u00e3o PPGO UFPel para aluno regular 2023\/1<\/a><\/span><\/li>\n<li><span style=\"font-family: arial, helvetica, sans-serif; font-size: 12pt;\"><a href=\"https:\/\/wp.ufpel.edu.br\/ppgo\/files\/2023\/02\/Resultado-2-Fase-Processo-Seletivo-para-Aluno-regular-2023_1-1.pdf\">Resultado da Segunda Fase do Edital de sele\u00e7\u00e3o PPGO UFPel &#8211; Aluno Regular 2023\/1<\/a><\/span><\/li>\n<li><span style=\"font-family: arial, helvetica, sans-serif; font-size: 12pt;\"><a href=\"https:\/\/wp.ufpel.edu.br\/ppgo\/files\/2023\/02\/Resultado-Final-Processo-Seletivo-para-Aluno-regular-2023_1.pdf\">Resultado preliminar da Primeira Fase do Edital de sele\u00e7\u00e3o PPGO UFPel 1\/2023<\/a><\/span><\/li>\n<li><span style=\"font-family: arial, helvetica, sans-serif; font-size: 12pt;\"><a href=\"https:\/\/wp.ufpel.edu.br\/ppgo\/files\/2023\/02\/2023.1_Homologac\u0327a\u0303o-Aluno-Regular.pdf\">Homologac\u0327a\u0303o das Inscri\u00e7\u00f5es no Edital de Sele\u00e7\u00e3o PPGO UFPel 2023<\/a><\/span><\/li>\n<li><span style=\"font-family: arial, helvetica, sans-serif; font-size: 12pt;\"><a href=\"https:\/\/wp.ufpel.edu.br\/ppgo\/files\/2022\/12\/SEI_UFPel-2004862-Edital-de-selec\u0327a\u0303o-PRPPG.pdf\">Edital de selec\u0327a\u0303o PPGO UFPel 1\/2023<\/a><\/span><\/li>\n<li><span style=\"font-family: arial, helvetica, sans-serif; font-size: 12pt;\"><a href=\"https:\/\/wp.ufpel.edu.br\/ppgo\/files\/2022\/12\/ANEXO-Edital-PPGO-12023.pdf\">Anexo do Edital de sele\u00e7\u00e3o PPGO UFPel 1\/2023<\/a><\/span><\/li>\n<li><span style=\"font-family: arial, helvetica, sans-serif; font-size: 12pt;\"><a href=\"https:\/\/wp.ufpel.edu.br\/ppgo\/files\/2022\/12\/SEI_UFPel-2006293-Edital-de-Retificac\u0327a\u0303o-PRPPG.pdf\">Edital de Retificac\u0327a\u0303o PRPPG PPGO UFPel 1\/2023<\/a><\/span><\/li>\n<li><span style=\"font-family: arial, helvetica, sans-serif; font-size: 12pt;\"><a href=\"https:\/\/wp.ufpel.edu.br\/ppgo\/files\/2023\/01\/PPGOUFPel-\u2013-Manual-de-Instruc\u0327o\u0303es-de-preenchimento-da-planilha-CV-2023.pdf\">Manual de Instruc\u0327o\u0303es de preenchimento da planilha CV 2023<\/a><\/span><\/li>\n<li><span style=\"font-family: arial, helvetica, sans-serif; font-size: 12pt;\"><a href=\"https:\/\/wp.ufpel.edu.br\/ppgo\/files\/2023\/01\/Planilha_pontuacao_CV_2023-4.xls\">Planilha de c\u00e1lculo de CV 2023<\/a><\/span><\/li>\n<li><span style=\"font-family: arial, helvetica, sans-serif; font-size: 12pt;\"><a href=\"https:\/\/wp.ufpel.edu.br\/ppgo\/files\/2023\/01\/Formulario_de_inscricao_2023.1.docx\">Formul\u00e1rio de Inscric\u00e3o 2023<\/a><\/span><\/li>\n<li><span style=\"font-family: arial, helvetica, sans-serif; font-size: 12pt;\"><a href=\"https:\/\/wp.ufpel.edu.br\/ppgo\/files\/2023\/01\/Declaracao-de-Etnia.pdf\">Declara\u00e7\u00e3o de Etnia<\/a><\/span><\/li>\n<li><span style=\"font-family: arial, helvetica, sans-serif; font-size: 12pt;\"><a href=\"https:\/\/wp.ufpel.edu.br\/ppgo\/files\/2023\/01\/Autodeclaracao-de-Identidade-de-Genero.pdf\">Autodeclara\u00e7\u00e3o de Identidade de Genero<\/a><\/span><\/li>\n<li><span style=\"font-family: arial, helvetica, sans-serif; font-size: 12pt;\"><a href=\"https:\/\/wp.ufpel.edu.br\/ppgo\/files\/2022\/12\/Resultado-Edital-Credenciamento-2023.pdf\">Resultado Credenciamento 2023<\/a><\/span><\/li>\n<li><span style=\"font-family: arial, helvetica, sans-serif; font-size: 12pt;\"><a href=\"https:\/\/wp.ufpel.edu.br\/ppgo\/files\/2022\/12\/Edital-de-Credenciamento-2023-PPGO.pdf\">Edital de Credenciamento 2023 PPGO<\/a><\/span><\/li>\n<li><span style=\"font-family: arial, helvetica, sans-serif; font-size: 12pt;\"><a href=\"https:\/\/wp.ufpel.edu.br\/ppgo\/files\/2022\/12\/Crite\u0301rios-Credenciamento-2023-PPGO.pdf\">Crite\u0301rios Credenciamento 2023 PPGO<\/a><\/span><\/li>\n<li><span style=\"font-family: arial, helvetica, sans-serif; font-size: 12pt;\"><a href=\"https:\/\/wp.ufpel.edu.br\/ppgo\/files\/2022\/12\/Formula\u0301rio-de-Credenciamento-PPGO-2023.docx\">Formula\u0301rio de Credenciamento 2023 PPGO<\/a><\/span><\/li>\n<\/ul>\n","protected":false},"excerpt":{"rendered":"<p>Edital de Selec\u0327a\u0303o para Aluno Especial &#8211; PPGO UFPel 2023\/2 Resultado Edital Aux\u00edlio aluno PPGO UFPel 2023\/2 Homologa\u00e7\u00e3o das Incri\u00e7\u00f5es Edital Aux\u00edlio aluno Edital Aux\u00edlio aluno PPGO UFPel 2023\/2 Resultado Edital interno PPGO PDSE 2023\/2 Edital Interno 03 PPGO PDSE \u00a02023\/2 Processo seletivo Interno PPGO UFPel -PDSE PrInt 2023.2 Resultado Premio CAPES de TESES Edital [&hellip;]<\/p>\n","protected":false},"author":480,"featured_media":0,"parent":0,"menu_order":0,"comment_status":"closed","ping_status":"closed","template":"","meta":{"jetpack_post_was_ever_published":false,"footnotes":""},"class_list":["post-4701","page","type-page","status-publish","hentry"],"jetpack_sharing_enabled":true,"jetpack_shortlink":"https:\/\/wp.me\/P9I8SC-1dP","publishpress_future_action":{"enabled":false,"date":"2026-04-22 10:09:01","action":"change-status","newStatus":"draft","terms":[],"taxonomy":"","extraData":[]},"publishpress_future_workflow_manual_trigger":{"enabledWorkflows":[]},"_links":{"self":[{"href":"https:\/\/wp.ufpel.edu.br\/ppgo\/wp-json\/wp\/v2\/pages\/4701","targetHints":{"allow":["GET"]}}],"collection":[{"href":"https:\/\/wp.ufpel.edu.br\/ppgo\/wp-json\/wp\/v2\/pages"}],"about":[{"href":"https:\/\/wp.ufpel.edu.br\/ppgo\/wp-json\/wp\/v2\/types\/page"}],"author":[{"embeddable":true,"href":"https:\/\/wp.ufpel.edu.br\/ppgo\/wp-json\/wp\/v2\/users\/480"}],"replies":[{"embeddable":true,"href":"https:\/\/wp.ufpel.edu.br\/ppgo\/wp-json\/wp\/v2\/comments?post=4701"}],"version-history":[{"count":1,"href":"https:\/\/wp.ufpel.edu.br\/ppgo\/wp-json\/wp\/v2\/pages\/4701\/revisions"}],"predecessor-version":[{"id":4703,"href":"https:\/\/wp.ufpel.edu.br\/ppgo\/wp-json\/wp\/v2\/pages\/4701\/revisions\/4703"}],"wp:attachment":[{"href":"https:\/\/wp.ufpel.edu.br\/ppgo\/wp-json\/wp\/v2\/media?parent=4701"}],"curies":[{"name":"wp","href":"https:\/\/api.w.org\/{rel}","templated":true}]}}