{"id":4313,"date":"2023-11-29T20:39:53","date_gmt":"2023-11-29T23:39:53","guid":{"rendered":"https:\/\/wp.ufpel.edu.br\/ppgo\/?page_id=4313"},"modified":"2024-06-14T15:06:18","modified_gmt":"2024-06-14T18:06:18","slug":"4313-2","status":"publish","type":"page","link":"https:\/\/wp.ufpel.edu.br\/ppgo\/4313-2\/","title":{"rendered":""},"content":{"rendered":"<div id=\"pl-4313\" class=\"panel-layout\">\n<div id=\"pg-4313-0\" class=\"panel-grid panel-no-style\">\n<div id=\"pgc-4313-0-0\" class=\"panel-grid-cell\" data-weight=\"1\">\n<div id=\"panel-4313-0-0-0\" class=\"so-panel widget widget_sow-editor panel-first-child\" data-index=\"0\" data-style=\"{&quot;background_image_attachment&quot;:false,&quot;background_display&quot;:&quot;tile&quot;,&quot;background_image_size&quot;:&quot;full&quot;,&quot;background_image_opacity&quot;:&quot;100&quot;,&quot;border_thickness&quot;:&quot;1px&quot;}\">\n<div class=\"so-widget-sow-editor so-widget-sow-editor-base\">\n<div class=\"siteorigin-widget-tinymce textwidget\">\n<p><span style=\"font-family: arial, helvetica, sans-serif;\"><strong><span style=\"font-size: 14pt;\">Thiago Marchi Martins<\/span><\/strong><\/span><a href=\"https:\/\/wp.ufpel.edu.br\/ppgo\/files\/2018\/05\/Thiago-Martins.jpg\"><img class=\"wp-image-1872 alignright\" src=\"https:\/\/wp.ufpel.edu.br\/ppgo\/files\/2018\/05\/Thiago-Martins.jpg\" alt=\"\" width=\"255\" height=\"353\" srcset=\"https:\/\/wp.ufpel.edu.br\/ppgo\/files\/2018\/05\/Thiago-Martins.jpg 341w, https:\/\/wp.ufpel.edu.br\/ppgo\/files\/2018\/05\/Thiago-Martins-289x400.jpg 289w\" sizes=\"(max-width: 255px) 100vw, 255px\" \/><\/a><\/p>\n<p><span style=\"font-family: arial, helvetica, sans-serif;\"><a href=\"http:\/\/lattes.cnpq.br\/0939609150485625\"><img class=\"alignnone wp-image-645\" src=\"https:\/\/i0.wp.com\/wp.ufpel.edu.br\/ppgo\/files\/2018\/03\/lattes.png?resize=51%2C29&amp;ssl=1\" alt=\"\" width=\"51\" height=\"29\" \/><\/a>\u00a0<a href=\"https:\/\/orcid.org\/0000-0001-6647-1313\"><img class=\"alignnone wp-image-3704\" src=\"https:\/\/i0.wp.com\/wp.ufpel.edu.br\/ppgo\/files\/2023\/09\/orcid-id.png?resize=28%2C28&amp;ssl=1\" sizes=\"(max-width: 28px) 100vw, 28px\" srcset=\"https:\/\/i0.wp.com\/wp.ufpel.edu.br\/ppgo\/files\/2023\/09\/orcid-id.png?w=450&amp;ssl=1 450w, https:\/\/i0.wp.com\/wp.ufpel.edu.br\/ppgo\/files\/2023\/09\/orcid-id.png?resize=400%2C400&amp;ssl=1 400w, https:\/\/i0.wp.com\/wp.ufpel.edu.br\/ppgo\/files\/2023\/09\/orcid-id.png?resize=200%2C200&amp;ssl=1 200w\" alt=\"\" width=\"28\" height=\"28\" \/><\/a>\u00a0<a href=\"https:\/\/scholar.google.pt\/citations?hl=pt-BR&amp;user=5GE9b_sAAAAJ\"><img class=\"alignnone wp-image-3705\" src=\"https:\/\/i0.wp.com\/wp.ufpel.edu.br\/ppgo\/files\/2023\/09\/kisspng-computer-science-google-scholar-doctor-of-philosop-google-5ad094511a4771.2300740815236188971077.jpg?resize=29%2C29&amp;ssl=1\" sizes=\"(max-width: 29px) 100vw, 29px\" srcset=\"https:\/\/i0.wp.com\/wp.ufpel.edu.br\/ppgo\/files\/2023\/09\/kisspng-computer-science-google-scholar-doctor-of-philosop-google-5ad094511a4771.2300740815236188971077.jpg?w=260&amp;ssl=1 260w, https:\/\/i0.wp.com\/wp.ufpel.edu.br\/ppgo\/files\/2023\/09\/kisspng-computer-science-google-scholar-doctor-of-philosop-google-5ad094511a4771.2300740815236188971077.jpg?resize=200%2C200&amp;ssl=1 200w\" alt=\"\" width=\"29\" height=\"29\" \/><\/a>\u00a0<a href=\"https:\/\/www.webofscience.com\/wos\/author\/record\/2430567\"><img class=\"alignnone wp-image-3724\" src=\"https:\/\/i0.wp.com\/wp.ufpel.edu.br\/ppgo\/files\/2023\/09\/3a2304e4-ef4f-4e12-ad2f-e43fab16210f.jpg?resize=29%2C29&amp;ssl=1\" sizes=\"(max-width: 29px) 100vw, 29px\" srcset=\"https:\/\/i0.wp.com\/wp.ufpel.edu.br\/ppgo\/files\/2023\/09\/3a2304e4-ef4f-4e12-ad2f-e43fab16210f.jpg?w=225&amp;ssl=1 225w, https:\/\/i0.wp.com\/wp.ufpel.edu.br\/ppgo\/files\/2023\/09\/3a2304e4-ef4f-4e12-ad2f-e43fab16210f.jpg?resize=200%2C200&amp;ssl=1 200w\" alt=\"\" width=\"29\" height=\"29\" \/><\/a>\u00a0<a href=\"https:\/\/www.scopus.com\/authid\/detail.uri?authorId=16687040700\"><img class=\"alignnone wp-image-3894\" src=\"https:\/\/i0.wp.com\/wp.ufpel.edu.br\/ppgo\/files\/2023\/09\/download.png?resize=28%2C28&amp;ssl=1\" sizes=\"(max-width: 28px) 100vw, 28px\" srcset=\"https:\/\/i0.wp.com\/wp.ufpel.edu.br\/ppgo\/files\/2023\/09\/download.png?w=225&amp;ssl=1 225w, https:\/\/i0.wp.com\/wp.ufpel.edu.br\/ppgo\/files\/2023\/09\/download.png?resize=200%2C200&amp;ssl=1 200w\" alt=\"\" width=\"28\" height=\"28\" \/><\/a><\/span><\/p>\n<p><span style=\"font-family: arial, helvetica, sans-serif; font-size: 12pt;\"><strong>Forma\u00e7\u00e3o:<\/strong> Possui gradua\u00e7\u00e3o em Odontologia pela Universidade Estadual Paulista J\u00falio de Mesquita Filho (2001), especializa\u00e7\u00e3o em dent\u00edstica pela Universidade Estadual Paulista J\u00falio de Mesquita Filho (2002), mestrado em Odontologia Periodontia Ara\u00e7atuba pela Universidade Estadual Paulista J\u00falio de Mesquita Filho (2005) e doutorado em Odontologia Periodontia Ara\u00e7atuba pela Universidade Estadual Paulista J\u00falio de Mesquita Filho (2009)<\/span><\/p>\n<p><span style=\"font-family: arial, helvetica, sans-serif; font-size: 12pt;\"><strong>Linhas de pesquisa:<\/strong><\/span><\/p>\n<p><span style=\"font-family: arial, helvetica, sans-serif; font-size: 12pt;\"><strong>\u00c1rea de atua\u00e7\u00e3o: <\/strong>Atualmente \u00e9 professor Associado da disciplina de Periodontia da Universidade Federal de Pelotas (RS). Avaliador externo, credenciado pelo Instituto Nacional de Estudos e Pesquisas Educacionais An\u00edsio Teixeira (INEP\/MEC), para atos de Autoriza\u00e7\u00e3o, Reconhecimento e Renova\u00e7\u00e3o de Reconhecimento de Cursos de Gradua\u00e7\u00e3o. Tem experi\u00eancia na \u00e1rea de Odontologia, com \u00eanfase em Periodontia e Dent\u00edstica, atuando principalmente nos seguintes temas: cirurgia periodontal, periodontia, recobrimento radicular, cl\u00ednica integrada e laser em periodontia.<\/span><\/p>\n<\/div>\n<\/div>\n<\/div>\n<div id=\"panel-4313-0-0-1\" class=\"so-panel widget widget_sow-image panel-last-child\" data-index=\"1\" data-style=\"{&quot;background_image_attachment&quot;:false,&quot;background_display&quot;:&quot;tile&quot;,&quot;background_image_size&quot;:&quot;full&quot;,&quot;background_image_opacity&quot;:&quot;100&quot;,&quot;border_thickness&quot;:&quot;1px&quot;}\"><\/div>\n<\/div>\n<\/div>\n<\/div>\n","protected":false},"excerpt":{"rendered":"<p>Thiago Marchi Martins \u00a0\u00a0\u00a0\u00a0 Forma\u00e7\u00e3o: Possui gradua\u00e7\u00e3o em Odontologia pela Universidade Estadual Paulista J\u00falio de Mesquita Filho (2001), especializa\u00e7\u00e3o em dent\u00edstica pela Universidade Estadual Paulista J\u00falio de Mesquita Filho (2002), mestrado em Odontologia Periodontia Ara\u00e7atuba pela Universidade Estadual Paulista J\u00falio de Mesquita Filho (2005) e doutorado em Odontologia Periodontia Ara\u00e7atuba pela Universidade Estadual Paulista J\u00falio [&hellip;]<\/p>\n","protected":false},"author":480,"featured_media":0,"parent":0,"menu_order":0,"comment_status":"closed","ping_status":"closed","template":"","meta":{"jetpack_post_was_ever_published":false,"footnotes":""},"class_list":["post-4313","page","type-page","status-publish","hentry"],"jetpack_sharing_enabled":true,"jetpack_shortlink":"https:\/\/wp.me\/P9I8SC-17z","publishpress_future_action":{"enabled":false,"date":"2026-05-16 14:55:21","action":"change-status","newStatus":"draft","terms":[],"taxonomy":"","extraData":[]},"publishpress_future_workflow_manual_trigger":{"enabledWorkflows":[]},"_links":{"self":[{"href":"https:\/\/wp.ufpel.edu.br\/ppgo\/wp-json\/wp\/v2\/pages\/4313","targetHints":{"allow":["GET"]}}],"collection":[{"href":"https:\/\/wp.ufpel.edu.br\/ppgo\/wp-json\/wp\/v2\/pages"}],"about":[{"href":"https:\/\/wp.ufpel.edu.br\/ppgo\/wp-json\/wp\/v2\/types\/page"}],"author":[{"embeddable":true,"href":"https:\/\/wp.ufpel.edu.br\/ppgo\/wp-json\/wp\/v2\/users\/480"}],"replies":[{"embeddable":true,"href":"https:\/\/wp.ufpel.edu.br\/ppgo\/wp-json\/wp\/v2\/comments?post=4313"}],"version-history":[{"count":4,"href":"https:\/\/wp.ufpel.edu.br\/ppgo\/wp-json\/wp\/v2\/pages\/4313\/revisions"}],"predecessor-version":[{"id":4817,"href":"https:\/\/wp.ufpel.edu.br\/ppgo\/wp-json\/wp\/v2\/pages\/4313\/revisions\/4817"}],"wp:attachment":[{"href":"https:\/\/wp.ufpel.edu.br\/ppgo\/wp-json\/wp\/v2\/media?parent=4313"}],"curies":[{"name":"wp","href":"https:\/\/api.w.org\/{rel}","templated":true}]}}