{"id":4158,"date":"2023-10-10T20:21:48","date_gmt":"2023-10-10T23:21:48","guid":{"rendered":"https:\/\/wp.ufpel.edu.br\/ppgo\/?page_id=4158"},"modified":"2025-01-24T11:39:39","modified_gmt":"2025-01-24T14:39:39","slug":"licenca-maternidade-e-ou-licenca-adotante","status":"publish","type":"page","link":"https:\/\/wp.ufpel.edu.br\/ppgo\/area-do-aluno\/licenca-maternidade-e-ou-licenca-adotante\/","title":{"rendered":"Licen\u00e7a maternidade e\/ou licen\u00e7a adotante"},"content":{"rendered":"<div id=\"pl-4158\" class=\"panel-layout\">\n<div id=\"pg-4158-0\" class=\"panel-grid panel-no-style\" data-style=\"{&quot;background_image_attachment&quot;:false,&quot;background_display&quot;:&quot;tile&quot;,&quot;background_image_size&quot;:&quot;full&quot;,&quot;background_image_opacity&quot;:&quot;100&quot;,&quot;border_thickness&quot;:&quot;1px&quot;,&quot;full_height&quot;:&quot;&quot;,&quot;cell_alignment&quot;:&quot;flex-start&quot;}\">\n<div id=\"pgc-4158-0-0\" class=\"panel-grid-cell panel-grid-cell-empty\" data-style=\"{&quot;background_image_attachment&quot;:false,&quot;background_display&quot;:&quot;tile&quot;,&quot;background_image_size&quot;:&quot;full&quot;,&quot;background_image_opacity&quot;:&quot;100&quot;,&quot;border_thickness&quot;:&quot;1px&quot;,&quot;vertical_alignment&quot;:&quot;auto&quot;}\" data-weight=\"1\"><span style=\"font-family: arial, helvetica, sans-serif;\"><strong><span style=\"font-size: 18px; color: var(--cor-texto);\">Licen\u00e7a maternidade e\/ou licen\u00e7a adotante<\/span><\/strong><\/span><\/div>\n<\/div>\n<div id=\"pg-4158-1\" class=\"panel-grid panel-no-style\" data-style=\"{&quot;background_image_attachment&quot;:false,&quot;background_display&quot;:&quot;tile&quot;,&quot;background_image_size&quot;:&quot;full&quot;,&quot;background_image_opacity&quot;:&quot;100&quot;,&quot;border_thickness&quot;:&quot;1px&quot;,&quot;full_height&quot;:&quot;&quot;,&quot;cell_alignment&quot;:&quot;flex-start&quot;}\">\n<div id=\"pgc-4158-1-0\" class=\"panel-grid-cell\" data-weight=\"0.65628815628816\">\n<div id=\"panel-4158-1-0-0\" class=\"so-panel widget widget_sow-editor panel-first-child panel-last-child\" data-index=\"0\" data-style=\"{&quot;background_image_attachment&quot;:false,&quot;background_display&quot;:&quot;tile&quot;,&quot;background_image_size&quot;:&quot;full&quot;,&quot;background_image_opacity&quot;:&quot;100&quot;,&quot;border_thickness&quot;:&quot;1px&quot;}\">\n<div class=\"so-widget-sow-editor so-widget-sow-editor-base\">\n<div class=\"siteorigin-widget-tinymce textwidget\">\n<p style=\"text-align: justify;\"><span style=\"font-family: arial, helvetica, sans-serif; font-size: 12pt;\">O PPGO segue a Lei N\u00ba 13.536, de 15\/12\/2017 e mais recentemente a Lei No 14.925, de 17 de Julho de 2024 que a alterou, as quais disp\u00f5em sobre a prorroga\u00e7\u00e3o dos prazos de vig\u00eancia das bolsas de estudo concedidas por ag\u00eancias de fomento \u00e0 pesquisa nos casos de maternidade e de ado\u00e7\u00e3o, e o regulamento do PROEX, Portaria N\u00ba 034\/2006. Seguindo orienta\u00e7\u00f5es da Pr\u00f3-Reitoria de Pesquisa e P\u00f3s-gradua\u00e7\u00e3o da UFPel, a lei \u00e9 adotada tanto para alunas bolsistas, quanto para as n\u00e3o bolsistas. Assim, foi ampliado o direito de prorrogac\u0327a\u0303o de bolsas de 120 dias para 180 dias devido a parto, adoc\u0327a\u0303o ou obtenc\u0327a\u0303o de guarda judicial para fins de adoc\u0327a\u0303o, devendo a data de ini\u0301cio estar contida na vige\u0302ncia da concessa\u0303o e a data de te\u0301rmino podendo ultrapassar o te\u0301rmino da vige\u0302ncia do benefi\u0301cio em ate\u0301 6 meses. As prorroga\u00e7\u00f5es s\u00e3o registradas no sistema SCBA. ara a solicita\u00e7\u00e3o e cadastro da Licen\u00e7a Maternidade, deve-se informar \u00e0 secretaria do Programa: a data de \u201cIn\u00edcio da Licen\u00e7a\u201d e a \u201cDura\u00e7\u00e3o da Licen\u00e7a (em meses), deve ser enviada a Certid\u00e3o de Nascimento e uma justificativa para o pedido de prorroga\u00e7\u00e3o. Inseridas as informa\u00e7\u00f5es no sistema, o \u201cT\u00e9rmino da Licen\u00e7a\u201d, \u201cBolsa Prorrogada At\u00e9\u201d e \u201cPer\u00edodo do pagamento\u201d ser\u00e3o calculados e inseridos automaticamente pelo sistema, caso a\/o discente seja bolsista e o acompanhamento do pedido pode ser feito junto \u00e0 secretaria do Programa (email: secretariappgo@gmail.com).<\/span><\/p>\n<p style=\"text-align: justify;\">\n<\/div>\n<\/div>\n<\/div>\n<\/div>\n<div id=\"pgc-4158-1-1\" class=\"panel-grid-cell\" data-weight=\"0.34371184371184\">\n<div id=\"panel-4158-1-1-0\" class=\"so-panel widget widget_sow-image panel-first-child panel-last-child\" data-index=\"1\" data-style=\"{&quot;background_image_attachment&quot;:false,&quot;background_display&quot;:&quot;tile&quot;,&quot;background_image_size&quot;:&quot;full&quot;,&quot;background_image_opacity&quot;:&quot;100&quot;,&quot;border_thickness&quot;:&quot;1px&quot;}\">[siteorigin_widget class=&#8221;SiteOrigin_Widget_Image_Widget&#8221;]<input type=\"hidden\" value=\"{&quot;instance&quot;:{&quot;image&quot;:4164,&quot;image_fallback&quot;:&quot;&quot;,&quot;size&quot;:&quot;thumbnail&quot;,&quot;size_width&quot;:&quot;&quot;,&quot;size_height&quot;:&quot;&quot;,&quot;size_external&quot;:&quot;custom_size&quot;,&quot;size_external_width&quot;:&quot;&quot;,&quot;size_external_height&quot;:&quot;&quot;,&quot;align&quot;:&quot;default&quot;,&quot;title_align&quot;:&quot;default&quot;,&quot;title&quot;:&quot;&quot;,&quot;title_position&quot;:&quot;hidden&quot;,&quot;alt&quot;:&quot;&quot;,&quot;url&quot;:&quot;&quot;,&quot;bound&quot;:true,&quot;full_width&quot;:true,&quot;rel&quot;:&quot;&quot;,&quot;image_shape&quot;:{&quot;shape&quot;:&quot;circle&quot;,&quot;repeat&quot;:&quot;no-repeat&quot;,&quot;size&quot;:false,&quot;size_unit&quot;:&quot;px&quot;,&quot;alignment&quot;:&quot;center&quot;,&quot;so_field_container_state&quot;:&quot;closed&quot;,&quot;enable&quot;:false},&quot;_sow_form_id&quot;:&quot;16184517116525dd388118d886306926&quot;,&quot;_sow_form_timestamp&quot;:&quot;1696980741173&quot;,&quot;link_title&quot;:false,&quot;new_window&quot;:false,&quot;so_sidebar_emulator_id&quot;:&quot;sow-image-415810001&quot;,&quot;option_name&quot;:&quot;widget_sow-image&quot;},&quot;args&quot;:{&quot;before_widget&quot;:&quot;&lt;div id=\\&quot;panel-4158-1-1-0\\&quot; class=\\&quot;so-panel widget widget_sow-image panel-first-child panel-last-child\\&quot; data-index=\\&quot;1\\&quot; data-style=\\&quot;{&amp;quot;background_image_attachment&amp;quot;:false,&amp;quot;background_display&amp;quot;:&amp;quot;tile&amp;quot;,&amp;quot;background_image_size&amp;quot;:&amp;quot;full&amp;quot;,&amp;quot;background_image_opacity&amp;quot;:&amp;quot;100&amp;quot;,&amp;quot;border_thickness&amp;quot;:&amp;quot;1px&amp;quot;}\\&quot; &gt;&quot;,&quot;after_widget&quot;:&quot;&lt;\\\/div&gt;&quot;,&quot;before_title&quot;:&quot;&lt;h3 class=\\&quot;widget-title\\&quot;&gt;&quot;,&quot;after_title&quot;:&quot;&lt;\\\/h3&gt;&quot;,&quot;widget_id&quot;:&quot;widget-1-1-0&quot;}}\" \/>[\/siteorigin_widget]<\/div>\n<\/div>\n<\/div>\n<\/div>\n","protected":false},"excerpt":{"rendered":"<p>Licen\u00e7a maternidade e\/ou licen\u00e7a adotante O PPGO segue a Lei N\u00ba 13.536, de 15\/12\/2017 e mais recentemente a Lei No 14.925, de 17 de Julho de 2024 que a alterou, as quais disp\u00f5em sobre a prorroga\u00e7\u00e3o dos prazos de vig\u00eancia das bolsas de estudo concedidas por ag\u00eancias de fomento \u00e0 pesquisa nos casos de maternidade [&hellip;]<\/p>\n","protected":false},"author":480,"featured_media":0,"parent":1959,"menu_order":0,"comment_status":"closed","ping_status":"closed","template":"","meta":{"jetpack_post_was_ever_published":false,"footnotes":""},"class_list":["post-4158","page","type-page","status-publish","hentry"],"jetpack_sharing_enabled":true,"jetpack_shortlink":"https:\/\/wp.me\/P9I8SC-154","publishpress_future_action":{"enabled":false,"date":"2026-04-22 06:19:54","action":"change-status","newStatus":"draft","terms":[],"taxonomy":"","extraData":[]},"publishpress_future_workflow_manual_trigger":{"enabledWorkflows":[]},"_links":{"self":[{"href":"https:\/\/wp.ufpel.edu.br\/ppgo\/wp-json\/wp\/v2\/pages\/4158","targetHints":{"allow":["GET"]}}],"collection":[{"href":"https:\/\/wp.ufpel.edu.br\/ppgo\/wp-json\/wp\/v2\/pages"}],"about":[{"href":"https:\/\/wp.ufpel.edu.br\/ppgo\/wp-json\/wp\/v2\/types\/page"}],"author":[{"embeddable":true,"href":"https:\/\/wp.ufpel.edu.br\/ppgo\/wp-json\/wp\/v2\/users\/480"}],"replies":[{"embeddable":true,"href":"https:\/\/wp.ufpel.edu.br\/ppgo\/wp-json\/wp\/v2\/comments?post=4158"}],"version-history":[{"count":10,"href":"https:\/\/wp.ufpel.edu.br\/ppgo\/wp-json\/wp\/v2\/pages\/4158\/revisions"}],"predecessor-version":[{"id":5042,"href":"https:\/\/wp.ufpel.edu.br\/ppgo\/wp-json\/wp\/v2\/pages\/4158\/revisions\/5042"}],"up":[{"embeddable":true,"href":"https:\/\/wp.ufpel.edu.br\/ppgo\/wp-json\/wp\/v2\/pages\/1959"}],"wp:attachment":[{"href":"https:\/\/wp.ufpel.edu.br\/ppgo\/wp-json\/wp\/v2\/media?parent=4158"}],"curies":[{"name":"wp","href":"https:\/\/api.w.org\/{rel}","templated":true}]}}