{"id":325,"date":"2018-03-05T10:04:14","date_gmt":"2018-03-05T13:04:14","guid":{"rendered":"https:\/\/wp.ufpel.edu.br\/ppgo\/?page_id=325"},"modified":"2024-06-03T09:16:11","modified_gmt":"2024-06-03T12:16:11","slug":"historico","status":"publish","type":"page","link":"https:\/\/wp.ufpel.edu.br\/ppgo\/historico\/","title":{"rendered":"Apresenta\u00e7\u00e3o do Programa"},"content":{"rendered":"<div id=\"pl-325\" class=\"panel-layout\">\n<div id=\"pg-325-0\" class=\"panel-grid panel-no-style\" data-style=\"{&quot;background_display&quot;:&quot;tile&quot;,&quot;cell_alignment&quot;:&quot;flex-start&quot;}\">\n<div id=\"pgc-325-0-0\" class=\"panel-grid-cell\" data-weight=\"0.59978070175439\">\n<div id=\"panel-325-0-0-0\" class=\"so-panel widget widget_sow-editor panel-first-child panel-last-child\" data-index=\"0\" data-style=\"{&quot;background_image_attachment&quot;:false,&quot;background_display&quot;:&quot;tile&quot;}\">\n<div class=\"so-widget-sow-editor so-widget-sow-editor-base\">\n<div class=\"siteorigin-widget-tinymce textwidget\">\n<p style=\"text-align: justify;\"><span style=\"font-family: arial, helvetica, sans-serif; font-size: 12pt;\">O Programa de P\u00f3s-Gradua\u00e7\u00e3o em Odontologia (PPGO) da UFPel iniciou como PPG em Endodontia, no ano de 1976. Nos anos 90, foi criada a \u00e1rea de concentra\u00e7\u00e3o Dent\u00edstica e, em 2001, a \u00e1rea de Endodontia foi desativada. Em 2003, foi aprovado o doutorado em Dent\u00edstica,. Em 2006, o PPGO abriu a \u00e1rea de concentra\u00e7\u00e3o Odontopediatria e,\u00a0 a partir de 2009, passou a contar com as \u00e1reas Diagn\u00f3stico Bucal, Materiais Odontol\u00f3gicos e Pr\u00f3tese Dent\u00e1ria, funcionando desta forma at\u00e9 2016. A partir de 2017 e fruto de uma reformula\u00e7\u00e3o did\u00e1tica, organizacional, pedag\u00f3gica e buscando qualifica\u00e7\u00e3o na forma\u00e7\u00e3o discente, o PPGO-UFPel passou a contar com duas \u00e1reas de concentra\u00e7\u00e3o: Cl\u00ednica Odontol\u00f3gica e Biomateriais e Biologia Oral. Ambas \u00e1reas admitem a forma\u00e7\u00e3o com \u00eanfases espec\u00edficas. A partir de 2019, considerando-se a demanda local, o PPGO passa a contar com a \u00eanfase em Cirurgia e Traumatologia Bucomaxilofacial e abre sua\u00a0terceira \u00e1rea de concentra\u00e7\u00e3o, em n\u00edvel de mestrado e doutorado: Sa\u00fade Bucal Coletiva.\u00a0<\/span><\/p>\n<\/div>\n<\/div>\n<\/div>\n<\/div>\n<div id=\"pgc-325-0-1\" class=\"panel-grid-cell\" data-weight=\"0.40021929824561\"><\/div>\n<\/div>\n<div id=\"pg-325-1\" class=\"panel-grid panel-no-style\" data-style=\"{&quot;background_display&quot;:&quot;tile&quot;,&quot;cell_alignment&quot;:&quot;flex-start&quot;}\">\n<div id=\"pgc-325-1-0\" class=\"panel-grid-cell\" data-weight=\"0.32237880730243\">\n<div id=\"panel-325-1-0-0\" class=\"so-panel widget widget_media_image panel-first-child panel-last-child\" data-index=\"2\" data-style=\"{&quot;background_image_attachment&quot;:false,&quot;background_display&quot;:&quot;tile&quot;}\"><span style=\"font-family: arial, helvetica, sans-serif;\"><a href=\"https:\/\/wp.ufpel.edu.br\/ppgo\/files\/2024\/05\/Bertuol-31-scaled.jpg\"><img class=\"alignnone size-large wp-image-4577\" src=\"https:\/\/wp.ufpel.edu.br\/ppgo\/files\/2024\/05\/Bertuol-31-1024x684.jpg\" alt=\"\" width=\"1024\" height=\"684\" srcset=\"https:\/\/wp.ufpel.edu.br\/ppgo\/files\/2024\/05\/Bertuol-31-1024x684.jpg 1024w, https:\/\/wp.ufpel.edu.br\/ppgo\/files\/2024\/05\/Bertuol-31-400x267.jpg 400w, https:\/\/wp.ufpel.edu.br\/ppgo\/files\/2024\/05\/Bertuol-31-768x513.jpg 768w, https:\/\/wp.ufpel.edu.br\/ppgo\/files\/2024\/05\/Bertuol-31-1536x1025.jpg 1536w, https:\/\/wp.ufpel.edu.br\/ppgo\/files\/2024\/05\/Bertuol-31-2048x1367.jpg 2048w\" sizes=\"(max-width: 1024px) 100vw, 1024px\" \/><\/a><\/span><\/div>\n<\/div>\n<div id=\"pgc-325-1-1\" class=\"panel-grid-cell\" data-weight=\"0.67762119269757\">\n<div id=\"panel-325-1-1-0\" class=\"so-panel widget widget_sow-editor panel-first-child panel-last-child\" data-index=\"3\" data-style=\"{&quot;background_image_attachment&quot;:false,&quot;background_display&quot;:&quot;tile&quot;}\">\n<div class=\"so-widget-sow-editor so-widget-sow-editor-base\">\n<div class=\"siteorigin-widget-tinymce textwidget\">\n<p style=\"text-align: justify;\"><span style=\"font-family: arial, helvetica, sans-serif; font-size: 12pt;\">A reestrutura\u00e7\u00e3o teve a finalidade de promover ajustes necess\u00e1rios ao \u00f3timo funcionamento do Programa, aumentar a abrang\u00eancia em termos de capta\u00e7\u00e3o de docentes e forma\u00e7\u00e3o de recursos humanos e, ao mesmo tempo, aumentar a interconectividade entre as \u00e1reas e linhas de pesquisa existentes. Na \u00e1rea de Cl\u00ednica Odontol\u00f3gica, o discente poder\u00e1 ter a forma\u00e7\u00e3o com \u00eanfases dentro das seguintes especialidades odontol\u00f3gicas:\u00a0 Dent\u00edstica e Cariologia, Diagn\u00f3stico Bucal, Endodontia, Odontopediatria, Periodontia e Pr\u00f3tese Dent\u00e1ria. Na \u00e1rea de Biomateriais e Biologia Oral, as seguintes \u00eanfases s\u00e3o admitidas: Materiais Odontol\u00f3gicos, mantendo uma forma\u00e7\u00e3o mais ligada ao ensino e pesquisa na \u00e1rea odontol\u00f3gica, e Inova\u00e7\u00e3o Tecnol\u00f3gica, com maior proximidade com empresas, setor produtivo e pesquisa b\u00e1sica. Essa reestrutura\u00e7\u00e3o visou tamb\u00e9m aproximar a forma\u00e7\u00e3o de recursos humanos pelo PPGO \u00e0s diretrizes nacionais para cursos de gradua\u00e7\u00e3o em Odontologia e ao Projeto Pedag\u00f3gico do Curso de Odontologia da UFPel. Al\u00e9m disso, espera-se poder aprimorar a qualifica\u00e7\u00e3o da forma\u00e7\u00e3o dos recursos humanos para atua\u00e7\u00e3o em diferentes frentes dentro do servi\u00e7o, academia, pesquisa, inova\u00e7\u00e3o, ind\u00fastria, etc.<\/span><\/p>\n<\/div>\n<\/div>\n<\/div>\n<\/div>\n<\/div>\n<div id=\"pg-325-2\" class=\"panel-grid panel-no-style\" data-style=\"{&quot;background_display&quot;:&quot;tile&quot;,&quot;bottom_margin&quot;:&quot;30px&quot;,&quot;gutter&quot;:&quot;30px&quot;,&quot;cell_alignment&quot;:&quot;flex-start&quot;}\" data-ratio=\"0.61803398\" data-ratio-direction=\"right\">\n<div id=\"pgc-325-2-0\" class=\"panel-grid-cell\" data-weight=\"0.61803399209206\">\n<div id=\"panel-325-2-0-0\" class=\"so-panel widget widget_sow-editor panel-first-child panel-last-child\" data-index=\"4\" data-style=\"{&quot;background_image_attachment&quot;:false,&quot;background_display&quot;:&quot;tile&quot;}\">\n<div class=\"so-widget-sow-editor so-widget-sow-editor-base\">\n<div class=\"siteorigin-widget-tinymce textwidget\">\n<p style=\"text-align: justify;\"><span style=\"font-family: arial, helvetica, sans-serif; font-size: 12pt;\">O PPGO constitui hoje refer\u00eancia nacional de pesquisa e p\u00f3s-gradua\u00e7\u00e3o na \u00e1rea de Odontologia e encontra-se em maduro processo de internacionaliza\u00e7\u00e3o. Com isso, manteve a nota 6, atingida por poucos dos mais de 100 PPGs da \u00e1rea. Uma leitura detalhada do parecer da \u00faltima quadrienal indica que o programa atuou de forma competente e preencheu todos os crit\u00e9rios quali e quantitativos considerados relevantes pela \u00e1rea de odontologia da CAPES. Dessa forma, o grupo entende que o trabalho vem sendo feito de forma correta, \u00e0 despeito da enorme dificuldade de faz\u00ea-lo num estado que tem investido pouco em pesquisa.<\/span><\/p>\n<\/div>\n<\/div>\n<\/div>\n<\/div>\n<div id=\"pgc-325-2-1\" class=\"panel-grid-cell\" data-weight=\"0.38196600790794\"><\/div>\n<\/div>\n<div id=\"pg-325-3\" class=\"panel-grid panel-no-style\" data-style=\"{&quot;background_display&quot;:&quot;tile&quot;,&quot;bottom_margin&quot;:&quot;30px&quot;,&quot;gutter&quot;:&quot;30px&quot;,&quot;cell_alignment&quot;:&quot;flex-start&quot;}\" data-ratio=\"0.61803398\" data-ratio-direction=\"left\">\n<div id=\"pgc-325-3-0\" class=\"panel-grid-cell\" data-weight=\"0.38196600790794\">\n<div id=\"panel-325-3-0-0\" class=\"so-panel widget widget_media_image panel-first-child panel-last-child\" data-index=\"6\" data-style=\"{&quot;background_image_attachment&quot;:false,&quot;background_display&quot;:&quot;tile&quot;}\"><span style=\"font-family: arial, helvetica, sans-serif;\"><a href=\"https:\/\/wp.ufpel.edu.br\/ppgo\/files\/2024\/05\/Bertuol-45-scaled.jpg\"><img class=\"alignnone size-large wp-image-4579\" src=\"https:\/\/wp.ufpel.edu.br\/ppgo\/files\/2024\/05\/Bertuol-45-1024x684.jpg\" alt=\"\" width=\"1024\" height=\"684\" srcset=\"https:\/\/wp.ufpel.edu.br\/ppgo\/files\/2024\/05\/Bertuol-45-1024x684.jpg 1024w, https:\/\/wp.ufpel.edu.br\/ppgo\/files\/2024\/05\/Bertuol-45-400x267.jpg 400w, https:\/\/wp.ufpel.edu.br\/ppgo\/files\/2024\/05\/Bertuol-45-768x513.jpg 768w, https:\/\/wp.ufpel.edu.br\/ppgo\/files\/2024\/05\/Bertuol-45-1536x1025.jpg 1536w, https:\/\/wp.ufpel.edu.br\/ppgo\/files\/2024\/05\/Bertuol-45-2048x1367.jpg 2048w\" sizes=\"(max-width: 1024px) 100vw, 1024px\" \/><\/a><\/span><\/div>\n<\/div>\n<div id=\"pgc-325-3-1\" class=\"panel-grid-cell\" data-weight=\"0.61803399209206\">\n<div id=\"panel-325-3-1-0\" class=\"so-panel widget widget_sow-editor panel-first-child panel-last-child\" data-index=\"7\" data-style=\"{&quot;background_image_attachment&quot;:false,&quot;background_display&quot;:&quot;tile&quot;}\">\n<div class=\"so-widget-sow-editor so-widget-sow-editor-base\">\n<div class=\"siteorigin-widget-tinymce textwidget\">\n<p style=\"text-align: justify;\"><span style=\"font-family: arial, helvetica, sans-serif; font-size: 12pt;\"> Ainda, o RS \u00e9 o estado com maior n\u00famero de doutores per capita do pa\u00eds, o que aumenta a competitividade pelo pouco recurso dispon\u00edvel. Soma-se a isso a substancial redu\u00e7\u00e3o dos recursos p\u00fablicos federais nos \u00faltimos anos que foram t\u00e3o importantes para o crescimento e consolida\u00e7\u00e3o do Programa. O grupo do PPGO-UFPel tem sido considerado jovem e com caminho ainda a percorrer; entretanto, os indicadores num\u00e9ricos e qualitativos indicam que o caminho e proje\u00e7\u00e3o trilhados e alcan\u00e7ados pelo Programa s\u00e3o compar\u00e1veis aos grupos e programas localizados em grandes centros. Nos \u00faltimos anos, houve s\u00f3lido processo de amadurecimento de todas as atividades desenvolvidas, de forma a caracterizar um PPG que se preocupe com a forma\u00e7\u00e3o qualificada de recursos humanos por\u00e9m entendendo o papel da p\u00f3s-gradua\u00e7\u00e3o no Brasil no desenvolvimento social, de ci\u00eancia e tecnologia.<\/span><\/p>\n<\/div>\n<\/div>\n<\/div>\n<\/div>\n<\/div>\n<div id=\"pg-325-4\" class=\"panel-grid panel-no-style\" data-style=\"{&quot;background_display&quot;:&quot;tile&quot;,&quot;bottom_margin&quot;:&quot;10px&quot;,&quot;gutter&quot;:&quot;10px&quot;,&quot;cell_alignment&quot;:&quot;flex-start&quot;}\" data-ratio=\"0.61803398\" data-ratio-direction=\"right\">\n<div id=\"pgc-325-4-0\" class=\"panel-grid-cell\" data-weight=\"0.61803399209206\">\n<div id=\"panel-325-4-0-0\" class=\"so-panel widget widget_sow-editor panel-first-child panel-last-child\" data-index=\"8\" data-style=\"{&quot;background_image_attachment&quot;:false,&quot;background_display&quot;:&quot;tile&quot;}\">\n<div class=\"so-widget-sow-editor so-widget-sow-editor-base\">\n<div class=\"siteorigin-widget-tinymce textwidget\">\n<p class=\"gkContent\" style=\"text-align: justify;\"><span style=\"font-family: arial, helvetica, sans-serif; font-size: 12pt;\">\u00c9 importante ressaltar que todos os alunos, durante a realiza\u00e7\u00e3o do est\u00e1gio de doc\u00eancia, t\u00eam assegurados \u00f3timo espa\u00e7o para a forma\u00e7\u00e3o docente, com contato importante dos p\u00f3s-graduandos com alunos de gradua\u00e7\u00e3o. As disciplinas t\u00eam sido formuladas e desenvolvidas de forma a permitir que uma s\u00f3lida forma\u00e7\u00e3o seja assegurada, considerando suas diferen\u00e7as entre os n\u00edveis Mestrado e Doutorado. A reestrutura\u00e7\u00e3o do Programa foi acompanhada de ajustes e moderniza\u00e7\u00e3o das disciplinas ofertadas e modalidades para cumprimento de cr\u00e9ditos. Mesmo considerando as limita\u00e7\u00f5es locais, regionais e de financiamento recente, o PPGO possui excelente infraestrutura de coordena\u00e7\u00e3o, audit\u00f3rio, salas de alunos e laborat\u00f3rios de pesquisa, frutos de diversas reformas realizadas ao longo dos anos e da destacada capacidade do corpo docente em captar recursos financeiros de diferentes fontes.<\/span><\/p>\n<\/div>\n<\/div>\n<\/div>\n<\/div>\n<\/div>\n<\/div>\n","protected":false},"excerpt":{"rendered":"<p>O Programa de P\u00f3s-Gradua\u00e7\u00e3o em Odontologia (PPGO) da UFPel iniciou como PPG em Endodontia, no ano de 1976. Nos anos 90, foi criada a \u00e1rea de concentra\u00e7\u00e3o Dent\u00edstica e, em 2001, a \u00e1rea de Endodontia foi desativada. Em 2003, foi aprovado o doutorado em Dent\u00edstica,. Em 2006, o PPGO abriu a \u00e1rea de concentra\u00e7\u00e3o Odontopediatria [&hellip;]<\/p>\n","protected":false},"author":511,"featured_media":0,"parent":0,"menu_order":0,"comment_status":"closed","ping_status":"closed","template":"","meta":{"jetpack_post_was_ever_published":false,"footnotes":""},"class_list":["post-325","page","type-page","status-publish","hentry"],"jetpack_sharing_enabled":true,"jetpack_shortlink":"https:\/\/wp.me\/P9I8SC-5f","publishpress_future_action":{"enabled":false,"date":"2026-04-21 09:27:11","action":"change-status","newStatus":"draft","terms":[],"taxonomy":"","extraData":[]},"publishpress_future_workflow_manual_trigger":{"enabledWorkflows":[]},"_links":{"self":[{"href":"https:\/\/wp.ufpel.edu.br\/ppgo\/wp-json\/wp\/v2\/pages\/325","targetHints":{"allow":["GET"]}}],"collection":[{"href":"https:\/\/wp.ufpel.edu.br\/ppgo\/wp-json\/wp\/v2\/pages"}],"about":[{"href":"https:\/\/wp.ufpel.edu.br\/ppgo\/wp-json\/wp\/v2\/types\/page"}],"author":[{"embeddable":true,"href":"https:\/\/wp.ufpel.edu.br\/ppgo\/wp-json\/wp\/v2\/users\/511"}],"replies":[{"embeddable":true,"href":"https:\/\/wp.ufpel.edu.br\/ppgo\/wp-json\/wp\/v2\/comments?post=325"}],"version-history":[{"count":32,"href":"https:\/\/wp.ufpel.edu.br\/ppgo\/wp-json\/wp\/v2\/pages\/325\/revisions"}],"predecessor-version":[{"id":4715,"href":"https:\/\/wp.ufpel.edu.br\/ppgo\/wp-json\/wp\/v2\/pages\/325\/revisions\/4715"}],"wp:attachment":[{"href":"https:\/\/wp.ufpel.edu.br\/ppgo\/wp-json\/wp\/v2\/media?parent=325"}],"curies":[{"name":"wp","href":"https:\/\/api.w.org\/{rel}","templated":true}]}}