{"id":2252,"date":"2019-04-03T12:02:30","date_gmt":"2019-04-03T15:02:30","guid":{"rendered":"https:\/\/wp.ufpel.edu.br\/ppgo\/?page_id=2252"},"modified":"2024-06-12T14:36:57","modified_gmt":"2024-06-12T17:36:57","slug":"wellington_rosa","status":"publish","type":"page","link":"https:\/\/wp.ufpel.edu.br\/ppgo\/docentes\/wellington_rosa\/","title":{"rendered":"wellington_rosa"},"content":{"rendered":"<div id=\"pl-2252\" class=\"panel-layout\">\n<div id=\"pg-2252-0\" class=\"panel-grid panel-no-style\" data-style=\"{&quot;background_image_attachment&quot;:false,&quot;background_display&quot;:&quot;tile&quot;,&quot;full_height&quot;:&quot;&quot;,&quot;cell_alignment&quot;:&quot;flex-start&quot;}\">\n<div id=\"pgc-2252-0-0\" class=\"panel-grid-cell\" data-weight=\"0.61803399209206\">\n<div id=\"panel-2252-0-0-0\" class=\"so-panel widget widget_sow-editor panel-first-child panel-last-child\" data-index=\"0\" data-style=\"{&quot;background_image_attachment&quot;:false,&quot;background_display&quot;:&quot;tile&quot;,&quot;background_image_size&quot;:&quot;full&quot;,&quot;background_image_opacity&quot;:&quot;100&quot;,&quot;border_thickness&quot;:&quot;1px&quot;}\">\n<div class=\"so-widget-sow-editor so-widget-sow-editor-base\">\n<div class=\"siteorigin-widget-tinymce textwidget\">\n<div><span style=\"font-family: arial, helvetica, sans-serif;\"><strong><span style=\"font-size: 14pt;\"><span style=\"font-size: 18pt;\">Wellington Luiz de Oliveira da Rosa<\/span><\/span><\/strong><\/span><a href=\"https:\/\/wp.ufpel.edu.br\/ppgo\/files\/2023\/12\/image001.png\"><img class=\"wp-image-4324 alignright\" src=\"https:\/\/wp.ufpel.edu.br\/ppgo\/files\/2023\/12\/image001-987x1024.png\" alt=\"\" width=\"382\" height=\"396\" srcset=\"https:\/\/wp.ufpel.edu.br\/ppgo\/files\/2023\/12\/image001-987x1024.png 987w, https:\/\/wp.ufpel.edu.br\/ppgo\/files\/2023\/12\/image001-386x400.png 386w, https:\/\/wp.ufpel.edu.br\/ppgo\/files\/2023\/12\/image001-768x797.png 768w, https:\/\/wp.ufpel.edu.br\/ppgo\/files\/2023\/12\/image001.png 1282w\" sizes=\"(max-width: 382px) 100vw, 382px\" \/><\/a><\/div>\n<div><span style=\"font-family: arial, helvetica, sans-serif;\"><a href=\"http:\/\/lattes.cnpq.br\/6148503685425416\"><b><img class=\"alignnone wp-image-645\" src=\"https:\/\/wp.ufpel.edu.br\/ppgo\/files\/2018\/03\/lattes.png\" alt=\"\" width=\"51\" height=\"29\" \/><\/b><\/a> \u00a0<a href=\"https:\/\/orcid.org\/0000-0001-6992-3127\"><img class=\"alignnone wp-image-2428\" src=\"https:\/\/wp.ufpel.edu.br\/ppgo\/files\/2019\/10\/ORCID-icon-e1572004983224.png\" alt=\"\" width=\"28\" height=\"28\" \/><\/a> <a href=\"https:\/\/scholar.google.pt\/citations?hl=pt-BR&amp;user=2QeZXNIAAAAJ\"><img class=\"alignnone wp-image-3705\" src=\"https:\/\/wp.ufpel.edu.br\/ppgo\/files\/2023\/09\/kisspng-computer-science-google-scholar-doctor-of-philosop-google-5ad094511a4771.2300740815236188971077.jpg\" alt=\"\" width=\"27\" height=\"27\" srcset=\"https:\/\/wp.ufpel.edu.br\/ppgo\/files\/2023\/09\/kisspng-computer-science-google-scholar-doctor-of-philosop-google-5ad094511a4771.2300740815236188971077.jpg 260w, https:\/\/wp.ufpel.edu.br\/ppgo\/files\/2023\/09\/kisspng-computer-science-google-scholar-doctor-of-philosop-google-5ad094511a4771.2300740815236188971077-200x200.jpg 200w\" sizes=\"(max-width: 27px) 100vw, 27px\" \/><\/a> <a href=\"https:\/\/www.webofscience.com\/wos\/author\/record\/984513\"><img class=\"alignnone wp-image-3724\" src=\"https:\/\/wp.ufpel.edu.br\/ppgo\/files\/2023\/09\/3a2304e4-ef4f-4e12-ad2f-e43fab16210f.jpg\" alt=\"\" width=\"29\" height=\"29\" srcset=\"https:\/\/wp.ufpel.edu.br\/ppgo\/files\/2023\/09\/3a2304e4-ef4f-4e12-ad2f-e43fab16210f.jpg 225w, https:\/\/wp.ufpel.edu.br\/ppgo\/files\/2023\/09\/3a2304e4-ef4f-4e12-ad2f-e43fab16210f-200x200.jpg 200w\" sizes=\"(max-width: 29px) 100vw, 29px\" \/><\/a> <a href=\"https:\/\/www.scopus.com\/authid\/detail.uri?authorId=55920429900\"><img class=\"alignnone wp-image-3894\" src=\"https:\/\/wp.ufpel.edu.br\/ppgo\/files\/2023\/09\/download.png\" alt=\"\" width=\"28\" height=\"28\" srcset=\"https:\/\/wp.ufpel.edu.br\/ppgo\/files\/2023\/09\/download.png 225w, https:\/\/wp.ufpel.edu.br\/ppgo\/files\/2023\/09\/download-200x200.png 200w\" sizes=\"(max-width: 28px) 100vw, 28px\" \/><\/a><\/span><\/div>\n<div style=\"text-align: left;\"><span style=\"font-family: arial, helvetica, sans-serif; font-size: 12pt;\"><strong>Forma\u00e7\u00e3o:<\/strong>\u00a0Doutor em Biomateriais e Biologia Oral com \u00eanfase em Materiais Odontol\u00f3gicos (PPGO, UFPel\/RS), mestre em Dent\u00edstica (PPGO, UFPel\/RS) e especialista (MBA) em Gest\u00e3o Estrat\u00e9gica de Neg\u00f3cios (UFPel\/RS).<\/span><\/div>\n<div style=\"text-align: left;\"><\/div>\n<div style=\"text-align: left;\"><span style=\"font-family: arial, helvetica, sans-serif; font-size: 12pt;\"><strong>Linha de pesquisa:<\/strong>\u00a0Biocompatibilidade e investiga\u00e7\u00e3o de materiais bioativos; Engenharia Tecidual; Propriedade Intelectual; Desenvolvimento, controle e caracteriza\u00e7\u00e3o de Biomateriais.<\/span><\/div>\n<div style=\"text-align: left;\"><\/div>\n<div style=\"text-align: left;\"><span style=\"font-family: arial, helvetica, sans-serif; font-size: 12pt;\"><strong>\u00c1rea de atua\u00e7\u00e3o:<\/strong>\u00a0Atua nas \u00e1reas de Engenharia Biom\u00e9dica, desenvolvimento e avalia\u00e7\u00e3o de biomateriais odontol\u00f3gicos, engenharia tecidual e propriedade intelectual.<\/span><\/div>\n<\/div>\n<\/div>\n<\/div>\n<\/div>\n<\/div>\n<\/div>\n","protected":false},"excerpt":{"rendered":"<p>Wellington Luiz de Oliveira da Rosa \u00a0 Forma\u00e7\u00e3o:\u00a0Doutor em Biomateriais e Biologia Oral com \u00eanfase em Materiais Odontol\u00f3gicos (PPGO, UFPel\/RS), mestre em Dent\u00edstica (PPGO, UFPel\/RS) e especialista (MBA) em Gest\u00e3o Estrat\u00e9gica de Neg\u00f3cios (UFPel\/RS). Linha de pesquisa:\u00a0Biocompatibilidade e investiga\u00e7\u00e3o de materiais bioativos; Engenharia Tecidual; Propriedade Intelectual; Desenvolvimento, controle e caracteriza\u00e7\u00e3o de Biomateriais. \u00c1rea de atua\u00e7\u00e3o:\u00a0Atua [&hellip;]<\/p>\n","protected":false},"author":511,"featured_media":0,"parent":350,"menu_order":0,"comment_status":"closed","ping_status":"closed","template":"","meta":{"jetpack_post_was_ever_published":false,"footnotes":""},"class_list":["post-2252","page","type-page","status-publish","hentry"],"jetpack_sharing_enabled":true,"jetpack_shortlink":"https:\/\/wp.me\/P9I8SC-Ak","publishpress_future_action":{"enabled":false,"date":"2026-04-22 03:42:43","action":"change-status","newStatus":"draft","terms":[],"taxonomy":"","extraData":[]},"publishpress_future_workflow_manual_trigger":{"enabledWorkflows":[]},"_links":{"self":[{"href":"https:\/\/wp.ufpel.edu.br\/ppgo\/wp-json\/wp\/v2\/pages\/2252","targetHints":{"allow":["GET"]}}],"collection":[{"href":"https:\/\/wp.ufpel.edu.br\/ppgo\/wp-json\/wp\/v2\/pages"}],"about":[{"href":"https:\/\/wp.ufpel.edu.br\/ppgo\/wp-json\/wp\/v2\/types\/page"}],"author":[{"embeddable":true,"href":"https:\/\/wp.ufpel.edu.br\/ppgo\/wp-json\/wp\/v2\/users\/511"}],"replies":[{"embeddable":true,"href":"https:\/\/wp.ufpel.edu.br\/ppgo\/wp-json\/wp\/v2\/comments?post=2252"}],"version-history":[{"count":15,"href":"https:\/\/wp.ufpel.edu.br\/ppgo\/wp-json\/wp\/v2\/pages\/2252\/revisions"}],"predecessor-version":[{"id":4809,"href":"https:\/\/wp.ufpel.edu.br\/ppgo\/wp-json\/wp\/v2\/pages\/2252\/revisions\/4809"}],"up":[{"embeddable":true,"href":"https:\/\/wp.ufpel.edu.br\/ppgo\/wp-json\/wp\/v2\/pages\/350"}],"wp:attachment":[{"href":"https:\/\/wp.ufpel.edu.br\/ppgo\/wp-json\/wp\/v2\/media?parent=2252"}],"curies":[{"name":"wp","href":"https:\/\/api.w.org\/{rel}","templated":true}]}}