{"id":1797,"date":"2018-04-24T14:59:29","date_gmt":"2018-04-24T17:59:29","guid":{"rendered":"https:\/\/wp.ufpel.edu.br\/ppgo\/?page_id=1797"},"modified":"2018-04-24T14:59:29","modified_gmt":"2018-04-24T17:59:29","slug":"contacto","status":"publish","type":"page","link":"https:\/\/wp.ufpel.edu.br\/ppgo\/contacto\/","title":{"rendered":"Contacto"},"content":{"rendered":"<p>Celaniro Borges de Farias J\u00fanior<br \/>\n<em>T\u00e9cnico-Administrativo &#8211; Secretario<\/em><\/p>\n<p>secretariappgo@gmail.com<\/p>\n<p>Programa de Postgrado en Odontolog\u00eda &#8211; FO-UFPel<br \/>\nRua Gon\u00e7alves Chaves 457 &#8211; Centro, Pelotas &#8211; RS &#8211; Brasil &#8211; 96015-560<br \/>\nTel \/ Fax +55 53 3225.6741 Ramal 2831<\/p>\n","protected":false},"excerpt":{"rendered":"<p>Celaniro Borges de Farias J\u00fanior T\u00e9cnico-Administrativo &#8211; Secretario secretariappgo@gmail.com Programa de Postgrado en Odontolog\u00eda &#8211; FO-UFPel Rua Gon\u00e7alves Chaves 457 &#8211; Centro, Pelotas &#8211; RS &#8211; Brasil &#8211; 96015-560 Tel \/ Fax +55 53 3225.6741 Ramal 2831<\/p>\n","protected":false},"author":511,"featured_media":0,"parent":0,"menu_order":0,"comment_status":"closed","ping_status":"closed","template":"","meta":{"jetpack_post_was_ever_published":false,"footnotes":""},"class_list":["post-1797","page","type-page","status-publish","hentry"],"jetpack_sharing_enabled":true,"jetpack_shortlink":"https:\/\/wp.me\/P9I8SC-sZ","publishpress_future_action":{"enabled":false,"date":"2026-04-22 04:05:53","action":"change-status","newStatus":"draft","terms":[],"taxonomy":"","extraData":[]},"publishpress_future_workflow_manual_trigger":{"enabledWorkflows":[]},"_links":{"self":[{"href":"https:\/\/wp.ufpel.edu.br\/ppgo\/wp-json\/wp\/v2\/pages\/1797","targetHints":{"allow":["GET"]}}],"collection":[{"href":"https:\/\/wp.ufpel.edu.br\/ppgo\/wp-json\/wp\/v2\/pages"}],"about":[{"href":"https:\/\/wp.ufpel.edu.br\/ppgo\/wp-json\/wp\/v2\/types\/page"}],"author":[{"embeddable":true,"href":"https:\/\/wp.ufpel.edu.br\/ppgo\/wp-json\/wp\/v2\/users\/511"}],"replies":[{"embeddable":true,"href":"https:\/\/wp.ufpel.edu.br\/ppgo\/wp-json\/wp\/v2\/comments?post=1797"}],"version-history":[{"count":2,"href":"https:\/\/wp.ufpel.edu.br\/ppgo\/wp-json\/wp\/v2\/pages\/1797\/revisions"}],"predecessor-version":[{"id":1799,"href":"https:\/\/wp.ufpel.edu.br\/ppgo\/wp-json\/wp\/v2\/pages\/1797\/revisions\/1799"}],"wp:attachment":[{"href":"https:\/\/wp.ufpel.edu.br\/ppgo\/wp-json\/wp\/v2\/media?parent=1797"}],"curies":[{"name":"wp","href":"https:\/\/api.w.org\/{rel}","templated":true}]}}