{"id":1599,"date":"2018-04-16T16:33:00","date_gmt":"2018-04-16T19:33:00","guid":{"rendered":"https:\/\/wp.ufpel.edu.br\/ppgo\/?page_id=1599"},"modified":"2018-04-24T10:15:52","modified_gmt":"2018-04-24T13:15:52","slug":"perfil-do-egresso","status":"publish","type":"page","link":"https:\/\/wp.ufpel.edu.br\/ppgo\/perfil-do-egresso\/","title":{"rendered":"Perfil do egresso"},"content":{"rendered":"<div id=\"pl-1599\" class=\"panel-layout\">\n<div id=\"pg-1599-0\" class=\"panel-grid panel-has-style\">\n<div class=\"siteorigin-panels-stretch panel-row-style-full-width panel-row-style panel-row-style-for-1599-0\">\n<div id=\"pgc-1599-0-0\" class=\"panel-grid-cell\">\n<div id=\"panel-1599-0-0-0\" class=\"so-panel widget widget_sow-hero panel-first-child panel-last-child\">[siteorigin_widget class=&#8221;SiteOrigin_Widget_Hero_Widget&#8221;][\/siteorigin_widget]<\/div>\n<\/div>\n<\/div>\n<\/div>\n<div id=\"pg-1599-1\" class=\"panel-grid panel-has-style\">\n<div class=\"siteorigin-panels-stretch panel-row-style-full-width panel-row-style panel-row-style-for-1599-1\" style=\"background-color: #ffffff\">\n<div id=\"pgc-1599-1-0\" class=\"panel-grid-cell\">\n<div id=\"panel-1599-1-0-0\" class=\"so-panel widget widget_sow-headline panel-first-child\">[siteorigin_widget class=&#8221;SiteOrigin_Widget_Headline_Widget&#8221;][\/siteorigin_widget]<\/div>\n<div id=\"panel-1599-1-0-1\" class=\"so-panel widget widget_sow-editor panel-last-child\">\n<div class=\"so-widget-sow-editor so-widget-sow-editor-base\">\n<div class=\"siteorigin-widget-tinymce textwidget\">\n<p style=\"text-align: justify\"><span style=\"font-family: georgia, palatino, serif;font-size: 12pt\">\u00c9 desej\u00e1vel que a rela\u00e7\u00e3o professor-aluno seja qualificada, n\u00e3o apenas como simples reprodu\u00e7\u00e3o de informa\u00e7\u00e3o, mas como processo ativo em que ambos sejam protagonistas da constru\u00e7\u00e3o do conhecimento, mantendo a cabe\u00e7a aberta para as r\u00e1pidas mudan\u00e7as que o mundo digital e os diferentes perfis das novas gera\u00e7\u00f5es de alunos. Ao mesmo tempo, esses novos mestres dever\u00e3o estar aptos a participar deste processo por meio da capacidade de identificar problemas de relev\u00e2ncia para pesquisa, da pr\u00e1tica odontol\u00f3gica qualificada e do dom\u00ednio das ferramentas essenciais para o desenvolvimento de atividades de pesquisa. Esses novos mestres dever\u00e3o ter conhecimento na \u00e1rea espec\u00edfica e atuarem como formadores de opini\u00e3o, tornando-os aptos a oferecer aos alunos o que de melhor houver em termos de t\u00e9cnicas, materiais e tecnologia.<\/span><\/p>\n<\/div>\n<\/div>\n<\/div>\n<\/div>\n<div id=\"pgc-1599-1-1\" class=\"panel-grid-cell panel-grid-cell-empty\"><\/div>\n<div id=\"pgc-1599-1-2\" class=\"panel-grid-cell\">\n<div id=\"panel-1599-1-2-0\" class=\"so-panel widget widget_sow-headline panel-first-child\">[siteorigin_widget class=&#8221;SiteOrigin_Widget_Headline_Widget&#8221;][\/siteorigin_widget]<\/div>\n<div id=\"panel-1599-1-2-1\" class=\"so-panel widget widget_sow-editor panel-last-child\">\n<div class=\"so-widget-sow-editor so-widget-sow-editor-base\">\n<div class=\"siteorigin-widget-tinymce textwidget\">\n<p style=\"text-align: justify\"><span style=\"font-family: georgia, palatino, serif;font-size: 12pt\">A proposta \u00e9 englobar o que se projeta para o mestrado aprofundando as atividades de pesquisa por meio de disciplinas voltadas \u00e0 discuss\u00e3o de metodologias que possam ser aplicadas ao desenvolvimento de novos projetos e resultar em inova\u00e7\u00e3o cient\u00edfico-tecnol\u00f3gica e\/ou provocar impacto na qualidade dos servi\u00e7os de sa\u00fade em odontologia, al\u00e9m de aprimoramento de materiais e t\u00e9cnicas. Espera-se que os doutores formados possuam habilidade e compet\u00eancia para nuclear-se em centros de pesquisa, universidades ou empresas no Brasil ou no exterior, formando novos grupos de pesquisa e desenvolvendo atividades de ponta em produ\u00e7\u00e3o do conhecimento e forma\u00e7\u00e3o de recursos humanos. O programa fomenta a ideia de que boas cabe\u00e7as s\u00e3o mais importantes do que dom\u00ednios pontuais de t\u00e9cnicas anal\u00edticas, por exemplo, procurando manter o egresso aberto a desenvolver novas frentes de atua\u00e7\u00e3o em seus locais de fixa\u00e7\u00e3o futura.<\/span><\/p>\n<\/div>\n<\/div>\n<\/div>\n<\/div>\n<\/div>\n<\/div>\n<\/div>\n","protected":false},"excerpt":{"rendered":"<p>[siteorigin_widget class=&#8221;SiteOrigin_Widget_Hero_Widget&#8221;][\/siteorigin_widget] [siteorigin_widget class=&#8221;SiteOrigin_Widget_Headline_Widget&#8221;][\/siteorigin_widget] \u00c9 desej\u00e1vel que a rela\u00e7\u00e3o professor-aluno seja qualificada, n\u00e3o apenas como simples reprodu\u00e7\u00e3o de informa\u00e7\u00e3o, mas como processo ativo em que ambos sejam protagonistas da constru\u00e7\u00e3o do conhecimento, mantendo a cabe\u00e7a aberta para as r\u00e1pidas mudan\u00e7as que o mundo digital e os diferentes perfis das novas gera\u00e7\u00f5es de alunos. Ao mesmo [&hellip;]<\/p>\n","protected":false},"author":511,"featured_media":0,"parent":0,"menu_order":0,"comment_status":"closed","ping_status":"closed","template":"","meta":{"jetpack_post_was_ever_published":false,"footnotes":""},"class_list":["post-1599","page","type-page","status-publish","hentry"],"jetpack_sharing_enabled":true,"jetpack_shortlink":"https:\/\/wp.me\/P9I8SC-pN","publishpress_future_action":{"enabled":false,"date":"2026-04-22 11:39:17","action":"change-status","newStatus":"draft","terms":[],"taxonomy":"","extraData":[]},"publishpress_future_workflow_manual_trigger":{"enabledWorkflows":[]},"_links":{"self":[{"href":"https:\/\/wp.ufpel.edu.br\/ppgo\/wp-json\/wp\/v2\/pages\/1599","targetHints":{"allow":["GET"]}}],"collection":[{"href":"https:\/\/wp.ufpel.edu.br\/ppgo\/wp-json\/wp\/v2\/pages"}],"about":[{"href":"https:\/\/wp.ufpel.edu.br\/ppgo\/wp-json\/wp\/v2\/types\/page"}],"author":[{"embeddable":true,"href":"https:\/\/wp.ufpel.edu.br\/ppgo\/wp-json\/wp\/v2\/users\/511"}],"replies":[{"embeddable":true,"href":"https:\/\/wp.ufpel.edu.br\/ppgo\/wp-json\/wp\/v2\/comments?post=1599"}],"version-history":[{"count":12,"href":"https:\/\/wp.ufpel.edu.br\/ppgo\/wp-json\/wp\/v2\/pages\/1599\/revisions"}],"predecessor-version":[{"id":1730,"href":"https:\/\/wp.ufpel.edu.br\/ppgo\/wp-json\/wp\/v2\/pages\/1599\/revisions\/1730"}],"wp:attachment":[{"href":"https:\/\/wp.ufpel.edu.br\/ppgo\/wp-json\/wp\/v2\/media?parent=1599"}],"curies":[{"name":"wp","href":"https:\/\/api.w.org\/{rel}","templated":true}]}}