{"id":1595,"date":"2018-04-16T16:31:20","date_gmt":"2018-04-16T19:31:20","guid":{"rendered":"https:\/\/wp.ufpel.edu.br\/ppgo\/?page_id=1595"},"modified":"2018-04-17T11:57:25","modified_gmt":"2018-04-17T14:57:25","slug":"objetivos","status":"publish","type":"page","link":"https:\/\/wp.ufpel.edu.br\/ppgo\/objetivos\/","title":{"rendered":"Objetivos"},"content":{"rendered":"<div id=\"pl-1595\" class=\"panel-layout\">\n<div id=\"pg-1595-0\" class=\"panel-grid panel-no-style\">\n<div id=\"pgc-1595-0-0\" class=\"panel-grid-cell\">\n<div id=\"panel-1595-0-0-0\" class=\"so-panel widget widget_siteorigin-panels-builder panel-first-child panel-last-child\">\n<div id=\"pl-w5ad60b55c7fce\" class=\"panel-layout\">\n<div id=\"pg-w5ad60b55c7fce-0\" class=\"panel-grid panel-has-style\">\n<div class=\"siteorigin-panels-stretch panel-row-style-full-width panel-row-style panel-row-style-for-w5ad60b55c7fce-0\">\n<div id=\"pgc-w5ad60b55c7fce-0-0\" class=\"panel-grid-cell\">\n<div id=\"panel-w5ad60b55c7fce-0-0-0\" class=\"so-panel widget widget_sow-hero panel-first-child panel-last-child\">\n<div class=\"panel-widget-style panel-widget-style-for-w5ad60b55c7fce-0-0-0\">[siteorigin_widget class=&#8221;SiteOrigin_Widget_Hero_Widget&#8221;][\/siteorigin_widget]<\/div>\n<\/div>\n<\/div>\n<\/div>\n<\/div>\n<div id=\"pg-w5ad60b55c7fce-1\" class=\"panel-grid panel-has-style\">\n<div class=\"siteorigin-panels-stretch panel-row-style-full-width panel-row-style panel-row-style-for-w5ad60b55c7fce-1\">\n<div id=\"pgc-w5ad60b55c7fce-1-0\" class=\"panel-grid-cell panel-grid-cell-empty\"><\/div>\n<div id=\"pgc-w5ad60b55c7fce-1-1\" class=\"panel-grid-cell panel-grid-cell-mobile-last\">\n<div id=\"panel-w5ad60b55c7fce-1-1-0\" class=\"so-panel widget widget_sow-editor panel-first-child panel-last-child\">\n<div class=\"so-widget-sow-editor so-widget-sow-editor-base\">\n<div class=\"siteorigin-widget-tinymce textwidget\">\n<p style=\"text-align: justify\">O objetivo do programa \u00e9 formar mestres e doutores com s\u00f3lida qualifica\u00e7\u00e3o profissional e base cient\u00edfica, capacidade de pensamento cr\u00edtico e de tomada de decis\u00f5es com base em evid\u00eancia, contextualizadas num cen\u00e1rio local e global, permitindo transforma\u00e7\u00e3o da realidade social que os cerca.<\/p>\n<p style=\"text-align: justify\">O objetivo espec\u00edfico das \u00e1reas de concentra\u00e7\u00e3o dentro do programa \u00e9 formar recursos humanos qualificados na \u00e1rea, que estejam atualizados profissionalmente e instrumentalizados para enfrentar o desafio de participar ativamente do processo ensino-aprendizagem, na constru\u00e7\u00e3o de conhecimento baseado em evid\u00eancias e na qualifica\u00e7\u00e3o do servi\u00e7o que futuramente fa\u00e7am parte. A forma\u00e7\u00e3o do aluno deve estimular tamb\u00e9m a divulga\u00e7\u00e3o cient\u00edfica e o est\u00edmulo a publica\u00e7\u00f5es do conhecimento produzido em peri\u00f3dicos qualificados, al\u00e9m da capacidade de agir como transformador social.<\/p>\n<\/div>\n<\/div>\n<\/div>\n<\/div>\n<div id=\"pgc-w5ad60b55c7fce-1-2\" class=\"panel-grid-cell panel-grid-cell-empty\"><\/div>\n<\/div>\n<\/div>\n<\/div>\n<\/div>\n<\/div>\n<\/div>\n<\/div>\n","protected":false},"excerpt":{"rendered":"<p>[siteorigin_widget class=&#8221;SiteOrigin_Widget_Hero_Widget&#8221;][\/siteorigin_widget] O objetivo do programa \u00e9 formar mestres e doutores com s\u00f3lida qualifica\u00e7\u00e3o profissional e base cient\u00edfica, capacidade de pensamento cr\u00edtico e de tomada de decis\u00f5es com base em evid\u00eancia, contextualizadas num cen\u00e1rio local e global, permitindo transforma\u00e7\u00e3o da realidade social que os cerca. O objetivo espec\u00edfico das \u00e1reas de concentra\u00e7\u00e3o dentro do programa [&hellip;]<\/p>\n","protected":false},"author":511,"featured_media":0,"parent":0,"menu_order":0,"comment_status":"closed","ping_status":"closed","template":"","meta":{"jetpack_post_was_ever_published":false,"footnotes":""},"class_list":["post-1595","page","type-page","status-publish","hentry"],"jetpack_sharing_enabled":true,"jetpack_shortlink":"https:\/\/wp.me\/P9I8SC-pJ","publishpress_future_action":{"enabled":false,"date":"2026-04-22 03:23:04","action":"change-status","newStatus":"draft","terms":[],"taxonomy":"","extraData":[]},"publishpress_future_workflow_manual_trigger":{"enabledWorkflows":[]},"_links":{"self":[{"href":"https:\/\/wp.ufpel.edu.br\/ppgo\/wp-json\/wp\/v2\/pages\/1595","targetHints":{"allow":["GET"]}}],"collection":[{"href":"https:\/\/wp.ufpel.edu.br\/ppgo\/wp-json\/wp\/v2\/pages"}],"about":[{"href":"https:\/\/wp.ufpel.edu.br\/ppgo\/wp-json\/wp\/v2\/types\/page"}],"author":[{"embeddable":true,"href":"https:\/\/wp.ufpel.edu.br\/ppgo\/wp-json\/wp\/v2\/users\/511"}],"replies":[{"embeddable":true,"href":"https:\/\/wp.ufpel.edu.br\/ppgo\/wp-json\/wp\/v2\/comments?post=1595"}],"version-history":[{"count":16,"href":"https:\/\/wp.ufpel.edu.br\/ppgo\/wp-json\/wp\/v2\/pages\/1595\/revisions"}],"predecessor-version":[{"id":1653,"href":"https:\/\/wp.ufpel.edu.br\/ppgo\/wp-json\/wp\/v2\/pages\/1595\/revisions\/1653"}],"wp:attachment":[{"href":"https:\/\/wp.ufpel.edu.br\/ppgo\/wp-json\/wp\/v2\/media?parent=1595"}],"curies":[{"name":"wp","href":"https:\/\/api.w.org\/{rel}","templated":true}]}}