{"id":1247,"date":"2018-04-04T17:41:43","date_gmt":"2018-04-04T20:41:43","guid":{"rendered":"https:\/\/wp.ufpel.edu.br\/ppgo\/?page_id=1247"},"modified":"2024-06-03T10:26:19","modified_gmt":"2024-06-03T13:26:19","slug":"marquito_pra_ti","status":"publish","type":"page","link":"https:\/\/wp.ufpel.edu.br\/ppgo\/docentes\/marquito_pra_ti\/","title":{"rendered":"marquito_pra_ti"},"content":{"rendered":"<div id=\"pl-1247\" class=\"panel-layout\">\n<div id=\"pg-1247-0\" class=\"panel-grid panel-no-style\" data-style=\"{&quot;background_display&quot;:&quot;tile&quot;,&quot;full_height&quot;:&quot;&quot;,&quot;cell_alignment&quot;:&quot;flex-start&quot;}\">\n<div id=\"pgc-1247-0-0\" class=\"panel-grid-cell\" data-weight=\"0.61803399209206\">\n<div id=\"panel-1247-0-0-0\" class=\"so-panel widget widget_sow-editor panel-first-child panel-last-child\" data-index=\"0\" data-style=\"{&quot;background_image_attachment&quot;:false,&quot;background_display&quot;:&quot;tile&quot;,&quot;background_image_size&quot;:&quot;full&quot;,&quot;background_image_opacity&quot;:&quot;100&quot;,&quot;border_thickness&quot;:&quot;1px&quot;}\">\n<div class=\"so-widget-sow-editor so-widget-sow-editor-base\">\n<div class=\"siteorigin-widget-tinymce textwidget\">\n<p style=\"text-align: justify;\"><span style=\"font-family: arial, helvetica, sans-serif; font-size: 14pt;\"><strong><span style=\"font-size: 18pt;\">Marcos Britto Correa<\/span><\/strong><\/span><\/p>\n<p style=\"text-align: justify;\"><span style=\"font-family: arial, helvetica, sans-serif;\"><a href=\"https:\/\/wp.ufpel.edu.br\/ppgo\/files\/2022\/05\/Marcos.jpeg\"><img class=\"wp-image-3307 alignright\" src=\"https:\/\/wp.ufpel.edu.br\/ppgo\/files\/2022\/05\/Marcos.jpeg\" alt=\"\" width=\"372\" height=\"372\" srcset=\"https:\/\/wp.ufpel.edu.br\/ppgo\/files\/2022\/05\/Marcos.jpeg 640w, https:\/\/wp.ufpel.edu.br\/ppgo\/files\/2022\/05\/Marcos-400x400.jpeg 400w, https:\/\/wp.ufpel.edu.br\/ppgo\/files\/2022\/05\/Marcos-200x200.jpeg 200w\" sizes=\"(max-width: 372px) 100vw, 372px\" \/><\/a><a href=\"http:\/\/lattes.cnpq.br\/2964823666813554\"><img class=\"alignnone wp-image-645\" src=\"https:\/\/wp.ufpel.edu.br\/ppgo\/files\/2018\/03\/lattes.png\" alt=\"\" width=\"51\" height=\"29\" \/><\/a> \u00a0<a href=\"https:\/\/orcid.org\/0000-0002-1797-3541\"><img class=\"alignnone wp-image-2428\" src=\"https:\/\/wp.ufpel.edu.br\/ppgo\/files\/2019\/10\/ORCID-icon-e1572004983224.png\" alt=\"\" width=\"29\" height=\"29\" \/><\/a> <a href=\"https:\/\/scholar.google.pt\/citations?hl=pt-BR&amp;user=HS8_BzEAAAAJ\"><img class=\"alignnone wp-image-3705\" src=\"https:\/\/wp.ufpel.edu.br\/ppgo\/files\/2023\/09\/kisspng-computer-science-google-scholar-doctor-of-philosop-google-5ad094511a4771.2300740815236188971077.jpg\" alt=\"\" width=\"29\" height=\"29\" srcset=\"https:\/\/wp.ufpel.edu.br\/ppgo\/files\/2023\/09\/kisspng-computer-science-google-scholar-doctor-of-philosop-google-5ad094511a4771.2300740815236188971077.jpg 260w, https:\/\/wp.ufpel.edu.br\/ppgo\/files\/2023\/09\/kisspng-computer-science-google-scholar-doctor-of-philosop-google-5ad094511a4771.2300740815236188971077-200x200.jpg 200w\" sizes=\"(max-width: 29px) 100vw, 29px\" \/><\/a> <a href=\"https:\/\/www.webofscience.com\/wos\/author\/record\/421873\"><img class=\"alignnone wp-image-3724\" src=\"https:\/\/wp.ufpel.edu.br\/ppgo\/files\/2023\/09\/3a2304e4-ef4f-4e12-ad2f-e43fab16210f.jpg\" alt=\"\" width=\"28\" height=\"28\" srcset=\"https:\/\/wp.ufpel.edu.br\/ppgo\/files\/2023\/09\/3a2304e4-ef4f-4e12-ad2f-e43fab16210f.jpg 225w, https:\/\/wp.ufpel.edu.br\/ppgo\/files\/2023\/09\/3a2304e4-ef4f-4e12-ad2f-e43fab16210f-200x200.jpg 200w\" sizes=\"(max-width: 28px) 100vw, 28px\" \/><\/a> <a href=\"https:\/\/www.scopus.com\/authid\/detail.uri?authorId=26025115300\"><img class=\"alignnone wp-image-3894\" src=\"https:\/\/wp.ufpel.edu.br\/ppgo\/files\/2023\/09\/download.png\" alt=\"\" width=\"28\" height=\"28\" srcset=\"https:\/\/wp.ufpel.edu.br\/ppgo\/files\/2023\/09\/download.png 225w, https:\/\/wp.ufpel.edu.br\/ppgo\/files\/2023\/09\/download-200x200.png 200w\" sizes=\"(max-width: 28px) 100vw, 28px\" \/><\/a><\/span><\/p>\n<p style=\"text-align: justify;\"><span style=\"font-family: arial, helvetica, sans-serif; font-size: 12pt;\"><strong>Forma\u00e7\u00e3o:<\/strong> Doutor e Mestre em Odontologia, \u00c1rea de concentra\u00e7\u00e3o em Dent\u00edstica, pelo Programa de P\u00f3s Gradua\u00e7\u00e3o em Odontologia da Universidade Federal de Pelotas. Realizou P\u00f3s-Doutorado em Epidemiologia pelo Programa de P\u00f3s-Gradua\u00e7\u00e3o em Epidemiologia da UFPel.<\/span><\/p>\n<p style=\"text-align: justify;\"><span style=\"font-family: arial, helvetica, sans-serif; font-size: 12pt;\"><strong>Linhas de pesquisa:<\/strong> Estudos epidemiol\u00f3gicos, com enfoque em determinantes sociais das condi\u00e7\u00f5es de sa\u00fade bucal; Estudos de coorte, ciclo vital; Longevidade de restaura\u00e7\u00f5es, com foco em fatores relacionados aos indiv\u00edduos e aos profissionais; Odontologia do esporte.<\/span><\/p>\n<p style=\"text-align: justify;\"><span style=\"font-family: arial, helvetica, sans-serif; font-size: 12pt;\"><strong>\u00c1rea de atua\u00e7\u00e3o:<\/strong> Tem experi\u00eancia na \u00e1rea de Odontologia atuando principalmente na \u00e1rea de estudos epidemiol\u00f3gicos, condi\u00e7\u00f5es de sa\u00fade bucal das popula\u00e7\u00f5es e longevidade das restaura\u00e7\u00f5es.<\/span><\/p>\n<\/div>\n<\/div>\n<\/div>\n<\/div>\n<\/div>\n<\/div>\n","protected":false},"excerpt":{"rendered":"<p>Marcos Britto Correa \u00a0 Forma\u00e7\u00e3o: Doutor e Mestre em Odontologia, \u00c1rea de concentra\u00e7\u00e3o em Dent\u00edstica, pelo Programa de P\u00f3s Gradua\u00e7\u00e3o em Odontologia da Universidade Federal de Pelotas. Realizou P\u00f3s-Doutorado em Epidemiologia pelo Programa de P\u00f3s-Gradua\u00e7\u00e3o em Epidemiologia da UFPel. Linhas de pesquisa: Estudos epidemiol\u00f3gicos, com enfoque em determinantes sociais das condi\u00e7\u00f5es de sa\u00fade bucal; Estudos [&hellip;]<\/p>\n","protected":false},"author":511,"featured_media":0,"parent":350,"menu_order":0,"comment_status":"closed","ping_status":"closed","template":"","meta":{"jetpack_post_was_ever_published":false,"footnotes":""},"class_list":["post-1247","page","type-page","status-publish","hentry"],"jetpack_sharing_enabled":true,"jetpack_shortlink":"https:\/\/wp.me\/P9I8SC-k7","publishpress_future_action":{"enabled":false,"date":"2026-04-22 13:22:04","action":"change-status","newStatus":"draft","terms":[],"taxonomy":"","extraData":[]},"publishpress_future_workflow_manual_trigger":{"enabledWorkflows":[]},"_links":{"self":[{"href":"https:\/\/wp.ufpel.edu.br\/ppgo\/wp-json\/wp\/v2\/pages\/1247","targetHints":{"allow":["GET"]}}],"collection":[{"href":"https:\/\/wp.ufpel.edu.br\/ppgo\/wp-json\/wp\/v2\/pages"}],"about":[{"href":"https:\/\/wp.ufpel.edu.br\/ppgo\/wp-json\/wp\/v2\/types\/page"}],"author":[{"embeddable":true,"href":"https:\/\/wp.ufpel.edu.br\/ppgo\/wp-json\/wp\/v2\/users\/511"}],"replies":[{"embeddable":true,"href":"https:\/\/wp.ufpel.edu.br\/ppgo\/wp-json\/wp\/v2\/comments?post=1247"}],"version-history":[{"count":19,"href":"https:\/\/wp.ufpel.edu.br\/ppgo\/wp-json\/wp\/v2\/pages\/1247\/revisions"}],"predecessor-version":[{"id":4769,"href":"https:\/\/wp.ufpel.edu.br\/ppgo\/wp-json\/wp\/v2\/pages\/1247\/revisions\/4769"}],"up":[{"embeddable":true,"href":"https:\/\/wp.ufpel.edu.br\/ppgo\/wp-json\/wp\/v2\/pages\/350"}],"wp:attachment":[{"href":"https:\/\/wp.ufpel.edu.br\/ppgo\/wp-json\/wp\/v2\/media?parent=1247"}],"curies":[{"name":"wp","href":"https:\/\/api.w.org\/{rel}","templated":true}]}}