{"id":5425,"date":"2026-08-24T16:16:08","date_gmt":"2026-08-24T19:16:08","guid":{"rendered":"https:\/\/wp.ufpel.edu.br\/ppgna\/?page_id=5425"},"modified":"2026-08-24T20:21:59","modified_gmt":"2026-08-24T23:21:59","slug":"kamila-castro","status":"publish","type":"page","link":"https:\/\/wp.ufpel.edu.br\/ppgna\/ensino-2\/pos-doc\/kamila-castro\/","title":{"rendered":"Kamila Castro"},"content":{"rendered":"<p style=\"text-align: center;\"><img loading=\"lazy\" decoding=\"async\" class=\"size-thumbnail wp-image-5428 aligncenter\" src=\"https:\/\/wp.ufpel.edu.br\/ppgna\/files\/2026\/08\/Kamila-200x200.jpg\" alt=\"\" width=\"200\" height=\"200\" srcset=\"https:\/\/wp.ufpel.edu.br\/ppgna\/files\/2026\/08\/Kamila-200x200.jpg 200w, https:\/\/wp.ufpel.edu.br\/ppgna\/files\/2026\/08\/Kamila.jpg 300w\" sizes=\"auto, (max-width: 200px) 100vw, 200px\" \/><span style=\"font-size: 14pt;\"><strong>Kamila Castro<\/strong><\/span><\/p>\n<p style=\"text-align: center;\"><span style=\"font-size: 12pt;\">P\u00f3s-doutoranda do PPGNA na Linha de Cl\u00ednica e Epidemiologia Nutricional<\/span><\/p>\n<p style=\"text-align: center;\"><a href=\"mailto:http:\/\/kamilacastrog@gmail.com\" target=\"_blank\" rel=\"noopener\">E-mail<\/a>\u00a0 \u00a0 \u00a0 \u00a0<a href=\"http:\/\/lattes.cnpq.br\/2518923633184108\" target=\"_blank\" rel=\"noopener\">Curr\u00edculo Lattes<\/a>\u00a0 \u00a0 \u00a0 \u00a0<a href=\"https:\/\/orcid.org\/0000-0003-0100-1788\" target=\"_blank\" rel=\"noopener\">ORCID<\/a><\/p>\n<hr \/>\n<p><strong>Gradua\u00e7\u00e3o<\/strong>: Nutri\u00e7\u00e3o &#8211; UFRGS (2010-2014)<\/p>\n<p><strong>Especializa\u00e7\u00e3o<\/strong>: Nutri\u00e7\u00e3o em Pediatria &#8211; Faculdade Monteiro Lobato (2013-2015)<\/p>\n<p><strong>Mestrado<\/strong>: Sa\u00fade da Crian\u00e7a e do Adolescente &#8211; UFRGS (2016-2019)<\/p>\n<p><strong>Doutorado<\/strong>: Sa\u00fade da Crian\u00e7a e do Adolescente &#8211; UFRGS (2022-2024)<\/p>\n<p><strong>P\u00f3s-Doutorado<\/strong>: Universidade Federal Fluminense &#8211; UFF (2022-2024)<\/p>\n<p><strong>P\u00f3s-Doutorado<\/strong>: UFPel (2023 &#8211; em andamento)<\/p>\n<p>&nbsp;<\/p>\n<p><span style=\"font-size: 14pt;\"><strong>Principais temas de pesquisa:<\/strong><\/span><\/p>\n<p>Transtorno do Espectro Autista; Comportamento Alimentar no Transtorno do Espectro Autista; Consumo e Padr\u00e3o Alimentar no Transtorno do Espectro Autista<\/p>\n<hr \/>\n<p><span style=\"font-size: 14pt;\"><strong>Projetos de pesquisa<\/strong>:<\/span><\/p>\n<ul>\n<li>Grupo de Pesquisa Rede TEA Brasil <span style=\"font-weight: 400;\">\u2013 <\/span><a href=\"https:\/\/wp.ufpel.edu.br\/redeteabrasil\/\" target=\"_blank\" rel=\"noopener\">Site<\/a> e <a href=\"https:\/\/www.instagram.com\/redeteabrasil\/\" target=\"_blank\" rel=\"noopener\">Instagram<\/a><\/li>\n<\/ul>\n<p>&nbsp;<\/p>\n<ul>\n<li>Interven\u00e7\u00e3o nutricional no autismo com foco na fam\u00edlia: um ensaio cl\u00ednico randomizado<\/li>\n<\/ul>\n<p style=\"text-align: justify;\">Descri\u00e7\u00e3o: O projeto tem como objetivo avaliar a efetividade de uma interven\u00e7\u00e3o nutricional centrada na fam\u00edlia para crian\u00e7as com transtorno do espectro autista (TEA). Trata-se de um ensaio cl\u00ednico randomizado que investiga o impacto da interven\u00e7\u00e3o sobre comportamento alimentar, qualidade da dieta, estado nutricional, seletividade alimentar, qualidade de vida e desfechos relacionados \u00e0 sa\u00fade da crian\u00e7a e da fam\u00edlia. A interven\u00e7\u00e3o integra estrat\u00e9gias baseadas em evid\u00eancias, educa\u00e7\u00e3o nutricional e participa\u00e7\u00e3o ativa dos cuidadores, visando promover mudan\u00e7as sustent\u00e1veis nos h\u00e1bitos alimentares e fortalecer o cuidado nutricional no contexto familiar.<\/p>\n<p>&nbsp;<\/p>\n<ul>\n<li>Redes e pol\u00edticas p\u00fablicas de aten\u00e7\u00e3o ao transtorno do espectro autista: leis, pol\u00edticas, cen\u00e1rio atual e desafios<\/li>\n<\/ul>\n<p style=\"text-align: justify;\">Descri\u00e7\u00e3o: Desenvolver e publicar revis\u00f5es da literatura sobre a rede p\u00fablica de cuidado \u00e0 sa\u00fade das pessoas com Transtorno do Espectro Autista (TEA), e avaliar a qualidade de vida dos pacientes e seus respons\u00e1veis. Projeto contemplado com a Chamada 21\/2023 de Estudos Transdisciplinares de Sa\u00fade Coletiva do Minist\u00e9rio da Sa\u00fade, vinculado ao DECIT SECTICS, em parceria com o CNPq.<\/p>\n<p>&nbsp;<\/p>\n<ul>\n<li>Perfil lip\u00eddico, composi\u00e7\u00e3o de \u00e1cidos graxos s\u00e9ricos e associa\u00e7\u00f5es com polimorfismos gen\u00e9ticos e consumo alimentar em crian\u00e7as e adolescentes com transtorno do espectro autista<\/li>\n<\/ul>\n<p style=\"text-align: justify;\">Descri\u00e7\u00e3o: Avalia\u00e7\u00e3o do perfil lip\u00eddico e a composi\u00e7\u00e3o de \u00e1cidos graxos s\u00e9ricos e associa\u00e7\u00f5es com polimorfismos gen\u00e9ticos, consumo alimentar e suas repercuss\u00f5es no TEA.<\/p>\n<p>&nbsp;<\/p>\n<ul>\n<li>Rede nacional de avalia\u00e7\u00e3o do risco cardiovascular, estado nutricional e consumo alimentar em crian\u00e7as com transtorno do espectro autista<\/li>\n<\/ul>\n<p style=\"text-align: justify;\">Descri\u00e7\u00e3o: Estudo multic\u00eantrico de abrang\u00eancia nas cinco macrorregi\u00f5es brasileiras e distrito federal para avaliar risco cardiovascular, estado nutricional e consumo alimentar em uma amostra representativa de crian\u00e7as com diagn\u00f3stico do transtorno do espectro autista atendidos em servi\u00e7os especializados do SUS.Projeto contemplado na Chamada CNPq\/Decit\/Sectics\/MS n 29\/2024 &#8211; Chamada de pesquisas orientadas para a sa\u00fade da popula\u00e7\u00e3o brasileira com foco em doen\u00e7as e agravos n\u00e3o transmiss\u00edveis (DANT).<\/p>\n<p>&nbsp;<\/p>\n<ul>\n<li>Protocolo de Atendimento Nutricional no Autismo<\/li>\n<\/ul>\n<p style=\"text-align: justify;\">Descri\u00e7\u00e3o: Este projeto tem como objetivo avaliar crian\u00e7as e adolescentes com Transtorno do Espectro Autista (TEA) em rela\u00e7\u00e3o a diferentes aspectos nutricionais, desde seu consumo alimentar at\u00e9 seu estado nutricional. A ideia central \u00e9 entender melhor como essa popula\u00e7\u00e3o se alimenta, como isso afeta sua sa\u00fade e comportamento, e de que forma podemos oferecer orienta\u00e7\u00f5es nutricionais mais eficazes, respeitando as necessidades e a realidade de cada fam\u00edlia. Nosso trabalho tamb\u00e9m busca apoiar as fam\u00edlias, que muitas vezes enfrentam desafios e sobrecarga emocional pelas dificuldades alimentares sobrepostas ao autismo. Queremos que esse cuidado com a nutri\u00e7\u00e3o seja um aliado no desenvolvimento e qualidade de vida desses indiv\u00edduos.<\/p>\n<hr \/>\n<p><span style=\"font-size: 14pt;\"><strong>Publica\u00e7\u00f5es destaque:<\/strong><\/span><\/p>\n<p>CASTRO, KAMILA; KUMMEL, C. ; SILVA, EDUARDA ; HOFFMANN, L. ; BORCHARDT, J. L. ; COSTA, L. P. ; LU\u00c7ARDO, JOSIANE ; LAPSCHIES, M. ; CASCAES, A. ; VILELA, A. A. F. ; CENCI, A. ; VAZ, JULIANA S. . Quality of Life in Autism: A Systematic Review and Meta-Analysis of Patients and Caregivers. Autism Research, 2026. In press.<\/p>\n<p>&nbsp;<\/p>\n<p>Castro K, Faccioli LS, Baronio D, Gottfried C, Perry IDS, Riesgo RS. Feeding behavior and dietary intake of male children and adolescents with autism spectrum disorder: A case-control study. International Journal of Developmental Neuroscience. 2016;53:68\u201374.<\/p>\n<p>&nbsp;<\/p>\n<p>Castro K, Faccioli LS, Baronio D, Gottfried C, Perry IDS, Riesgo RS. Effect of a ketogenic diet on autism spectrum disorder: a systematic review. Research in Autism Spectrum Disorders. 2015;20:31\u201338.<\/p>\n<p>&nbsp;<\/p>\n<p>Castro K, Marchezan J, Perry IS, Ferreira GP, Becker M, Riesgo R. Validation of the Brief Autism Mealtime Behavior Inventory (BAMBI) Questionnaire. Journal of Autism and Developmental Disorders. 2019;49:2536\u20132544.<\/p>\n<p>&nbsp;<\/p>\n<p>Castro K, Baronio D, Perry IDS, Riesgo RS, Gottfried C. The effect of ketogenic diet in an animal model of autism induced by prenatal exposure to valproic acid. Nutritional Neuroscience. 2016.<\/p>\n","protected":false},"excerpt":{"rendered":"<p>Kamila Castro P\u00f3s-doutoranda do PPGNA na Linha de Cl\u00ednica e Epidemiologia Nutricional E-mail\u00a0 \u00a0 \u00a0 \u00a0Curr\u00edculo Lattes\u00a0 \u00a0 \u00a0 \u00a0ORCID Gradua\u00e7\u00e3o: Nutri\u00e7\u00e3o &#8211; UFRGS (2010-2014) Especializa\u00e7\u00e3o: Nutri\u00e7\u00e3o em Pediatria &#8211; Faculdade Monteiro Lobato (2013-2015) Mestrado: Sa\u00fade da Crian\u00e7a e do Adolescente &#8211; UFRGS (2016-2019) Doutorado: Sa\u00fade da Crian\u00e7a e do Adolescente &#8211; UFRGS (2022-2024) P\u00f3s-Doutorado: [&hellip;]<\/p>\n","protected":false},"author":209,"featured_media":0,"parent":2537,"menu_order":0,"comment_status":"closed","ping_status":"closed","template":"","meta":{"footnotes":""},"class_list":["post-5425","page","type-page","status-publish","hentry","post"],"jetpack_sharing_enabled":true,"jetpack_shortlink":"https:\/\/wp.me\/P8FvYb-1pv","_links":{"self":[{"href":"https:\/\/wp.ufpel.edu.br\/ppgna\/wp-json\/wp\/v2\/pages\/5425","targetHints":{"allow":["GET"]}}],"collection":[{"href":"https:\/\/wp.ufpel.edu.br\/ppgna\/wp-json\/wp\/v2\/pages"}],"about":[{"href":"https:\/\/wp.ufpel.edu.br\/ppgna\/wp-json\/wp\/v2\/types\/page"}],"author":[{"embeddable":true,"href":"https:\/\/wp.ufpel.edu.br\/ppgna\/wp-json\/wp\/v2\/users\/209"}],"replies":[{"embeddable":true,"href":"https:\/\/wp.ufpel.edu.br\/ppgna\/wp-json\/wp\/v2\/comments?post=5425"}],"version-history":[{"count":3,"href":"https:\/\/wp.ufpel.edu.br\/ppgna\/wp-json\/wp\/v2\/pages\/5425\/revisions"}],"predecessor-version":[{"id":5437,"href":"https:\/\/wp.ufpel.edu.br\/ppgna\/wp-json\/wp\/v2\/pages\/5425\/revisions\/5437"}],"up":[{"embeddable":true,"href":"https:\/\/wp.ufpel.edu.br\/ppgna\/wp-json\/wp\/v2\/pages\/2537"}],"wp:attachment":[{"href":"https:\/\/wp.ufpel.edu.br\/ppgna\/wp-json\/wp\/v2\/media?parent=5425"}],"curies":[{"name":"wp","href":"https:\/\/api.w.org\/{rel}","templated":true}]}}

<p style="text-align: center;"><img loading="lazy" decoding="async" class="size-thumbnail wp-image-5428 aligncenter" src="https://wp.ufpel.edu.br/ppgna/files/2026/08/Kamila-200x200.jpg" alt="" width="200" height="200" srcset="https://wp.ufpel.edu.br/ppgna/files/2026/08/Kamila-200x200.jpg 200w, https://wp.ufpel.edu.br/ppgna/files/2026/08/Kamila.jpg 300w" sizes="auto, (max-width: 200px) 100vw, 200px" /><span style="font-size: 14pt;"><strong>Kamila Castro</strong></span></p>
<p style="text-align: center;"><span style="font-size: 12pt;">Pós-doutoranda do PPGNA na Linha de Clínica e Epidemiologia Nutricional</span></p>
<p style="text-align: center;"><a href="mailto:http://kamilacastrog@gmail.com" target="_blank" rel="noopener">E-mail</a>       <a href="http://lattes.cnpq.br/2518923633184108" target="_blank" rel="noopener">Currículo Lattes</a>       <a href="https://orcid.org/0000-0003-0100-1788" target="_blank" rel="noopener">ORCID</a></p>
<hr />
<p><strong>Graduação</strong>: Nutrição &#8211; UFRGS (2010-2014)</p>
<p><strong>Especialização</strong>: Nutrição em Pediatria &#8211; Faculdade Monteiro Lobato (2013-2015)</p>
<p><strong>Mestrado</strong>: Saúde da Criança e do Adolescente &#8211; UFRGS (2016-2019)</p>
<p><strong>Doutorado</strong>: Saúde da Criança e do Adolescente &#8211; UFRGS (2022-2024)</p>
<p><strong>Pós-Doutorado</strong>: Universidade Federal Fluminense &#8211; UFF (2022-2024)</p>
<p><strong>Pós-Doutorado</strong>: UFPel (2023 &#8211; em andamento)</p>
<p>&nbsp;</p>
<p><span style="font-size: 14pt;"><strong>Principais temas de pesquisa:</strong></span></p>
<p>Transtorno do Espectro Autista; Comportamento Alimentar no Transtorno do Espectro Autista; Consumo e Padrão Alimentar no Transtorno do Espectro Autista</p>
<hr />
<p><span style="font-size: 14pt;"><strong>Projetos de pesquisa</strong>:</span></p>
<ul>
<li>Grupo de Pesquisa Rede TEA Brasil <span style="font-weight: 400;">– </span><a href="https://wp.ufpel.edu.br/redeteabrasil/" target="_blank" rel="noopener">Site</a> e <a href="https://www.instagram.com/redeteabrasil/" target="_blank" rel="noopener">Instagram</a></li>
</ul>
<p>&nbsp;</p>
<ul>
<li>Intervenção nutricional no autismo com foco na família: um ensaio clínico randomizado</li>
</ul>
<p style="text-align: justify;">Descrição: O projeto tem como objetivo avaliar a efetividade de uma intervenção nutricional centrada na família para crianças com transtorno do espectro autista (TEA). Trata-se de um ensaio clínico randomizado que investiga o impacto da intervenção sobre comportamento alimentar, qualidade da dieta, estado nutricional, seletividade alimentar, qualidade de vida e desfechos relacionados à saúde da criança e da família. A intervenção integra estratégias baseadas em evidências, educação nutricional e participação ativa dos cuidadores, visando promover mudanças sustentáveis nos hábitos alimentares e fortalecer o cuidado nutricional no contexto familiar.</p>
<p>&nbsp;</p>
<ul>
<li>Redes e políticas públicas de atenção ao transtorno do espectro autista: leis, políticas, cenário atual e desafios</li>
</ul>
<p style="text-align: justify;">Descrição: Desenvolver e publicar revisões da literatura sobre a rede pública de cuidado à saúde das pessoas com Transtorno do Espectro Autista (TEA), e avaliar a qualidade de vida dos pacientes e seus responsáveis. Projeto contemplado com a Chamada 21/2023 de Estudos Transdisciplinares de Saúde Coletiva do Ministério da Saúde, vinculado ao DECIT SECTICS, em parceria com o CNPq.</p>
<p>&nbsp;</p>
<ul>
<li>Perfil lipídico, composição de ácidos graxos séricos e associações com polimorfismos genéticos e consumo alimentar em crianças e adolescentes com transtorno do espectro autista</li>
</ul>
<p style="text-align: justify;">Descrição: Avaliação do perfil lipídico e a composição de ácidos graxos séricos e associações com polimorfismos genéticos, consumo alimentar e suas repercussões no TEA.</p>
<p>&nbsp;</p>
<ul>
<li>Rede nacional de avaliação do risco cardiovascular, estado nutricional e consumo alimentar em crianças com transtorno do espectro autista</li>
</ul>
<p style="text-align: justify;">Descrição: Estudo multicêntrico de abrangência nas cinco macrorregiões brasileiras e distrito federal para avaliar risco cardiovascular, estado nutricional e consumo alimentar em uma amostra representativa de crianças com diagnóstico do transtorno do espectro autista atendidos em serviços especializados do SUS.Projeto contemplado na Chamada CNPq/Decit/Sectics/MS n 29/2024 &#8211; Chamada de pesquisas orientadas para a saúde da população brasileira com foco em doenças e agravos não transmissíveis (DANT).</p>
<p>&nbsp;</p>
<ul>
<li>Protocolo de Atendimento Nutricional no Autismo</li>
</ul>
<p style="text-align: justify;">Descrição: Este projeto tem como objetivo avaliar crianças e adolescentes com Transtorno do Espectro Autista (TEA) em relação a diferentes aspectos nutricionais, desde seu consumo alimentar até seu estado nutricional. A ideia central é entender melhor como essa população se alimenta, como isso afeta sua saúde e comportamento, e de que forma podemos oferecer orientações nutricionais mais eficazes, respeitando as necessidades e a realidade de cada família. Nosso trabalho também busca apoiar as famílias, que muitas vezes enfrentam desafios e sobrecarga emocional pelas dificuldades alimentares sobrepostas ao autismo. Queremos que esse cuidado com a nutrição seja um aliado no desenvolvimento e qualidade de vida desses indivíduos.</p>
<hr />
<p><span style="font-size: 14pt;"><strong>Publicações destaque:</strong></span></p>
<p>CASTRO, KAMILA; KUMMEL, C. ; SILVA, EDUARDA ; HOFFMANN, L. ; BORCHARDT, J. L. ; COSTA, L. P. ; LUÇARDO, JOSIANE ; LAPSCHIES, M. ; CASCAES, A. ; VILELA, A. A. F. ; CENCI, A. ; VAZ, JULIANA S. . Quality of Life in Autism: A Systematic Review and Meta-Analysis of Patients and Caregivers. Autism Research, 2026. In press.</p>
<p>&nbsp;</p>
<p>Castro K, Faccioli LS, Baronio D, Gottfried C, Perry IDS, Riesgo RS. Feeding behavior and dietary intake of male children and adolescents with autism spectrum disorder: A case-control study. International Journal of Developmental Neuroscience. 2016;53:68–74.</p>
<p>&nbsp;</p>
<p>Castro K, Faccioli LS, Baronio D, Gottfried C, Perry IDS, Riesgo RS. Effect of a ketogenic diet on autism spectrum disorder: a systematic review. Research in Autism Spectrum Disorders. 2015;20:31–38.</p>
<p>&nbsp;</p>
<p>Castro K, Marchezan J, Perry IS, Ferreira GP, Becker M, Riesgo R. Validation of the Brief Autism Mealtime Behavior Inventory (BAMBI) Questionnaire. Journal of Autism and Developmental Disorders. 2019;49:2536–2544.</p>
<p>&nbsp;</p>
<p>Castro K, Baronio D, Perry IDS, Riesgo RS, Gottfried C. The effect of ketogenic diet in an animal model of autism induced by prenatal exposure to valproic acid. Nutritional Neuroscience. 2016.</p>

<p>Kamila Castro Pós-doutoranda do PPGNA na Linha de Clínica e Epidemiologia Nutricional E-mail       Currículo Lattes       ORCID Graduação: Nutrição &#8211; UFRGS (2010-2014) Especialização: Nutrição em Pediatria &#8211; Faculdade Monteiro Lobato (2013-2015) Mestrado: Saúde da Criança e do Adolescente &#8211; UFRGS (2016-2019) Doutorado: Saúde da Criança e do Adolescente &#8211; UFRGS (2022-2024) Pós-Doutorado: [&hellip;]</p>
