{"id":4693,"date":"2026-06-27T11:30:30","date_gmt":"2026-06-27T14:30:30","guid":{"rendered":"https:\/\/wp.ufpel.edu.br\/ppgna\/?page_id=4693"},"modified":"2026-08-23T14:57:19","modified_gmt":"2026-08-23T17:57:19","slug":"luana-dias-campani","status":"publish","type":"page","link":"https:\/\/wp.ufpel.edu.br\/ppgna\/ensino-2\/discentes-2\/2026-2\/luana-dias-campani\/","title":{"rendered":"Luana Dias Campani"},"content":{"rendered":"<p><img loading=\"lazy\" decoding=\"async\" class=\"aligncenter wp-image-5124 size-thumbnail\" src=\"https:\/\/wp.ufpel.edu.br\/ppgna\/files\/2026\/08\/Luana-Dias-200x200.jpeg\" alt=\"\" width=\"200\" height=\"200\" srcset=\"https:\/\/wp.ufpel.edu.br\/ppgna\/files\/2026\/08\/Luana-Dias-200x200.jpeg 200w, https:\/\/wp.ufpel.edu.br\/ppgna\/files\/2026\/08\/Luana-Dias.jpeg 300w\" sizes=\"auto, (max-width: 200px) 100vw, 200px\" \/><\/p>\n<p style=\"text-align: center;\"><strong>Luana Dias Campani<\/strong><\/p>\n<p style=\"text-align: center;\"><a href=\"mailto:luanacampani@hotmail.com\">E-mail\u00a0<\/a> \u00a0 \u00a0 \u00a0<a href=\"http:\/\/lattes.cnpq.br\/5865039587933931\" target=\"_blank\" rel=\"noopener\">Curr\u00edculo Lattes<\/a><\/p>\n<p><strong>Gradua\u00e7\u00e3o<\/strong>: Nutri\u00e7\u00e3o \u2013 UFPel<\/p>\n<p style=\"text-align: left;\"><strong>Mestrado<\/strong>: Nutri\u00e7\u00e3o e Alimentos \u2013 UFPel (2026\/1 &#8211; em andamento)<\/p>\n<p style=\"text-align: left;\"><strong>Linha de pesquisa<\/strong>: Cl\u00ednica e Epidemiologia Nutricional<\/p>\n<p style=\"text-align: left;\"><strong>Orientadora<\/strong>: Dra. Karla Pereira Machado<\/p>\n<p>&nbsp;<\/p>\n<p><strong>Grupo de pesquisa<\/strong>:<\/p>\n<p>Estudo Longitudinal de Sa\u00fade do Idoso: COMO VAI? \u2013 <a href=\"https:\/\/wp.ufpel.edu.br\/comovai\/\">Site<\/a> e <a href=\"https:\/\/www.instagram.com\/comovaiufpel\/\">Instagram<\/a><\/p>\n","protected":false},"excerpt":{"rendered":"<p>Luana Dias Campani E-mail\u00a0 \u00a0 \u00a0 \u00a0Curr\u00edculo Lattes Gradua\u00e7\u00e3o: Nutri\u00e7\u00e3o \u2013 UFPel Mestrado: Nutri\u00e7\u00e3o e Alimentos \u2013 UFPel (2026\/1 &#8211; em andamento) Linha de pesquisa: Cl\u00ednica e Epidemiologia Nutricional Orientadora: Dra. Karla Pereira Machado &nbsp; Grupo de pesquisa: Estudo Longitudinal de Sa\u00fade do Idoso: COMO VAI? \u2013 Site e Instagram<\/p>\n","protected":false},"author":209,"featured_media":0,"parent":4890,"menu_order":0,"comment_status":"closed","ping_status":"closed","template":"","meta":{"footnotes":""},"class_list":["post-4693","page","type-page","status-publish","hentry","post"],"jetpack_sharing_enabled":true,"jetpack_shortlink":"https:\/\/wp.me\/P8FvYb-1dH","_links":{"self":[{"href":"https:\/\/wp.ufpel.edu.br\/ppgna\/wp-json\/wp\/v2\/pages\/4693","targetHints":{"allow":["GET"]}}],"collection":[{"href":"https:\/\/wp.ufpel.edu.br\/ppgna\/wp-json\/wp\/v2\/pages"}],"about":[{"href":"https:\/\/wp.ufpel.edu.br\/ppgna\/wp-json\/wp\/v2\/types\/page"}],"author":[{"embeddable":true,"href":"https:\/\/wp.ufpel.edu.br\/ppgna\/wp-json\/wp\/v2\/users\/209"}],"replies":[{"embeddable":true,"href":"https:\/\/wp.ufpel.edu.br\/ppgna\/wp-json\/wp\/v2\/comments?post=4693"}],"version-history":[{"count":3,"href":"https:\/\/wp.ufpel.edu.br\/ppgna\/wp-json\/wp\/v2\/pages\/4693\/revisions"}],"predecessor-version":[{"id":5128,"href":"https:\/\/wp.ufpel.edu.br\/ppgna\/wp-json\/wp\/v2\/pages\/4693\/revisions\/5128"}],"up":[{"embeddable":true,"href":"https:\/\/wp.ufpel.edu.br\/ppgna\/wp-json\/wp\/v2\/pages\/4890"}],"wp:attachment":[{"href":"https:\/\/wp.ufpel.edu.br\/ppgna\/wp-json\/wp\/v2\/media?parent=4693"}],"curies":[{"name":"wp","href":"https:\/\/api.w.org\/{rel}","templated":true}]}}

<p><img loading="lazy" decoding="async" class="aligncenter wp-image-5124 size-thumbnail" src="https://wp.ufpel.edu.br/ppgna/files/2026/08/Luana-Dias-200x200.jpeg" alt="" width="200" height="200" srcset="https://wp.ufpel.edu.br/ppgna/files/2026/08/Luana-Dias-200x200.jpeg 200w, https://wp.ufpel.edu.br/ppgna/files/2026/08/Luana-Dias.jpeg 300w" sizes="auto, (max-width: 200px) 100vw, 200px" /></p>
<p style="text-align: center;"><strong>Luana Dias Campani</strong></p>
<p style="text-align: center;"><a href="mailto:luanacampani@hotmail.com">E-mail </a>      <a href="http://lattes.cnpq.br/5865039587933931" target="_blank" rel="noopener">Currículo Lattes</a></p>
<p><strong>Graduação</strong>: Nutrição – UFPel</p>
<p style="text-align: left;"><strong>Mestrado</strong>: Nutrição e Alimentos – UFPel (2026/1 &#8211; em andamento)</p>
<p style="text-align: left;"><strong>Linha de pesquisa</strong>: Clínica e Epidemiologia Nutricional</p>
<p style="text-align: left;"><strong>Orientadora</strong>: Dra. Karla Pereira Machado</p>
<p>&nbsp;</p>
<p><strong>Grupo de pesquisa</strong>:</p>
<p>Estudo Longitudinal de Saúde do Idoso: COMO VAI? – <a href="https://wp.ufpel.edu.br/comovai/">Site</a> e <a href="https://www.instagram.com/comovaiufpel/">Instagram</a></p>

<p>Luana Dias Campani E-mail       Currículo Lattes Graduação: Nutrição – UFPel Mestrado: Nutrição e Alimentos – UFPel (2026/1 &#8211; em andamento) Linha de pesquisa: Clínica e Epidemiologia Nutricional Orientadora: Dra. Karla Pereira Machado &nbsp; Grupo de pesquisa: Estudo Longitudinal de Saúde do Idoso: COMO VAI? – Site e Instagram</p>
