{"id":4608,"date":"2026-04-08T15:18:22","date_gmt":"2026-04-08T18:18:22","guid":{"rendered":"https:\/\/wp.ufpel.edu.br\/ppgna\/?page_id=4608"},"modified":"2026-04-08T15:21:18","modified_gmt":"2026-04-08T18:21:18","slug":"silvana-paiva-orlandi","status":"publish","type":"page","link":"https:\/\/wp.ufpel.edu.br\/ppgna\/docentes\/associados\/silvana-paiva-orlandi\/","title":{"rendered":"Silvana Paiva Orlandi"},"content":{"rendered":"<table style=\"width: 100%; border-collapse: collapse;\" border=\"0\">\n<tbody>\n<tr style=\"height: 177px;\">\n<td style=\"width: 43.598616%; height: 177px;\" colspan=\"2\"><a href=\"https:\/\/wp.ufpel.edu.br\/ppgna\/files\/2026\/04\/silvana-isntitucional.jpg\"><img class=\"aligncenter wp-image-4610\" src=\"https:\/\/wp.ufpel.edu.br\/ppgna\/files\/2026\/04\/silvana-isntitucional.jpg\" alt=\"\" width=\"172\" height=\"172\" srcset=\"https:\/\/wp.ufpel.edu.br\/ppgna\/files\/2026\/04\/silvana-isntitucional.jpg 288w, https:\/\/wp.ufpel.edu.br\/ppgna\/files\/2026\/04\/silvana-isntitucional-200x200.jpg 200w\" sizes=\"(max-width: 172px) 100vw, 172px\" \/><\/a><\/td>\n<\/tr>\n<tr style=\"height: 24px;\">\n<td style=\"width: 43.59861591695502%; height: 24px; text-align: center;\" colspan=\"2\"><strong>Silvana Paiva Orlandi<\/strong><\/td>\n<\/tr>\n<tr style=\"height: 24px;\">\n<td style=\"width: 43.59861591695502%; height: 24px; text-align: center;\" colspan=\"2\"><strong>Nutri\u00e7\u00e3o Cl\u00ednica e Avalia\u00e7\u00e3o Nutricional<\/strong><\/td>\n<\/tr>\n<tr style=\"height: 24px;\">\n<td style=\"width: 43.59861591695502%; height: 24px; text-align: center;\"><a href=\"mailto:silvanaporlandi@gmail.com\">Email<\/a><\/td>\n<td style=\"width: 39.73471741637832%; height: 24px; text-align: center;\"><a href=\"http:\/\/lattes.cnpq.br\/3357957617964040\" target=\"_blank\" rel=\"noopener noreferrer\">Curr\u00edculo Lattes<\/a><\/td>\n<\/tr>\n<tr style=\"height: 24px;\">\n<td style=\"height: 24px; text-align: justify; width: 83.33333333333334%;\" colspan=\"2\"><strong>Gradua\u00e7\u00e3o:<\/strong> Nutri\u00e7\u00e3o &#8211; UFPel<br \/>\n<strong>Mestrado:<\/strong> Sa\u00fade e Comportamento &#8211; UCPel<br \/>\n<strong>Doutorado:<\/strong> Epidemiologia &#8211; UFPel<\/td>\n<\/tr>\n<tr style=\"height: 24px;\">\n<td style=\"text-align: justify; width: 83.333333%; height: 24px;\" colspan=\"2\"><\/td>\n<\/tr>\n<tr style=\"height: 72px;\">\n<td style=\"text-align: justify; height: 72px;\" colspan=\"2\"><strong>Principais temas de pesquisa:<\/strong><br \/>\nAvalia\u00e7\u00e3o nutricional, composi\u00e7\u00e3o corporal, sacopenia, bioimped\u00e2ncia el\u00e9trica, c\u00e2ncer<\/td>\n<\/tr>\n<tr style=\"height: 24px;\">\n<td style=\"text-align: justify; height: 24px;\" colspan=\"2\"><strong>\u00a0<\/strong><\/td>\n<\/tr>\n<tr style=\"height: 24px;\">\n<td style=\"text-align: justify; width: 83.333333%; height: 24px;\" colspan=\"2\"><strong>Publica\u00e7\u00f5es destaque<\/strong><\/td>\n<\/tr>\n<tr style=\"height: 284px;\">\n<td style=\"width: 83.333333%; text-align: justify; height: 284px;\" colspan=\"2\">\n<div><span style=\"color: #000000;\">REBOU\u00c7AS, AMANDA S.; COSTA-PEREIRA, JARSON P.; RUEGG, RODRIGO A.B.; MIRANDA, BRUNA L.G.; XAVIER, NOEMIA A.; SOUZA, NILIAN C.; TARTARI, RAFAELLA FESTUGATTO; MAUR\u00cdCIO, SILVIA F.;\u00a0<b>ORLANDI, SILVANA P.<\/b>; Gonzalez, M. Cristina; PRADO, CARLA M.; FAYH, ANA P.T.Predictive accuracy of phase angle for short-term and stage-specific mortality in cancer. NUTRITION, 2026.\u00a0<a title=\"Persistent link using digital object identifier\" href=\"https:\/\/doi.org\/10.1016\/j.nut.2026.113170\" target=\"_blank\" rel=\"noreferrer noopener\" aria-label=\"Persistent link using digital object identifier\" data-saferedirecturl=\"https:\/\/www.google.com\/url?q=https:\/\/doi.org\/10.1016\/j.nut.2026.113170&amp;source=gmail&amp;ust=1775758316458000&amp;usg=AOvVaw2kD-NUuRAM1gz9h25bcLcP\">https:\/\/doi.org\/10.1016\/<wbr \/>j.nut.2026.113170<\/a><\/span><\/div>\n<div><\/div>\n<div><\/div>\n<div><span style=\"color: #000000;\">ZAGURY, ROBERTO LUIS;\u00a0<b>ORLANDI, SILVANA PAIVA<\/b>; DEBERALDINI, CLEDIA CALIXTO; RIBEIRO, DOUGLAS LIRA; ROSENFELD, VAL\u00c9RIA ABRAH\u00c3O SCHILLING. Multimodal strategy to protect lean mass in people using semaglutide for obesity &#8211; case report. Revista de Nutrologia \/ International Journal of Nutrology. v.18, p.e25302 &#8211; e25302, 2025.<u>\u00a0<\/u><\/span><span style=\"color: #0b5394;\"><u><a href=\"https:\/\/doi.org\/10.54448\/ijn25302\" target=\"_blank\" rel=\"noopener\" data-saferedirecturl=\"https:\/\/www.google.com\/url?q=https:\/\/doi.org\/10.54448\/ijn25302&amp;source=gmail&amp;ust=1775758316458000&amp;usg=AOvVaw2kx5rEXbzPo-UdwxExG-Fp\">https:\/\/doi.org\/10.<wbr \/>54448\/ijn25302<\/a><\/u><\/span><\/div>\n<div><\/div>\n<div><\/div>\n<div><span style=\"color: #000000;\">GONZALEZ, MARIA CRISTINA; GON\u00c7ALVES, THIAGO J.M.; ROSENFELD, VAL\u00c9RIA A.;\u00a0<b>ORLANDI, SILVANA P.<\/b>; PORTARI-FILHO, PEDRO E.; CAMPOS, ANTONIO CARLOS L.. Assessment Of the Adherence to Perioperative Nutritional Care Protocols in Brazilian Hospitals: The Preop Week Study. NUTRITION, v.130, p.112611, 2024.\u00a0<a title=\"Persistent link using digital object identifier\" href=\"https:\/\/doi.org\/10.1016\/j.nut.2024.112611\" target=\"_blank\" rel=\"noreferrer noopener\" aria-label=\"Persistent link using digital object identifier\" data-saferedirecturl=\"https:\/\/www.google.com\/url?q=https:\/\/doi.org\/10.1016\/j.nut.2024.112611&amp;source=gmail&amp;ust=1775758316458000&amp;usg=AOvVaw30Q-lXmhw7OvXDajkrp7Gy\">https:\/\/doi.org\/10.1016\/<wbr \/>j.nut.2024.112611<\/a><\/span><\/div>\n<div><\/div>\n<div><\/div>\n<div><span style=\"color: #000000;\">SILVA, ANALIZA M.; CAMPA, FRANCESCO; STAGI, SILVIA; GOBBO, LU\u00cdS A.; BUFFA, ROBERTO; TOSELLI, STEFANIA; SILVA, DIEGO AUGUSTO SANTOS; GON\u00c7ALVES, EZEQUIEL M.; LANGER, RAQUEL D.; GUERRA-J\u00daNIOR, GIL; MACHADO, DALMO R. L.; KONDO, EMI; SAGAYAMA, HIROYUKI; OMI, NAOMI; YAMADA, YOSUKE; YOSHIDA, TSUKASA; FUKUDA, WATARU; GONZALEZ, MARIA CRISTINA;\u00a0<b>ORLANDI, SILVANA P.<\/b>\u00a0et al. The bioelectrical impedance analysis (BIA) international database: aims, scope, and call for data. EUROPEAN JOURNAL OF CLINICAL NUTRITION, v.77, p.1143 &#8211; 1150, 2023.\u00a0<\/span><\/div>\n<div><u><span style=\"color: #0b5394;\"><a href=\"https:\/\/doi.org\/10.1038\/s41430-023-01310-x\" target=\"_blank\" rel=\"noopener\" data-saferedirecturl=\"https:\/\/www.google.com\/url?q=https:\/\/doi.org\/10.1038\/s41430-023-01310-x&amp;source=gmail&amp;ust=1775758316458000&amp;usg=AOvVaw1WhS4j8CRhqzgesmMzzuDW\">https:\/\/doi.org\/10.1038\/<wbr \/>s41430-023-01310-x<\/a><\/span><\/u><\/div>\n<div><\/div>\n<div><\/div>\n<div><span style=\"color: #000000;\">H\u00c4RTER, J\u00c9SSICA;\u00a0<b>ORLANDI, SILVANA PAIVA<\/b>; BIELEMANN, RENATA MORAES; DOS SANTOS, LEONARDO POZZA; GONZALEZ, MARIA CRISTINA. Standardized phase angle: relationship with functionality, muscle mass and postoperative outcomes in surgical cancer patients. Medical Oncology., v.41, p.139, 2024. <\/span><u><span style=\"color: #0b5394;\"><a href=\"https:\/\/doi.org\/10.1007\/s12032-024-02367-9\" target=\"_blank\" rel=\"noopener\" data-saferedirecturl=\"https:\/\/www.google.com\/url?q=https:\/\/doi.org\/10.1007\/s12032-024-02367-9&amp;source=gmail&amp;ust=1775758316458000&amp;usg=AOvVaw23jCuNV3KuKDFV9mZ1xDmM\">https:\/\/doi.org\/10.1007\/<wbr \/>s12032-024-02367-9<\/a><\/span><\/u><\/div>\n<\/td>\n<\/tr>\n<\/tbody>\n<\/table>\n<p>&nbsp;<\/p>\n","protected":false},"excerpt":{"rendered":"<p>Silvana Paiva Orlandi Nutri\u00e7\u00e3o Cl\u00ednica e Avalia\u00e7\u00e3o Nutricional Email Curr\u00edculo Lattes Gradua\u00e7\u00e3o: Nutri\u00e7\u00e3o &#8211; UFPel Mestrado: Sa\u00fade e Comportamento &#8211; UCPel Doutorado: Epidemiologia &#8211; UFPel Principais temas de pesquisa: Avalia\u00e7\u00e3o nutricional, composi\u00e7\u00e3o corporal, sacopenia, bioimped\u00e2ncia el\u00e9trica, c\u00e2ncer \u00a0 Publica\u00e7\u00f5es destaque REBOU\u00c7AS, AMANDA S.; COSTA-PEREIRA, JARSON P.; RUEGG, RODRIGO A.B.; MIRANDA, BRUNA L.G.; XAVIER, NOEMIA A.; [&hellip;]<\/p>\n","protected":false},"author":209,"featured_media":0,"parent":4570,"menu_order":0,"comment_status":"closed","ping_status":"closed","template":"","meta":{"jetpack_post_was_ever_published":false,"footnotes":""},"class_list":["post-4608","page","type-page","status-publish","hentry"],"jetpack_sharing_enabled":true,"jetpack_shortlink":"https:\/\/wp.me\/P8FvYb-1ck","_links":{"self":[{"href":"https:\/\/wp.ufpel.edu.br\/ppgna\/wp-json\/wp\/v2\/pages\/4608","targetHints":{"allow":["GET"]}}],"collection":[{"href":"https:\/\/wp.ufpel.edu.br\/ppgna\/wp-json\/wp\/v2\/pages"}],"about":[{"href":"https:\/\/wp.ufpel.edu.br\/ppgna\/wp-json\/wp\/v2\/types\/page"}],"author":[{"embeddable":true,"href":"https:\/\/wp.ufpel.edu.br\/ppgna\/wp-json\/wp\/v2\/users\/209"}],"replies":[{"embeddable":true,"href":"https:\/\/wp.ufpel.edu.br\/ppgna\/wp-json\/wp\/v2\/comments?post=4608"}],"version-history":[{"count":3,"href":"https:\/\/wp.ufpel.edu.br\/ppgna\/wp-json\/wp\/v2\/pages\/4608\/revisions"}],"predecessor-version":[{"id":4613,"href":"https:\/\/wp.ufpel.edu.br\/ppgna\/wp-json\/wp\/v2\/pages\/4608\/revisions\/4613"}],"up":[{"embeddable":true,"href":"https:\/\/wp.ufpel.edu.br\/ppgna\/wp-json\/wp\/v2\/pages\/4570"}],"wp:attachment":[{"href":"https:\/\/wp.ufpel.edu.br\/ppgna\/wp-json\/wp\/v2\/media?parent=4608"}],"curies":[{"name":"wp","href":"https:\/\/api.w.org\/{rel}","templated":true}]}}

<table style="width: 100%; border-collapse: collapse;" border="0">
<tbody>
<tr style="height: 177px;">
<td style="width: 43.598616%; height: 177px;" colspan="2"><a href="https://wp.ufpel.edu.br/ppgna/files/2026/04/silvana-isntitucional.jpg"><img class="aligncenter wp-image-4610" src="https://wp.ufpel.edu.br/ppgna/files/2026/04/silvana-isntitucional.jpg" alt="" width="172" height="172" srcset="https://wp.ufpel.edu.br/ppgna/files/2026/04/silvana-isntitucional.jpg 288w, https://wp.ufpel.edu.br/ppgna/files/2026/04/silvana-isntitucional-200x200.jpg 200w" sizes="(max-width: 172px) 100vw, 172px" /></a></td>
</tr>
<tr style="height: 24px;">
<td style="width: 43.59861591695502%; height: 24px; text-align: center;" colspan="2"><strong>Silvana Paiva Orlandi</strong></td>
</tr>
<tr style="height: 24px;">
<td style="width: 43.59861591695502%; height: 24px; text-align: center;" colspan="2"><strong>Nutrição Clínica e Avaliação Nutricional</strong></td>
</tr>
<tr style="height: 24px;">
<td style="width: 43.59861591695502%; height: 24px; text-align: center;"><a href="mailto:silvanaporlandi@gmail.com">Email</a></td>
<td style="width: 39.73471741637832%; height: 24px; text-align: center;"><a href="http://lattes.cnpq.br/3357957617964040" target="_blank" rel="noopener noreferrer">Currículo Lattes</a></td>
</tr>
<tr style="height: 24px;">
<td style="height: 24px; text-align: justify; width: 83.33333333333334%;" colspan="2"><strong>Graduação:</strong> Nutrição &#8211; UFPel<br />
<strong>Mestrado:</strong> Saúde e Comportamento &#8211; UCPel<br />
<strong>Doutorado:</strong> Epidemiologia &#8211; UFPel</td>
</tr>
<tr style="height: 24px;">
<td style="text-align: justify; width: 83.333333%; height: 24px;" colspan="2"></td>
</tr>
<tr style="height: 72px;">
<td style="text-align: justify; height: 72px;" colspan="2"><strong>Principais temas de pesquisa:</strong><br />
Avaliação nutricional, composição corporal, sacopenia, bioimpedância elétrica, câncer</td>
</tr>
<tr style="height: 24px;">
<td style="text-align: justify; height: 24px;" colspan="2"><strong> </strong></td>
</tr>
<tr style="height: 24px;">
<td style="text-align: justify; width: 83.333333%; height: 24px;" colspan="2"><strong>Publicações destaque</strong></td>
</tr>
<tr style="height: 284px;">
<td style="width: 83.333333%; text-align: justify; height: 284px;" colspan="2">
<div><span style="color: #000000;">REBOUÇAS, AMANDA S.; COSTA-PEREIRA, JARSON P.; RUEGG, RODRIGO A.B.; MIRANDA, BRUNA L.G.; XAVIER, NOEMIA A.; SOUZA, NILIAN C.; TARTARI, RAFAELLA FESTUGATTO; MAURÍCIO, SILVIA F.; <b>ORLANDI, SILVANA P.</b>; Gonzalez, M. Cristina; PRADO, CARLA M.; FAYH, ANA P.T.Predictive accuracy of phase angle for short-term and stage-specific mortality in cancer. NUTRITION, 2026. <a title="Persistent link using digital object identifier" href="https://doi.org/10.1016/j.nut.2026.113170" target="_blank" rel="noreferrer noopener" aria-label="Persistent link using digital object identifier" data-saferedirecturl="https://www.google.com/url?q=https://doi.org/10.1016/j.nut.2026.113170&amp;source=gmail&amp;ust=1775758316458000&amp;usg=AOvVaw2kD-NUuRAM1gz9h25bcLcP">https://doi.org/10.1016/<wbr />j.nut.2026.113170</a></span></div>
<div></div>
<div></div>
<div><span style="color: #000000;">ZAGURY, ROBERTO LUIS; <b>ORLANDI, SILVANA PAIVA</b>; DEBERALDINI, CLEDIA CALIXTO; RIBEIRO, DOUGLAS LIRA; ROSENFELD, VALÉRIA ABRAHÃO SCHILLING. Multimodal strategy to protect lean mass in people using semaglutide for obesity &#8211; case report. Revista de Nutrologia / International Journal of Nutrology. v.18, p.e25302 &#8211; e25302, 2025.<u> </u></span><span style="color: #0b5394;"><u><a href="https://doi.org/10.54448/ijn25302" target="_blank" rel="noopener" data-saferedirecturl="https://www.google.com/url?q=https://doi.org/10.54448/ijn25302&amp;source=gmail&amp;ust=1775758316458000&amp;usg=AOvVaw2kx5rEXbzPo-UdwxExG-Fp">https://doi.org/10.<wbr />54448/ijn25302</a></u></span></div>
<div></div>
<div></div>
<div><span style="color: #000000;">GONZALEZ, MARIA CRISTINA; GONÇALVES, THIAGO J.M.; ROSENFELD, VALÉRIA A.; <b>ORLANDI, SILVANA P.</b>; PORTARI-FILHO, PEDRO E.; CAMPOS, ANTONIO CARLOS L.. Assessment Of the Adherence to Perioperative Nutritional Care Protocols in Brazilian Hospitals: The Preop Week Study. NUTRITION, v.130, p.112611, 2024. <a title="Persistent link using digital object identifier" href="https://doi.org/10.1016/j.nut.2024.112611" target="_blank" rel="noreferrer noopener" aria-label="Persistent link using digital object identifier" data-saferedirecturl="https://www.google.com/url?q=https://doi.org/10.1016/j.nut.2024.112611&amp;source=gmail&amp;ust=1775758316458000&amp;usg=AOvVaw30Q-lXmhw7OvXDajkrp7Gy">https://doi.org/10.1016/<wbr />j.nut.2024.112611</a></span></div>
<div></div>
<div></div>
<div><span style="color: #000000;">SILVA, ANALIZA M.; CAMPA, FRANCESCO; STAGI, SILVIA; GOBBO, LUÍS A.; BUFFA, ROBERTO; TOSELLI, STEFANIA; SILVA, DIEGO AUGUSTO SANTOS; GONÇALVES, EZEQUIEL M.; LANGER, RAQUEL D.; GUERRA-JÚNIOR, GIL; MACHADO, DALMO R. L.; KONDO, EMI; SAGAYAMA, HIROYUKI; OMI, NAOMI; YAMADA, YOSUKE; YOSHIDA, TSUKASA; FUKUDA, WATARU; GONZALEZ, MARIA CRISTINA; <b>ORLANDI, SILVANA P.</b> et al. The bioelectrical impedance analysis (BIA) international database: aims, scope, and call for data. EUROPEAN JOURNAL OF CLINICAL NUTRITION, v.77, p.1143 &#8211; 1150, 2023. </span></div>
<div><u><span style="color: #0b5394;"><a href="https://doi.org/10.1038/s41430-023-01310-x" target="_blank" rel="noopener" data-saferedirecturl="https://www.google.com/url?q=https://doi.org/10.1038/s41430-023-01310-x&amp;source=gmail&amp;ust=1775758316458000&amp;usg=AOvVaw1WhS4j8CRhqzgesmMzzuDW">https://doi.org/10.1038/<wbr />s41430-023-01310-x</a></span></u></div>
<div></div>
<div></div>
<div><span style="color: #000000;">HÄRTER, JÉSSICA; <b>ORLANDI, SILVANA PAIVA</b>; BIELEMANN, RENATA MORAES; DOS SANTOS, LEONARDO POZZA; GONZALEZ, MARIA CRISTINA. Standardized phase angle: relationship with functionality, muscle mass and postoperative outcomes in surgical cancer patients. Medical Oncology., v.41, p.139, 2024. </span><u><span style="color: #0b5394;"><a href="https://doi.org/10.1007/s12032-024-02367-9" target="_blank" rel="noopener" data-saferedirecturl="https://www.google.com/url?q=https://doi.org/10.1007/s12032-024-02367-9&amp;source=gmail&amp;ust=1775758316458000&amp;usg=AOvVaw23jCuNV3KuKDFV9mZ1xDmM">https://doi.org/10.1007/<wbr />s12032-024-02367-9</a></span></u></div>
</td>
</tr>
</tbody>
</table>
<p>&nbsp;</p>

<p>Silvana Paiva Orlandi Nutrição Clínica e Avaliação Nutricional Email Currículo Lattes Graduação: Nutrição &#8211; UFPel Mestrado: Saúde e Comportamento &#8211; UCPel Doutorado: Epidemiologia &#8211; UFPel Principais temas de pesquisa: Avaliação nutricional, composição corporal, sacopenia, bioimpedância elétrica, câncer   Publicações destaque REBOUÇAS, AMANDA S.; COSTA-PEREIRA, JARSON P.; RUEGG, RODRIGO A.B.; MIRANDA, BRUNA L.G.; XAVIER, NOEMIA A.; [&hellip;]</p>
