{"id":404,"date":"2012-10-15T15:49:35","date_gmt":"2012-10-15T18:49:35","guid":{"rendered":"https:\/\/wp.ufpel.edu.br\/ppgna\/?page_id=404"},"modified":"2026-03-04T17:29:47","modified_gmt":"2026-03-04T20:29:47","slug":"matricula","status":"publish","type":"page","link":"https:\/\/wp.ufpel.edu.br\/ppgna\/ppgna\/matricula\/","title":{"rendered":"Regimento"},"content":{"rendered":"<p>O Regimento do Programa de P\u00f3s-Gradua\u00e7\u00e3o em Nutri\u00e7\u00e3o e Alimentos da Faculdade de Nutri\u00e7\u00e3o da Universidade Federal de Pelotas \u00e9 o documento que orienta todo o funcionamento do curso de mestrado. O documento \u00e9 composto por cap\u00edtulos que dissertam sobre as finalidades do Programa, a administra\u00e7\u00e3o, o corpo docente, os orientadores e co-orientadores, a admiss\u00e3o ao Programa, as matr\u00edculas, o plano de ensino, avalia\u00e7\u00f5es com o comit\u00ea orientador, o regime did\u00e1tico, as disserta\u00e7\u00f5es e teses, o grau acad\u00eamico, a representa\u00e7\u00e3o discente e as disposi\u00e7\u00f5es gerais e transit\u00f3rias.<\/p>\n<p>&nbsp;<\/p>\n<p><a href=\"https:\/\/wp.ufpel.edu.br\/ppgna\/files\/2026\/03\/Regimento-PPGNA-aprovado.pdf\">NOVO Regimento PPGNA (v\u00e1lido a partir de 2026\/1)<\/a><\/p>\n<p>&nbsp;<\/p>\n<p><a href=\"https:\/\/wp.ufpel.edu.br\/ppgna\/files\/2020\/03\/Regimento-Final.pdf\">Regimento PPGNA (v\u00e1lido at\u00e9 ingresso 2025\/2)<\/a><\/p>\n<p>&nbsp;<\/p>\n","protected":false},"excerpt":{"rendered":"<p>O Regimento do Programa de P\u00f3s-Gradua\u00e7\u00e3o em Nutri\u00e7\u00e3o e Alimentos da Faculdade de Nutri\u00e7\u00e3o da Universidade Federal de Pelotas \u00e9 o documento que orienta todo o funcionamento do curso de mestrado. O documento \u00e9 composto por cap\u00edtulos que dissertam sobre as finalidades do Programa, a administra\u00e7\u00e3o, o corpo docente, os orientadores e co-orientadores, a admiss\u00e3o [&hellip;]<\/p>\n","protected":false},"author":209,"featured_media":0,"parent":6,"menu_order":1,"comment_status":"closed","ping_status":"closed","template":"","meta":{"jetpack_post_was_ever_published":false,"footnotes":""},"class_list":["post-404","page","type-page","status-publish","hentry"],"jetpack_sharing_enabled":true,"jetpack_shortlink":"https:\/\/wp.me\/P8FvYb-6w","_links":{"self":[{"href":"https:\/\/wp.ufpel.edu.br\/ppgna\/wp-json\/wp\/v2\/pages\/404","targetHints":{"allow":["GET"]}}],"collection":[{"href":"https:\/\/wp.ufpel.edu.br\/ppgna\/wp-json\/wp\/v2\/pages"}],"about":[{"href":"https:\/\/wp.ufpel.edu.br\/ppgna\/wp-json\/wp\/v2\/types\/page"}],"author":[{"embeddable":true,"href":"https:\/\/wp.ufpel.edu.br\/ppgna\/wp-json\/wp\/v2\/users\/209"}],"replies":[{"embeddable":true,"href":"https:\/\/wp.ufpel.edu.br\/ppgna\/wp-json\/wp\/v2\/comments?post=404"}],"version-history":[{"count":4,"href":"https:\/\/wp.ufpel.edu.br\/ppgna\/wp-json\/wp\/v2\/pages\/404\/revisions"}],"predecessor-version":[{"id":4589,"href":"https:\/\/wp.ufpel.edu.br\/ppgna\/wp-json\/wp\/v2\/pages\/404\/revisions\/4589"}],"up":[{"embeddable":true,"href":"https:\/\/wp.ufpel.edu.br\/ppgna\/wp-json\/wp\/v2\/pages\/6"}],"wp:attachment":[{"href":"https:\/\/wp.ufpel.edu.br\/ppgna\/wp-json\/wp\/v2\/media?parent=404"}],"curies":[{"name":"wp","href":"https:\/\/api.w.org\/{rel}","templated":true}]}}