{"id":4007,"date":"2025-03-12T12:24:39","date_gmt":"2025-03-12T15:24:39","guid":{"rendered":"https:\/\/wp.ufpel.edu.br\/ppgna\/?page_id=4007"},"modified":"2025-03-17T17:02:44","modified_gmt":"2025-03-17T20:02:44","slug":"laboratorio-armazenamento-de-amostras","status":"publish","type":"page","link":"https:\/\/wp.ufpel.edu.br\/ppgna\/ppgna\/infra-estrutura\/laboratorio-armazenamento-de-amostras\/","title":{"rendered":"Laborat\u00f3rio Armazenamento de Amostras"},"content":{"rendered":"<h1 class=\"corTexto\">Laborat\u00f3rio Armazenamento de Amostras<\/h1>\n<p><a href=\"https:\/\/wp.ufpel.edu.br\/ppgna\/files\/2025\/03\/IMG_4435-scaled.jpeg\"><img class=\"alignleft wp-image-4022 size-thumbnail\" src=\"https:\/\/wp.ufpel.edu.br\/ppgna\/files\/2025\/03\/IMG_4435-200x200.jpeg\" alt=\"\" width=\"200\" height=\"200\" \/><\/a> <a href=\"https:\/\/wp.ufpel.edu.br\/ppgna\/files\/2025\/03\/IMG_4436-scaled.jpeg\"><img class=\"alignleft wp-image-4023 size-thumbnail\" src=\"https:\/\/wp.ufpel.edu.br\/ppgna\/files\/2025\/03\/IMG_4436-200x200.jpeg\" alt=\"\" width=\"200\" height=\"200\" \/><\/a><\/p>\n<p>&nbsp;<\/p>\n<p>&nbsp;<\/p>\n<p>&nbsp;<\/p>\n<p>&nbsp;<\/p>\n<p>&nbsp;<\/p>\n<p>&nbsp;<\/p>\n<p><strong>Unidade:<\/strong>\u00a0Faculdade de Nutri\u00e7\u00e3o\u00a0(FN)<br \/>\n<strong>C\u00f3digo NULAB:<\/strong> &#8211;<\/p>\n<p><strong>Descri\u00e7\u00e3o<\/strong><\/p>\n<p>O Laborat\u00f3rio de Armazenamento de Amostras possui estrutura para <span style=\"font-weight: 400;\">armazenamento de amostras sangu\u00edneas e de tecido a -20 e -80 C<\/span>.<\/p>\n<p><strong>Localiza\u00e7\u00e3o<\/strong><br \/>\n<strong>Campus:<\/strong>\u00a0Anglo<br \/>\n<strong>Pr\u00e9dio\/Bloco:<\/strong>\u00a0A<br \/>\n<strong>Sala:<\/strong> 240<\/p>\n<p><strong>Equipamentos<\/strong><br \/>\n2 ultra freezer -80 C<br \/>\n4 freezer vertical -20C<br \/>\nDessecador de alimentos<br \/>\nEstufa<\/p>\n<p>&nbsp;<\/p>\n<div class=\"limpa\"><\/div>\n","protected":false},"excerpt":{"rendered":"<p>Laborat\u00f3rio Armazenamento de Amostras &nbsp; &nbsp; &nbsp; &nbsp; &nbsp; &nbsp; Unidade:\u00a0Faculdade de Nutri\u00e7\u00e3o\u00a0(FN) C\u00f3digo NULAB: &#8211; Descri\u00e7\u00e3o O Laborat\u00f3rio de Armazenamento de Amostras possui estrutura para armazenamento de amostras sangu\u00edneas e de tecido a -20 e -80 C. Localiza\u00e7\u00e3o Campus:\u00a0Anglo Pr\u00e9dio\/Bloco:\u00a0A Sala: 240 Equipamentos 2 ultra freezer -80 C 4 freezer vertical -20C Dessecador de [&hellip;]<\/p>\n","protected":false},"author":209,"featured_media":0,"parent":1606,"menu_order":0,"comment_status":"closed","ping_status":"closed","template":"","meta":{"jetpack_post_was_ever_published":false,"footnotes":""},"class_list":["post-4007","page","type-page","status-publish","hentry"],"jetpack_sharing_enabled":true,"jetpack_shortlink":"https:\/\/wp.me\/P8FvYb-12D","_links":{"self":[{"href":"https:\/\/wp.ufpel.edu.br\/ppgna\/wp-json\/wp\/v2\/pages\/4007","targetHints":{"allow":["GET"]}}],"collection":[{"href":"https:\/\/wp.ufpel.edu.br\/ppgna\/wp-json\/wp\/v2\/pages"}],"about":[{"href":"https:\/\/wp.ufpel.edu.br\/ppgna\/wp-json\/wp\/v2\/types\/page"}],"author":[{"embeddable":true,"href":"https:\/\/wp.ufpel.edu.br\/ppgna\/wp-json\/wp\/v2\/users\/209"}],"replies":[{"embeddable":true,"href":"https:\/\/wp.ufpel.edu.br\/ppgna\/wp-json\/wp\/v2\/comments?post=4007"}],"version-history":[{"count":3,"href":"https:\/\/wp.ufpel.edu.br\/ppgna\/wp-json\/wp\/v2\/pages\/4007\/revisions"}],"predecessor-version":[{"id":4025,"href":"https:\/\/wp.ufpel.edu.br\/ppgna\/wp-json\/wp\/v2\/pages\/4007\/revisions\/4025"}],"up":[{"embeddable":true,"href":"https:\/\/wp.ufpel.edu.br\/ppgna\/wp-json\/wp\/v2\/pages\/1606"}],"wp:attachment":[{"href":"https:\/\/wp.ufpel.edu.br\/ppgna\/wp-json\/wp\/v2\/media?parent=4007"}],"curies":[{"name":"wp","href":"https:\/\/api.w.org\/{rel}","templated":true}]}}