{"id":3983,"date":"2025-03-12T12:05:46","date_gmt":"2025-03-12T15:05:46","guid":{"rendered":"https:\/\/wp.ufpel.edu.br\/ppgna\/?page_id=3983"},"modified":"2025-03-12T12:05:46","modified_gmt":"2025-03-12T15:05:46","slug":"laboratorio-de-microbiologia-de-alimentos","status":"publish","type":"page","link":"https:\/\/wp.ufpel.edu.br\/ppgna\/ppgna\/infra-estrutura\/laboratorio-de-microbiologia-de-alimentos\/","title":{"rendered":"Laborat\u00f3rio de Microbiologia de Alimentos"},"content":{"rendered":"<h1 class=\"corTexto\">Laborat\u00f3rio de Microbiologia de Alimentos<\/h1>\n<p><a href=\"https:\/\/wp.ufpel.edu.br\/nulab\/files\/2016\/04\/P1000719.jpg\"><img class=\"alignnone size-thumbnail wp-image-1599\" src=\"https:\/\/wp.ufpel.edu.br\/nulab\/files\/2016\/04\/P1000719-212x159.jpg\" sizes=\"auto, (max-width: 212px) 100vw, 212px\" srcset=\"https:\/\/wp.ufpel.edu.br\/nulab\/files\/2016\/04\/P1000719-212x159.jpg 212w, https:\/\/wp.ufpel.edu.br\/nulab\/files\/2016\/04\/P1000719-424x318.jpg 424w, https:\/\/wp.ufpel.edu.br\/nulab\/files\/2016\/04\/P1000719-768x576.jpg 768w\" alt=\"P1000719\" width=\"212\" height=\"159\" \/><\/a> <a href=\"https:\/\/wp.ufpel.edu.br\/nulab\/files\/2016\/04\/P1000717.jpg\"><img class=\"alignnone size-thumbnail wp-image-1602\" src=\"https:\/\/wp.ufpel.edu.br\/nulab\/files\/2016\/04\/P1000717-212x159.jpg\" sizes=\"auto, (max-width: 212px) 100vw, 212px\" srcset=\"https:\/\/wp.ufpel.edu.br\/nulab\/files\/2016\/04\/P1000717-212x159.jpg 212w, https:\/\/wp.ufpel.edu.br\/nulab\/files\/2016\/04\/P1000717-424x318.jpg 424w, https:\/\/wp.ufpel.edu.br\/nulab\/files\/2016\/04\/P1000717-768x576.jpg 768w\" alt=\"P1000717\" width=\"212\" height=\"159\" \/><\/a><a href=\"https:\/\/wp.ufpel.edu.br\/nulab\/files\/2016\/04\/P1000725-1.jpg\"><img class=\"alignnone size-thumbnail wp-image-1601\" src=\"https:\/\/wp.ufpel.edu.br\/nulab\/files\/2016\/04\/P1000725-1-212x159.jpg\" sizes=\"auto, (max-width: 212px) 100vw, 212px\" srcset=\"https:\/\/wp.ufpel.edu.br\/nulab\/files\/2016\/04\/P1000725-1-212x159.jpg 212w, https:\/\/wp.ufpel.edu.br\/nulab\/files\/2016\/04\/P1000725-1-424x318.jpg 424w, https:\/\/wp.ufpel.edu.br\/nulab\/files\/2016\/04\/P1000725-1-768x576.jpg 768w\" alt=\"P1000725\" width=\"212\" height=\"159\" \/><\/a><\/p>\n<p><strong>Unidade:<\/strong>\u00a0Faculdade de Nutri\u00e7\u00e3o\u00a0(FN)<br \/>\n<strong>C\u00f3digo NULAB:<\/strong> 90053<\/p>\n<p><strong>Descri\u00e7\u00e3o<\/strong><\/p>\n<p>O Laborat\u00f3rio de Microbiologia de Alimentos da Faculdade de Nutri\u00e7\u00e3o tem car\u00e1ter did\u00e1tico-experimental. Pretende servir de\u00a0campo\u00a0experimental\u00a0para o controle de qualidade microbiol\u00f3gica de alimentos, ambientes de processamento de alimentos e suas diversas possibilidades tem\u00e1ticas. Nesse laborat\u00f3rio s\u00e3o desenvolvidos projetos de ensino, pesquisa e extens\u00e3o da Faculdade de Nutri\u00e7\u00e3o.\u00a0Em apoio a esse laborat\u00f3rio, h\u00e1 outras estruturas f\u00edsicas da Faculdade de Nutri\u00e7\u00e3o como sala de pesagem e sala de higieniza\u00e7\u00e3o. As atividades do Laborat\u00f3rio de Microbiologia de Alimentos\u00a0incluem aulas pr\u00e1ticas\u00a0de disciplinas\u00a0dos cursos\u00a0de gradua\u00e7\u00e3o em Nutri\u00e7\u00e3o,\u00a0Superior\u00a0de\u00a0Tecnologia em Gastronomia e do Programa de P\u00f3s-Gradua\u00e7\u00e3o em Nutri\u00e7\u00e3o e Alimentos da Faculdade de Nutri\u00e7\u00e3o. No Laborat\u00f3rio tamb\u00e9m \u00e9 realizado\u00a0projeto de extens\u00e3o de an\u00e1lise microbiol\u00f3gica de alimentos e superf\u00edcies, onde a atividade de presta\u00e7\u00e3o de servi\u00e7os \u00e9 aberta \u00e0 comunidade regional. As atividades de pesquisa versam sobre a qualidade sanit\u00e1ria e inocuidade de alimentos.<\/p>\n<p><strong>Localiza\u00e7\u00e3o<\/strong><br \/>\n<strong>Campus:<\/strong>\u00a0Anglo<br \/>\n<strong>Pr\u00e9dio\/Bloco:<\/strong>\u00a0A<br \/>\n<strong>Sala:<\/strong>\u00a0241<\/p>\n<p>&nbsp;<\/p>\n<p><strong>Equipamentos<\/strong><br \/>\nAutoclave (Vertical)<br \/>\nBalan\u00e7a (Anal\u00edtica)<br \/>\nContador de Colonias Autom\u00e1tico<br \/>\nDestilador de \u00c1gua<br \/>\nMicrosc\u00f3pio (\u00d3ptico)<br \/>\nCapela de Fluxo Laminar<br \/>\nEstufa de cultura bacteriol\u00f3gica<br \/>\nEstufa com circula\u00e7\u00e3o de ar<br \/>\nIncubadora B.O.D<br \/>\nRefrigerador<br \/>\nFreezer<\/p>\n","protected":false},"excerpt":{"rendered":"<p>Laborat\u00f3rio de Microbiologia de Alimentos Unidade:\u00a0Faculdade de Nutri\u00e7\u00e3o\u00a0(FN) C\u00f3digo NULAB: 90053 Descri\u00e7\u00e3o O Laborat\u00f3rio de Microbiologia de Alimentos da Faculdade de Nutri\u00e7\u00e3o tem car\u00e1ter did\u00e1tico-experimental. Pretende servir de\u00a0campo\u00a0experimental\u00a0para o controle de qualidade microbiol\u00f3gica de alimentos, ambientes de processamento de alimentos e suas diversas possibilidades tem\u00e1ticas. Nesse laborat\u00f3rio s\u00e3o desenvolvidos projetos de ensino, pesquisa e extens\u00e3o [&hellip;]<\/p>\n","protected":false},"author":209,"featured_media":0,"parent":1606,"menu_order":0,"comment_status":"closed","ping_status":"closed","template":"","meta":{"jetpack_post_was_ever_published":false,"footnotes":""},"class_list":["post-3983","page","type-page","status-publish","hentry"],"jetpack_sharing_enabled":true,"jetpack_shortlink":"https:\/\/wp.me\/P8FvYb-12f","_links":{"self":[{"href":"https:\/\/wp.ufpel.edu.br\/ppgna\/wp-json\/wp\/v2\/pages\/3983","targetHints":{"allow":["GET"]}}],"collection":[{"href":"https:\/\/wp.ufpel.edu.br\/ppgna\/wp-json\/wp\/v2\/pages"}],"about":[{"href":"https:\/\/wp.ufpel.edu.br\/ppgna\/wp-json\/wp\/v2\/types\/page"}],"author":[{"embeddable":true,"href":"https:\/\/wp.ufpel.edu.br\/ppgna\/wp-json\/wp\/v2\/users\/209"}],"replies":[{"embeddable":true,"href":"https:\/\/wp.ufpel.edu.br\/ppgna\/wp-json\/wp\/v2\/comments?post=3983"}],"version-history":[{"count":1,"href":"https:\/\/wp.ufpel.edu.br\/ppgna\/wp-json\/wp\/v2\/pages\/3983\/revisions"}],"predecessor-version":[{"id":3985,"href":"https:\/\/wp.ufpel.edu.br\/ppgna\/wp-json\/wp\/v2\/pages\/3983\/revisions\/3985"}],"up":[{"embeddable":true,"href":"https:\/\/wp.ufpel.edu.br\/ppgna\/wp-json\/wp\/v2\/pages\/1606"}],"wp:attachment":[{"href":"https:\/\/wp.ufpel.edu.br\/ppgna\/wp-json\/wp\/v2\/media?parent=3983"}],"curies":[{"name":"wp","href":"https:\/\/api.w.org\/{rel}","templated":true}]}}