{"id":3791,"date":"2024-11-11T15:35:03","date_gmt":"2024-11-11T18:35:03","guid":{"rendered":"https:\/\/wp.ufpel.edu.br\/ppgna\/?page_id=3791"},"modified":"2025-03-24T16:56:55","modified_gmt":"2025-03-24T19:56:55","slug":"alunos-internacionais","status":"publish","type":"page","link":"https:\/\/wp.ufpel.edu.br\/ppgna\/ingresso\/alunos-internacionais\/","title":{"rendered":"Alunos Internacionais"},"content":{"rendered":"<p><strong>Mobilidade Acad\u00eamica &#8211; Mestrado<\/strong><\/p>\n<p><strong>2024 &#8211; Erasmus MoSt Program\u00a0<\/strong><\/p>\n<p><strong>Daniel Chazaro Watty <\/strong>(University of Calabria &#8211; It\u00e1lia)<\/p>\n<p><strong>Ifeoma Roseline Ezeanolue <\/strong> (University of Calabria &#8211; It\u00e1lia)<\/p>\n<p><strong>Uju Maryanne Onuorah <\/strong>(University of Calabria &#8211; It\u00e1lia)<\/p>\n<p>&nbsp;<\/p>\n<p><strong>Mestrado acad\u00eamico via Grupo de Coopera\u00e7\u00e3o Internacional de Universidades Brasileiras (GCUB):<\/strong><\/p>\n<p>2024 <strong>Cindy Rodrigues Camacho<\/strong>\u00a0&#8211; Col\u00f4mbia<\/p>\n<p>2024 <strong>Murillo Romero Santiago <\/strong>&#8211; Col\u00f4mbia<\/p>\n<p>&nbsp;<\/p>\n<p><strong>Mestrado acad\u00eamico via Tertiary Education Trust Fund (TETFund) Nigeria:\u00a0<\/strong><\/p>\n<p>2022 <strong>Oluwaseun Fatimah Bolaji <\/strong>&#8211; TUTFUND &#8211; Nig\u00e9ria (Disserta\u00e7\u00e3o conclu\u00edda em 2024)<\/p>\n","protected":false},"excerpt":{"rendered":"<p>Mobilidade Acad\u00eamica &#8211; Mestrado 2024 &#8211; Erasmus MoSt Program\u00a0 Daniel Chazaro Watty (University of Calabria &#8211; It\u00e1lia) Ifeoma Roseline Ezeanolue (University of Calabria &#8211; It\u00e1lia) Uju Maryanne Onuorah (University of Calabria &#8211; It\u00e1lia) &nbsp; Mestrado acad\u00eamico via Grupo de Coopera\u00e7\u00e3o Internacional de Universidades Brasileiras (GCUB): 2024 Cindy Rodrigues Camacho\u00a0&#8211; Col\u00f4mbia 2024 Murillo Romero Santiago &#8211; [&hellip;]<\/p>\n","protected":false},"author":209,"featured_media":0,"parent":1571,"menu_order":0,"comment_status":"closed","ping_status":"closed","template":"","meta":{"jetpack_post_was_ever_published":false,"footnotes":""},"class_list":["post-3791","page","type-page","status-publish","hentry"],"jetpack_sharing_enabled":true,"jetpack_shortlink":"https:\/\/wp.me\/P8FvYb-Z9","_links":{"self":[{"href":"https:\/\/wp.ufpel.edu.br\/ppgna\/wp-json\/wp\/v2\/pages\/3791","targetHints":{"allow":["GET"]}}],"collection":[{"href":"https:\/\/wp.ufpel.edu.br\/ppgna\/wp-json\/wp\/v2\/pages"}],"about":[{"href":"https:\/\/wp.ufpel.edu.br\/ppgna\/wp-json\/wp\/v2\/types\/page"}],"author":[{"embeddable":true,"href":"https:\/\/wp.ufpel.edu.br\/ppgna\/wp-json\/wp\/v2\/users\/209"}],"replies":[{"embeddable":true,"href":"https:\/\/wp.ufpel.edu.br\/ppgna\/wp-json\/wp\/v2\/comments?post=3791"}],"version-history":[{"count":6,"href":"https:\/\/wp.ufpel.edu.br\/ppgna\/wp-json\/wp\/v2\/pages\/3791\/revisions"}],"predecessor-version":[{"id":4033,"href":"https:\/\/wp.ufpel.edu.br\/ppgna\/wp-json\/wp\/v2\/pages\/3791\/revisions\/4033"}],"up":[{"embeddable":true,"href":"https:\/\/wp.ufpel.edu.br\/ppgna\/wp-json\/wp\/v2\/pages\/1571"}],"wp:attachment":[{"href":"https:\/\/wp.ufpel.edu.br\/ppgna\/wp-json\/wp\/v2\/media?parent=3791"}],"curies":[{"name":"wp","href":"https:\/\/api.w.org\/{rel}","templated":true}]}}