{"id":2742,"date":"2020-05-15T15:53:49","date_gmt":"2020-05-15T18:53:49","guid":{"rendered":"https:\/\/wp.ufpel.edu.br\/ppgna\/?page_id=2742"},"modified":"2026-02-04T23:06:40","modified_gmt":"2026-02-05T02:06:40","slug":"2742-2","status":"publish","type":"page","link":"https:\/\/wp.ufpel.edu.br\/ppgna\/docentes\/paginas-individuais\/2742-2\/","title":{"rendered":"Juliana Vaz"},"content":{"rendered":"<table style=\"width: 100%; border-collapse: collapse;\" border=\"0\">\n<tbody>\n<tr style=\"height: 24px;\">\n<td style=\"width: 83.333333%; height: 24px;\" colspan=\"2\"><strong> <img class=\"foto aligncenter\" src=\"http:\/\/servicosweb.cnpq.br\/wspessoa\/servletrecuperafoto?tipo=1&amp;id=K4778554J6\" width=\"135\" height=\"182\" \/><br \/>\n<\/strong><\/td>\n<\/tr>\n<tr style=\"height: 24px;\">\n<td style=\"width: 83.333333%; height: 24px; text-align: center;\" colspan=\"2\"><span style=\"font-size: large;\"><b>Juliana dos Santos Vaz<\/b><\/span><\/td>\n<\/tr>\n<tr style=\"height: 24px;\">\n<td style=\"width: 83.333333%; height: 24px; text-align: center;\" colspan=\"2\"><strong>Linha de\u00a0Cl\u00ednica e Epidemiologia Nutricional<\/strong><b>\u00a0<\/b><\/td>\n<\/tr>\n<tr style=\"height: 24px;\">\n<td style=\"width: 44.838751%; height: 24px; text-align: center;\"><a href=\"mailto:juliana.vaz@gmail.com\">Email<\/a><\/td>\n<td style=\"width: 38.494582%; height: 24px; text-align: center;\"><a href=\"http:\/\/lattes.cnpq.br\/5991995630527653\" target=\"_blank\" rel=\"noopener noreferrer\">Curr\u00edculo Lattes<\/a><\/td>\n<\/tr>\n<tr style=\"height: 24px;\">\n<td style=\"height: 24px; text-align: justify; width: 83.333333%;\" colspan=\"2\"><strong>Gradua\u00e7\u00e3o:<\/strong> Nutri\u00e7\u00e3o &#8211; UFPel<br \/>\n<strong>Mestrado:<\/strong> Ci\u00eancias M\u00e9dicas &#8211; Endocrinologia &#8211; UFRGS<br \/>\n<strong>Doutorado:<\/strong> Ci\u00eancias Nutricionais &#8211; Instituto de Nutri\u00e7\u00e3o Josu\u00e9 de Castro &#8211; UFRJ<strong>Est\u00e1gios no exterior<\/strong>: National Institutes of Health (Estados Unidos), Universidade de Toronto (Canad\u00e1), Universidade de Bristol (Inglaterra)<\/p>\n<p><strong>P\u00f3s-doutorado: <\/strong>Epidemiologia &#8211; UFPel<\/td>\n<\/tr>\n<tr style=\"height: 24px;\">\n<td style=\"text-align: justify; width: 83.333333%; height: 24px;\" colspan=\"2\"><\/td>\n<\/tr>\n<tr style=\"height: 48px;\">\n<td style=\"text-align: justify; height: 48px; width: 83.333333%;\" colspan=\"2\"><strong>Principais temas de pesquisa:<\/strong><br \/>\nEpidemiologia Nutricional e Sa\u00fade Materno Infantil, em temas relacionados a Consumo Alimentar, Marcadores Biol\u00f3gicos, Gesta\u00e7\u00e3o, Sa\u00fade Mental e Autismo. Atualmente, coordena estudos cl\u00ednico e epidemiol\u00f3gico sobre nutri\u00e7\u00e3o e risco cardiovascular no transtorno do espectro autista, e an\u00e1lises em banco de dados (servi\u00e7os de sa\u00fade, p\u00fablicos e cons\u00f3rcio de dados).<\/td>\n<\/tr>\n<tr style=\"height: 24px;\">\n<td style=\"text-align: justify; width: 83.333333%; height: 24px;\" colspan=\"2\">\n<p><a href=\"https:\/\/wp.ufpel.edu.br\/redeteabrasil\/\">Nutri\u00e7\u00e3o e Risco Cardiovascular em crian\u00e7as do espectro autista<\/a><\/p>\n<p><a href=\"https:\/\/observatorio.nutricao.ufrj.br\/projects\/view\/8\">Cons\u00f3rcio Brasileiro de Nutri\u00e7\u00e3o Materno Infantil<\/a><\/p>\n<p><a href=\"https:\/\/informe.ensp.fiocruz.br\/noticias\/56428\">Sa\u00fade e nutri\u00e7\u00e3o de gestantes ind\u00edgenas Munduruku<\/a><\/p>\n<p>Redes sociais: @redeteabrasil \u00a0| \u00a0@estudopana<\/td>\n<\/tr>\n<tr style=\"height: 24px;\">\n<td style=\"text-align: justify; width: 83.333333%; height: 24px;\" colspan=\"2\"><strong>Publica\u00e7\u00f5es destaque<\/strong><\/td>\n<\/tr>\n<tr style=\"height: 24px;\">\n<td style=\"width: 83.333333%; text-align: justify; height: 24px;\" colspan=\"2\">\n<p style=\"font-weight: 400;\">HOFFMANN LV et al. Meal patterns in children and adolescents with autism spectrum disorder. NUTRITION 2025. doi: 10.1016\/j.nut.2025.112932<\/p>\n<p style=\"font-weight: 400;\">VAZ JDS et al. Clinical protocol for nutritional screening in autism (PANA): a cross-sectional study protocol. BMJ Open. 2025. doi: 10.1136\/bmjopen-2024-097321.<\/p>\n<p>DE SOUZA SILVA et al. Dietary Assessment Methods Applied in Clinical and Epidemiological Studies in Children and Adolescents with Autism Spectrum Disorder: a Systematic Review. Review Journal of Autism and Developmental Disorders, 2023<\/p>\n<p>MORAES, et al. Food profile of Yanomami indigenous children aged 6 to 59 months from the Brazilian Amazon, according to the degree of food processing: a cross-sectional study. PUBLIC HEALTH NUTRITION, 2023.<\/p>\n<p>VAZ et al. Early initiation of breastfeeding is inversely associated with public and private c-sections in 73 lower- and middle-income countries. Scientific Reports, \u00a02022.<\/p>\n<p>VAZ et al. Physical intimate partner violence and dietary patterns in pregnancy: a Brazilian cohort. Ci\u00eancia &amp; Sa\u00fade Coletiva, v. 27, p. 1317-1326, 2022.<\/p>\n<p>LU\u00c7ARDO et al. Interest in food and triglyceride concentrations in children and adolescents with autistic spectrum disorder. Jornal de Pediatria, 2021.<\/p>\n<p>VAZ et al. Monitoring Breastfeeding Indicators in High-Income Countries: Levels, Trends and Challenges. Maternal and Child Nutrition, 2021.<\/p>\n<p>VAZ et al. Relative validity of a computer-based semi-quantitative FFQ for use in the Pelotas (Brazil) Birth Cohort Studies. PUBLIC HEALTH NUTRITION, \u00a02021<\/p>\n<p>VAZ et al. Intergenerational breastfeeding practices among parents and children: results from the second generation of the 1993 Pelotas (Brazil) birth cohort study. Maternal and Child Nutrition, v. 17, p. e13058, 2021.<\/p>\n<p>SILVA et al. Maternal plasma folate concentration is positively associated with serum total cholesterol and low-density lipoprotein across the three trimesters of pregnancy. Scientific Reports, v. 10, p. 20141, 2020.<\/p>\n<p>VAZ et al. Dietary patterns are associated with blood lipids at 18-year-olds: a cross-sectional analysis nested in the 1993 Pelotas (Brazil) birth cohort. Nutrition Journal, v. 17, p. 77, 2018.<\/p>\n<p>VAZ et al. Omega-3 supplementation from pregnancy to postpartum to prevent depressive symptoms: a randomized placebo-controlled trial. BMC Pregnancy and Childbirth, v. 17, p. 180\/1-13, 2017.<\/p>\n<p><strong>Publica\u00e7\u00f5es em destaque com colaboradores:<\/strong><\/p>\n<p style=\"text-align: left;\">NEVES et al. Rates and time trends in the consumption of breastmilk, formula, and animal milk by children younger than 2 years from 2000 to 2019: analysis of 113 countries. LANCET CHILD &amp; ADOLESCENT HEALTH<span style=\"font-size: 11px;\">,<\/span>\u00a02021.<\/p>\n<p>KAC et al. Gestational weight gain charts: results from the Brazilian Maternal and Child Nutrition Consortium. AMERICAN JOURNAL OF CLINICAL NUTRITION, 2021.<\/p>\n<p>P\u00c9REZ&#8217;ESCAMILLA et al. Impact of prelacteal feeds and neonatal introduction of breast milk substitutes on breastfeeding outcomes: A systematic review and meta-analysis. Maternal and Child Nutrition, 2022.<\/p>\n<p>CASCAES et al. Ultra-processed foods consumption and dental caries in children and adolescents: A systematic review and meta-analysis. BRITISH JOURNAL OF NUTRITION, 2022.<\/p>\n<p>BIERHALS et al. Linear growth and relative weight gain in childhood and bone mass in adolescence: findings from the Pelotas (Brazil) 2004 birth cohort. ARCHIVES OF OSTEOPOROSIS, 2023.<\/p>\n<p>PERUMAL et al. Suboptimal gestational weight gain and neonatal outcomes in low and middle income countries: individual participant data meta-analysis. BMJ. British Medical Journal, 2023<\/p>\n<p>CASCAES et al. Tooth loss severity and core and non-core food consumption among older Brazilian adults. GERODONTOLOGY, 2023.<\/p>\n<p>COSTA et al. Consumption of ultra-processed foods at 11, 22 and 30 years at The Pelotas 2004, 1993 and 1982 Birth Cohorts. PUBLIC HEALTH NUTRITION, 2021.<\/p>\n<p>BOGEA et al. Relative validity of a food frequency questionnaire for adolescents from a capital in the Northeastern region of Brazil. Brazilian Journal of Medical and Biological Research, 2021<\/td>\n<\/tr>\n<\/tbody>\n<\/table>\n<p>&nbsp;<\/p>\n","protected":false},"excerpt":{"rendered":"<p>Juliana dos Santos Vaz Linha de\u00a0Cl\u00ednica e Epidemiologia Nutricional\u00a0 Email Curr\u00edculo Lattes Gradua\u00e7\u00e3o: Nutri\u00e7\u00e3o &#8211; UFPel Mestrado: Ci\u00eancias M\u00e9dicas &#8211; Endocrinologia &#8211; UFRGS Doutorado: Ci\u00eancias Nutricionais &#8211; Instituto de Nutri\u00e7\u00e3o Josu\u00e9 de Castro &#8211; UFRJEst\u00e1gios no exterior: National Institutes of Health (Estados Unidos), Universidade de Toronto (Canad\u00e1), Universidade de Bristol (Inglaterra) P\u00f3s-doutorado: Epidemiologia &#8211; UFPel [&hellip;]<\/p>\n","protected":false},"author":209,"featured_media":0,"parent":2693,"menu_order":0,"comment_status":"closed","ping_status":"closed","template":"","meta":{"jetpack_post_was_ever_published":false,"footnotes":""},"class_list":["post-2742","page","type-page","status-publish","hentry"],"jetpack_sharing_enabled":true,"jetpack_shortlink":"https:\/\/wp.me\/P8FvYb-Ie","_links":{"self":[{"href":"https:\/\/wp.ufpel.edu.br\/ppgna\/wp-json\/wp\/v2\/pages\/2742","targetHints":{"allow":["GET"]}}],"collection":[{"href":"https:\/\/wp.ufpel.edu.br\/ppgna\/wp-json\/wp\/v2\/pages"}],"about":[{"href":"https:\/\/wp.ufpel.edu.br\/ppgna\/wp-json\/wp\/v2\/types\/page"}],"author":[{"embeddable":true,"href":"https:\/\/wp.ufpel.edu.br\/ppgna\/wp-json\/wp\/v2\/users\/209"}],"replies":[{"embeddable":true,"href":"https:\/\/wp.ufpel.edu.br\/ppgna\/wp-json\/wp\/v2\/comments?post=2742"}],"version-history":[{"count":3,"href":"https:\/\/wp.ufpel.edu.br\/ppgna\/wp-json\/wp\/v2\/pages\/2742\/revisions"}],"predecessor-version":[{"id":4512,"href":"https:\/\/wp.ufpel.edu.br\/ppgna\/wp-json\/wp\/v2\/pages\/2742\/revisions\/4512"}],"up":[{"embeddable":true,"href":"https:\/\/wp.ufpel.edu.br\/ppgna\/wp-json\/wp\/v2\/pages\/2693"}],"wp:attachment":[{"href":"https:\/\/wp.ufpel.edu.br\/ppgna\/wp-json\/wp\/v2\/media?parent=2742"}],"curies":[{"name":"wp","href":"https:\/\/api.w.org\/{rel}","templated":true}]}}

<table style="width: 100%; border-collapse: collapse;" border="0">
<tbody>
<tr style="height: 24px;">
<td style="width: 83.333333%; height: 24px;" colspan="2"><strong> <img class="foto aligncenter" src="http://servicosweb.cnpq.br/wspessoa/servletrecuperafoto?tipo=1&amp;id=K4778554J6" width="135" height="182" /><br />
</strong></td>
</tr>
<tr style="height: 24px;">
<td style="width: 83.333333%; height: 24px; text-align: center;" colspan="2"><span style="font-size: large;"><b>Juliana dos Santos Vaz</b></span></td>
</tr>
<tr style="height: 24px;">
<td style="width: 83.333333%; height: 24px; text-align: center;" colspan="2"><strong>Linha de Clínica e Epidemiologia Nutricional</strong><b> </b></td>
</tr>
<tr style="height: 24px;">
<td style="width: 44.838751%; height: 24px; text-align: center;"><a href="mailto:juliana.vaz@gmail.com">Email</a></td>
<td style="width: 38.494582%; height: 24px; text-align: center;"><a href="http://lattes.cnpq.br/5991995630527653" target="_blank" rel="noopener noreferrer">Currículo Lattes</a></td>
</tr>
<tr style="height: 24px;">
<td style="height: 24px; text-align: justify; width: 83.333333%;" colspan="2"><strong>Graduação:</strong> Nutrição &#8211; UFPel<br />
<strong>Mestrado:</strong> Ciências Médicas &#8211; Endocrinologia &#8211; UFRGS<br />
<strong>Doutorado:</strong> Ciências Nutricionais &#8211; Instituto de Nutrição Josué de Castro &#8211; UFRJ<strong>Estágios no exterior</strong>: National Institutes of Health (Estados Unidos), Universidade de Toronto (Canadá), Universidade de Bristol (Inglaterra)</p>
<p><strong>Pós-doutorado: </strong>Epidemiologia &#8211; UFPel</td>
</tr>
<tr style="height: 24px;">
<td style="text-align: justify; width: 83.333333%; height: 24px;" colspan="2"></td>
</tr>
<tr style="height: 48px;">
<td style="text-align: justify; height: 48px; width: 83.333333%;" colspan="2"><strong>Principais temas de pesquisa:</strong><br />
Epidemiologia Nutricional e Saúde Materno Infantil, em temas relacionados a Consumo Alimentar, Marcadores Biológicos, Gestação, Saúde Mental e Autismo. Atualmente, coordena estudos clínico e epidemiológico sobre nutrição e risco cardiovascular no transtorno do espectro autista, e análises em banco de dados (serviços de saúde, públicos e consórcio de dados).</td>
</tr>
<tr style="height: 24px;">
<td style="text-align: justify; width: 83.333333%; height: 24px;" colspan="2">
<p><a href="https://wp.ufpel.edu.br/redeteabrasil/">Nutrição e Risco Cardiovascular em crianças do espectro autista</a></p>
<p><a href="https://observatorio.nutricao.ufrj.br/projects/view/8">Consórcio Brasileiro de Nutrição Materno Infantil</a></p>
<p><a href="https://informe.ensp.fiocruz.br/noticias/56428">Saúde e nutrição de gestantes indígenas Munduruku</a></p>
<p>Redes sociais: @redeteabrasil  |  @estudopana</td>
</tr>
<tr style="height: 24px;">
<td style="text-align: justify; width: 83.333333%; height: 24px;" colspan="2"><strong>Publicações destaque</strong></td>
</tr>
<tr style="height: 24px;">
<td style="width: 83.333333%; text-align: justify; height: 24px;" colspan="2">
<p style="font-weight: 400;">HOFFMANN LV et al. Meal patterns in children and adolescents with autism spectrum disorder. NUTRITION 2025. doi: 10.1016/j.nut.2025.112932</p>
<p style="font-weight: 400;">VAZ JDS et al. Clinical protocol for nutritional screening in autism (PANA): a cross-sectional study protocol. BMJ Open. 2025. doi: 10.1136/bmjopen-2024-097321.</p>
<p>DE SOUZA SILVA et al. Dietary Assessment Methods Applied in Clinical and Epidemiological Studies in Children and Adolescents with Autism Spectrum Disorder: a Systematic Review. Review Journal of Autism and Developmental Disorders, 2023</p>
<p>MORAES, et al. Food profile of Yanomami indigenous children aged 6 to 59 months from the Brazilian Amazon, according to the degree of food processing: a cross-sectional study. PUBLIC HEALTH NUTRITION, 2023.</p>
<p>VAZ et al. Early initiation of breastfeeding is inversely associated with public and private c-sections in 73 lower- and middle-income countries. Scientific Reports,  2022.</p>
<p>VAZ et al. Physical intimate partner violence and dietary patterns in pregnancy: a Brazilian cohort. Ciência &amp; Saúde Coletiva, v. 27, p. 1317-1326, 2022.</p>
<p>LUÇARDO et al. Interest in food and triglyceride concentrations in children and adolescents with autistic spectrum disorder. Jornal de Pediatria, 2021.</p>
<p>VAZ et al. Monitoring Breastfeeding Indicators in High-Income Countries: Levels, Trends and Challenges. Maternal and Child Nutrition, 2021.</p>
<p>VAZ et al. Relative validity of a computer-based semi-quantitative FFQ for use in the Pelotas (Brazil) Birth Cohort Studies. PUBLIC HEALTH NUTRITION,  2021</p>
<p>VAZ et al. Intergenerational breastfeeding practices among parents and children: results from the second generation of the 1993 Pelotas (Brazil) birth cohort study. Maternal and Child Nutrition, v. 17, p. e13058, 2021.</p>
<p>SILVA et al. Maternal plasma folate concentration is positively associated with serum total cholesterol and low-density lipoprotein across the three trimesters of pregnancy. Scientific Reports, v. 10, p. 20141, 2020.</p>
<p>VAZ et al. Dietary patterns are associated with blood lipids at 18-year-olds: a cross-sectional analysis nested in the 1993 Pelotas (Brazil) birth cohort. Nutrition Journal, v. 17, p. 77, 2018.</p>
<p>VAZ et al. Omega-3 supplementation from pregnancy to postpartum to prevent depressive symptoms: a randomized placebo-controlled trial. BMC Pregnancy and Childbirth, v. 17, p. 180/1-13, 2017.</p>
<p><strong>Publicações em destaque com colaboradores:</strong></p>
<p style="text-align: left;">NEVES et al. Rates and time trends in the consumption of breastmilk, formula, and animal milk by children younger than 2 years from 2000 to 2019: analysis of 113 countries. LANCET CHILD &amp; ADOLESCENT HEALTH<span style="font-size: 11px;">,</span> 2021.</p>
<p>KAC et al. Gestational weight gain charts: results from the Brazilian Maternal and Child Nutrition Consortium. AMERICAN JOURNAL OF CLINICAL NUTRITION, 2021.</p>
<p>PÉREZ&#8217;ESCAMILLA et al. Impact of prelacteal feeds and neonatal introduction of breast milk substitutes on breastfeeding outcomes: A systematic review and meta-analysis. Maternal and Child Nutrition, 2022.</p>
<p>CASCAES et al. Ultra-processed foods consumption and dental caries in children and adolescents: A systematic review and meta-analysis. BRITISH JOURNAL OF NUTRITION, 2022.</p>
<p>BIERHALS et al. Linear growth and relative weight gain in childhood and bone mass in adolescence: findings from the Pelotas (Brazil) 2004 birth cohort. ARCHIVES OF OSTEOPOROSIS, 2023.</p>
<p>PERUMAL et al. Suboptimal gestational weight gain and neonatal outcomes in low and middle income countries: individual participant data meta-analysis. BMJ. British Medical Journal, 2023</p>
<p>CASCAES et al. Tooth loss severity and core and non-core food consumption among older Brazilian adults. GERODONTOLOGY, 2023.</p>
<p>COSTA et al. Consumption of ultra-processed foods at 11, 22 and 30 years at The Pelotas 2004, 1993 and 1982 Birth Cohorts. PUBLIC HEALTH NUTRITION, 2021.</p>
<p>BOGEA et al. Relative validity of a food frequency questionnaire for adolescents from a capital in the Northeastern region of Brazil. Brazilian Journal of Medical and Biological Research, 2021</td>
</tr>
</tbody>
</table>
<p>&nbsp;</p>

<p>Juliana dos Santos Vaz Linha de Clínica e Epidemiologia Nutricional  Email Currículo Lattes Graduação: Nutrição &#8211; UFPel Mestrado: Ciências Médicas &#8211; Endocrinologia &#8211; UFRGS Doutorado: Ciências Nutricionais &#8211; Instituto de Nutrição Josué de Castro &#8211; UFRJEstágios no exterior: National Institutes of Health (Estados Unidos), Universidade de Toronto (Canadá), Universidade de Bristol (Inglaterra) Pós-doutorado: Epidemiologia &#8211; UFPel [&hellip;]</p>
